{"id":22,"date":"2015-11-16T18:34:24","date_gmt":"2015-11-16T18:34:24","guid":{"rendered":"http:\/\/pesquisas.face.ufmg.br\/orhs\/?page_id=22"},"modified":"2015-11-16T19:14:44","modified_gmt":"2015-11-16T19:14:44","slug":"publicacoes","status":"publish","type":"page","link":"https:\/\/pesquisas.face.ufmg.br\/orhs\/publicacoes\/","title":{"rendered":"Publica\u00e7\u00f5es"},"content":{"rendered":"<ul>\n<li><a href=\"http:\/\/pesquisas.face.ufmg.br\/orhs\/wp-content\/uploads\/sites\/15\/2015\/11\/Pub-02.pdf\" target=\"_blank\">A categoria profissional dos m\u00e9dicos: Fatores condicionantes de sua atra\u00e7\u00e3o e fixa\u00e7\u00e3o na aten\u00e7\u00e3o prim\u00e1ria \u00e0 sa\u00fade em Minas Gerais<\/a><\/li>\n<li><a href=\"http:\/\/pesquisas.face.ufmg.br\/orhs\/wp-content\/uploads\/sites\/15\/2015\/11\/Pub-03.pdf\" target=\"_blank\">Atra\u00e7\u00e3o, reten\u00e7\u00e3o e a l\u00f3gica da gest\u00e3o de recursos humanos: Um estudo sobre os m\u00e9dicos da sa\u00fade da fam\u00edlia em Belo Horizonte<\/a><\/li>\n<li><a href=\"http:\/\/pesquisas.face.ufmg.br\/orhs\/wp-content\/uploads\/sites\/15\/2015\/11\/Pub-04.pdf\" target=\"_blank\">Gest\u00e3o de recursos humanos na sa\u00fade da fam\u00edlia: Fato ou fic\u00e7\u00e3o?<\/a><\/li>\n<li><a href=\"http:\/\/pesquisas.face.ufmg.br\/orhs\/wp-content\/uploads\/sites\/15\/2015\/11\/Pub-05.pdf target=\">Proposi\u00e7\u00e3o de metodologia de avalia\u00e7\u00e3o de desempenho das equipes de sa\u00fade da fam\u00edlia e satisfa\u00e7\u00e3o de usu\u00e1rios: um desenho elaborado a partir de cidades de Minas Gerais<\/a><\/li>\n<li><a href=\"http:\/\/pesquisas.face.ufmg.br\/orhs\/wp-content\/uploads\/sites\/15\/2015\/11\/Pub-06.pdf\" target=\"_blank\">Informa\u00e7\u00e3o na gest\u00e3o p\u00fablica da sa\u00fade sob uma \u00f3tica transdisciplinar: do global ao local no estado de Minas Gerais<\/a><\/li>\n<li><a href=\"http:\/\/pesquisas.face.ufmg.br\/orhs\/relatorio-do-primeiro-censo-de-atencao-primaria-em-saude-em-minas-gerais\/\">Primeiro Censo de Recursos Humanos da Aten\u00e7\u00e3o Prim\u00e1ria do Estado de Minas Gerais<\/a><\/li>\n<li><a href=\"http:\/\/pesquisas.face.ufmg.br\/orhs\/wp-content\/uploads\/sites\/15\/2015\/11\/Remuneracao_saude_relatorio.pdf\" target=\"_blank\">Relat\u00f3rio completo Pesquisa Salarial &#8211; Cargos e Fun\u00e7\u00f5es na \u00c1rea da Sa\u00fade 2005 , realizada em 2004 e 2005 em 15 cidades brasileiras.<\/a><\/li>\n<li><a href=\"http:\/\/www.observarh.org.br\/observarh\/repertorio\/Indices\/Observatorios\/SES-MG.htm\" target=\"_blank\">Avalia\u00e7\u00e3o das maternidades de Minas gerais: projeto Viva a Vida: relat\u00f3rio descritivo<\/a><\/li>\n<li><a href=\"http:\/\/pesquisas.face.ufmg.br\/orhs\/wp-content\/uploads\/sites\/15\/2015\/11\/Pub-07.pdf\" target=\"_blank\">Diagn\u00f3stico e dimensionamento da demanda por especialidades e resid\u00eancias m\u00e9dicas em Minas Gerais<\/a><\/li>\n<\/ul>\n","protected":false},"excerpt":{"rendered":"<p>A categoria profissional dos m\u00e9dicos: Fatores condicionantes de sua atra\u00e7\u00e3o e fixa\u00e7\u00e3o na aten\u00e7\u00e3o prim\u00e1ria \u00e0 sa\u00fade em Minas Gerais Atra\u00e7\u00e3o, reten\u00e7\u00e3o e a l\u00f3gica da gest\u00e3o de recursos humanos: &hellip; <a href=\"https:\/\/pesquisas.face.ufmg.br\/orhs\/publicacoes\/\" class=\"more-link\">Continue reading <span class=\"screen-reader-text\">Publica\u00e7\u00f5es<\/span><\/a><\/p>\n","protected":false},"author":1,"featured_media":0,"parent":0,"menu_order":0,"comment_status":"closed","ping_status":"closed","template":"","meta":{"_crdt_document":"","_exactmetrics_skip_tracking":false,"_exactmetrics_sitenote_active":false,"_exactmetrics_sitenote_note":"","_exactmetrics_sitenote_category":0,"footnotes":""},"class_list":["post-22","page","type-page","status-publish","hentry"],"_links":{"self":[{"href":"https:\/\/pesquisas.face.ufmg.br\/orhs\/wp-json\/wp\/v2\/pages\/22","targetHints":{"allow":["GET"]}}],"collection":[{"href":"https:\/\/pesquisas.face.ufmg.br\/orhs\/wp-json\/wp\/v2\/pages"}],"about":[{"href":"https:\/\/pesquisas.face.ufmg.br\/orhs\/wp-json\/wp\/v2\/types\/page"}],"author":[{"embeddable":true,"href":"https:\/\/pesquisas.face.ufmg.br\/orhs\/wp-json\/wp\/v2\/users\/1"}],"replies":[{"embeddable":true,"href":"https:\/\/pesquisas.face.ufmg.br\/orhs\/wp-json\/wp\/v2\/comments?post=22"}],"version-history":[{"count":5,"href":"https:\/\/pesquisas.face.ufmg.br\/orhs\/wp-json\/wp\/v2\/pages\/22\/revisions"}],"predecessor-version":[{"id":38,"href":"https:\/\/pesquisas.face.ufmg.br\/orhs\/wp-json\/wp\/v2\/pages\/22\/revisions\/38"}],"wp:attachment":[{"href":"https:\/\/pesquisas.face.ufmg.br\/orhs\/wp-json\/wp\/v2\/media?parent=22"}],"curies":[{"name":"wp","href":"https:\/\/api.w.org\/{rel}","templated":true}]}}

Publicações

<ul>
<li><a href="http://pesquisas.face.ufmg.br/orhs/wp-content/uploads/sites/15/2015/11/Pub-02.pdf" target="_blank">A categoria profissional dos médicos: Fatores condicionantes de sua atração e fixação na atenção primária à saúde em Minas Gerais</a></li>
<li><a href="http://pesquisas.face.ufmg.br/orhs/wp-content/uploads/sites/15/2015/11/Pub-03.pdf" target="_blank">Atração, retenção e a lógica da gestão de recursos humanos: Um estudo sobre os médicos da saúde da família em Belo Horizonte</a></li>
<li><a href="http://pesquisas.face.ufmg.br/orhs/wp-content/uploads/sites/15/2015/11/Pub-04.pdf" target="_blank">Gestão de recursos humanos na saúde da família: Fato ou ficção?</a></li>
<li><a href="http://pesquisas.face.ufmg.br/orhs/wp-content/uploads/sites/15/2015/11/Pub-05.pdf target=">Proposição de metodologia de avaliação de desempenho das equipes de saúde da família e satisfação de usuários: um desenho elaborado a partir de cidades de Minas Gerais</a></li>
<li><a href="http://pesquisas.face.ufmg.br/orhs/wp-content/uploads/sites/15/2015/11/Pub-06.pdf" target="_blank">Informação na gestão pública da saúde sob uma ótica transdisciplinar: do global ao local no estado de Minas Gerais</a></li>
<li><a href="http://pesquisas.face.ufmg.br/orhs/relatorio-do-primeiro-censo-de-atencao-primaria-em-saude-em-minas-gerais/">Primeiro Censo de Recursos Humanos da Atenção Primária do Estado de Minas Gerais</a></li>
<li><a href="http://pesquisas.face.ufmg.br/orhs/wp-content/uploads/sites/15/2015/11/Remuneracao_saude_relatorio.pdf" target="_blank">Relatório completo Pesquisa Salarial &#8211; Cargos e Funções na Área da Saúde 2005 , realizada em 2004 e 2005 em 15 cidades brasileiras.</a></li>
<li><a href="http://www.observarh.org.br/observarh/repertorio/Indices/Observatorios/SES-MG.htm" target="_blank">Avaliação das maternidades de Minas gerais: projeto Viva a Vida: relatório descritivo</a></li>
<li><a href="http://pesquisas.face.ufmg.br/orhs/wp-content/uploads/sites/15/2015/11/Pub-07.pdf" target="_blank">Diagnóstico e dimensionamento da demanda por especialidades e residências médicas em Minas Gerais</a></li>
</ul>

<p>A categoria profissional dos médicos: Fatores condicionantes de sua atração e fixação na atenção primária à saúde em Minas Gerais Atração, retenção e a lógica da gestão de recursos humanos: &hellip; <a href="https://pesquisas.face.ufmg.br/orhs/publicacoes/" class="more-link">Continue reading <span class="screen-reader-text">Publicações</span></a></p>
