{"id":2,"date":"2015-11-16T14:00:58","date_gmt":"2015-11-16T14:00:58","guid":{"rendered":"http:\/\/pesquisas.face.ufmg.br\/orhs\/?page_id=2"},"modified":"2015-11-25T12:30:58","modified_gmt":"2015-11-25T12:30:58","slug":"pagina-exemplo","status":"publish","type":"page","link":"https:\/\/pesquisas.face.ufmg.br\/orhs\/","title":{"rendered":"O Observat\u00f3rio"},"content":{"rendered":"<p><strong>Conhe\u00e7a o Observat\u00f3rio de Recursos Humanos em Sa\u00fade<\/strong><br \/>\nO Observat\u00f3rio de Recursos Humanos em Sa\u00fade da Faculdade de Ci\u00eancias Econ\u00f4micas da UFMG \u00e9 um espa\u00e7o de discuss\u00e3o criado para discutir o papel do Estado na gest\u00e3o, forma\u00e7\u00e3o e desenvolvimento dos Recursos Humanos da sa\u00fade a partir de diferentes perspectivas te\u00f3ricas e aplicacas atrav\u00e9s da gera\u00e7\u00e3o de informa\u00e7\u00f5es embasadas em metodologia consistente.<\/p>\n<p><strong>Institui\u00e7\u00f5es envolvidas<\/strong><br \/>\nSurgiu de iniciativa da Secretaria de Estado da Sa\u00fade de Minas Gerais (SES\/MG), alinhada \u00e0 iniciativa da Organiza\u00e7\u00e3o Pan-Americana de Sa\u00fade (OPAS), juntamente com o Minist\u00e9rio da Sa\u00fade (MS), em parceria com Universidade Federal de Minas Gerais atrav\u00e9s do N\u00facleo interdisciplinar sobre gest\u00e3o em organiza\u00e7\u00f5es n\u00e3o empresariais (Nig.one), ligado ao Departamento de Ci\u00eancias Administrativas (CAD) e ao Centro de P\u00f3s-Gradua\u00e7\u00e3o e Pesquisas em Administra\u00e7\u00e3o (CEPEAD) da UFMG.<\/p>\n","protected":false},"excerpt":{"rendered":"<p>Conhe\u00e7a o Observat\u00f3rio de Recursos Humanos em Sa\u00fade O Observat\u00f3rio de Recursos Humanos em Sa\u00fade da Faculdade de Ci\u00eancias Econ\u00f4micas da UFMG \u00e9 um espa\u00e7o de discuss\u00e3o criado para discutir &hellip; <a href=\"https:\/\/pesquisas.face.ufmg.br\/orhs\/\" class=\"more-link\">Continue reading <span class=\"screen-reader-text\">O Observat\u00f3rio<\/span><\/a><\/p>\n","protected":false},"author":1,"featured_media":0,"parent":0,"menu_order":0,"comment_status":"closed","ping_status":"closed","template":"","meta":{"_crdt_document":"","_exactmetrics_skip_tracking":false,"_exactmetrics_sitenote_active":false,"_exactmetrics_sitenote_note":"","_exactmetrics_sitenote_category":0,"footnotes":""},"class_list":["post-2","page","type-page","status-publish","hentry"],"_links":{"self":[{"href":"https:\/\/pesquisas.face.ufmg.br\/orhs\/wp-json\/wp\/v2\/pages\/2","targetHints":{"allow":["GET"]}}],"collection":[{"href":"https:\/\/pesquisas.face.ufmg.br\/orhs\/wp-json\/wp\/v2\/pages"}],"about":[{"href":"https:\/\/pesquisas.face.ufmg.br\/orhs\/wp-json\/wp\/v2\/types\/page"}],"author":[{"embeddable":true,"href":"https:\/\/pesquisas.face.ufmg.br\/orhs\/wp-json\/wp\/v2\/users\/1"}],"replies":[{"embeddable":true,"href":"https:\/\/pesquisas.face.ufmg.br\/orhs\/wp-json\/wp\/v2\/comments?post=2"}],"version-history":[{"count":4,"href":"https:\/\/pesquisas.face.ufmg.br\/orhs\/wp-json\/wp\/v2\/pages\/2\/revisions"}],"predecessor-version":[{"id":217,"href":"https:\/\/pesquisas.face.ufmg.br\/orhs\/wp-json\/wp\/v2\/pages\/2\/revisions\/217"}],"wp:attachment":[{"href":"https:\/\/pesquisas.face.ufmg.br\/orhs\/wp-json\/wp\/v2\/media?parent=2"}],"curies":[{"name":"wp","href":"https:\/\/api.w.org\/{rel}","templated":true}]}}

O Observatório

<p><strong>Conheça o Observatório de Recursos Humanos em Saúde</strong><br />
O Observatório de Recursos Humanos em Saúde da Faculdade de Ciências Econômicas da UFMG é um espaço de discussão criado para discutir o papel do Estado na gestão, formação e desenvolvimento dos Recursos Humanos da saúde a partir de diferentes perspectivas teóricas e aplicacas através da geração de informações embasadas em metodologia consistente.</p>
<p><strong>Instituições envolvidas</strong><br />
Surgiu de iniciativa da Secretaria de Estado da Saúde de Minas Gerais (SES/MG), alinhada à iniciativa da Organização Pan-Americana de Saúde (OPAS), juntamente com o Ministério da Saúde (MS), em parceria com Universidade Federal de Minas Gerais através do Núcleo interdisciplinar sobre gestão em organizações não empresariais (Nig.one), ligado ao Departamento de Ciências Administrativas (CAD) e ao Centro de Pós-Graduação e Pesquisas em Administração (CEPEAD) da UFMG.</p>

<p>Conheça o Observatório de Recursos Humanos em Saúde O Observatório de Recursos Humanos em Saúde da Faculdade de Ciências Econômicas da UFMG é um espaço de discussão criado para discutir &hellip; <a href="https://pesquisas.face.ufmg.br/orhs/" class="more-link">Continue reading <span class="screen-reader-text">O Observatório</span></a></p>
