{"id":13,"date":"2015-11-16T17:25:53","date_gmt":"2015-11-16T17:25:53","guid":{"rendered":"http:\/\/pesquisas.face.ufmg.br\/orhs\/?page_id=13"},"modified":"2015-11-25T19:50:06","modified_gmt":"2015-11-25T19:50:06","slug":"parceiros","status":"publish","type":"page","link":"https:\/\/pesquisas.face.ufmg.br\/orhs\/parceiros\/","title":{"rendered":"Parcerias"},"content":{"rendered":"<ul>\n<li><a href=\"http:\/\/www.ufmg.br\/\" target=\"_blank\">Universidade Federal de Minas Gerais<\/a><\/li>\n<\/ul>\n<ul>\n<li><a href=\"http:\/\/pesquisas.face.ufmg.br\/nigone\/\" target=\"_blank\">N\u00facleo interdisciplinar sobre gest\u00e3o em organiza\u00e7\u00f5es (n\u00e3o) empresariais<\/a><\/li>\n<\/ul>\n<ul>\n<li><a href=\"http:\/\/www.observarh.org.br\/observarh\/repertorio\/index.htm\" target=\"_blank\">Rede Observat\u00f3rio de Recursos Humanos em Sa\u00fade &#8211; Rede RHORES<\/a><\/li>\n<\/ul>\n<ul>\n<li><a href=\"http:\/\/www.opas.org.br\/\" target=\"_blank\">Organiza\u00e7\u00e3o Pan-Americana de Sa\u00fade OPAS<\/a><\/li>\n<\/ul>\n<ul>\n<li><a href=\"http:\/\/portal.saude.gov.br\/saude\/\" target=\"_blank\">Minist\u00e9rio da Sa\u00fade<\/a><\/li>\n<\/ul>\n<ul>\n<li><a href=\"http:\/\/www.fapemig.br\/\" target=\"_blank\">Funda\u00e7\u00e3o de Amparo \u00e0 Pesquisa do Estado de Minas Gerais<\/a><\/li>\n<\/ul>\n<ul>\n<li><a href=\"http:\/\/www.hrtn.fundep.ufmg.br\/\" target=\"_blank\">Hospital Universit\u00e1rio &#8211; Risoleta Tolentino Neves<\/a><\/li>\n<\/ul>\n<ul>\n<li><a href=\"http:\/\/www.rededepesquisaaps.org.br\/rede-aps\" target=\"_blank\">Rede de Pesquisa em Aten\u00e7\u00e3o Prim\u00e1ria \u00e0 Sa\u00fade<\/a><\/li>\n<\/ul>\n","protected":false},"excerpt":{"rendered":"<p>Universidade Federal de Minas Gerais N\u00facleo interdisciplinar sobre gest\u00e3o em organiza\u00e7\u00f5es (n\u00e3o) empresariais Rede Observat\u00f3rio de Recursos Humanos em Sa\u00fade &#8211; Rede RHORES Organiza\u00e7\u00e3o Pan-Americana de Sa\u00fade OPAS Minist\u00e9rio da &hellip; <a href=\"https:\/\/pesquisas.face.ufmg.br\/orhs\/parceiros\/\" class=\"more-link\">Continue reading <span class=\"screen-reader-text\">Parcerias<\/span><\/a><\/p>\n","protected":false},"author":1,"featured_media":0,"parent":0,"menu_order":0,"comment_status":"closed","ping_status":"closed","template":"","meta":{"_crdt_document":"","_exactmetrics_skip_tracking":false,"_exactmetrics_sitenote_active":false,"_exactmetrics_sitenote_note":"","_exactmetrics_sitenote_category":0,"footnotes":""},"class_list":["post-13","page","type-page","status-publish","hentry"],"_links":{"self":[{"href":"https:\/\/pesquisas.face.ufmg.br\/orhs\/wp-json\/wp\/v2\/pages\/13","targetHints":{"allow":["GET"]}}],"collection":[{"href":"https:\/\/pesquisas.face.ufmg.br\/orhs\/wp-json\/wp\/v2\/pages"}],"about":[{"href":"https:\/\/pesquisas.face.ufmg.br\/orhs\/wp-json\/wp\/v2\/types\/page"}],"author":[{"embeddable":true,"href":"https:\/\/pesquisas.face.ufmg.br\/orhs\/wp-json\/wp\/v2\/users\/1"}],"replies":[{"embeddable":true,"href":"https:\/\/pesquisas.face.ufmg.br\/orhs\/wp-json\/wp\/v2\/comments?post=13"}],"version-history":[{"count":10,"href":"https:\/\/pesquisas.face.ufmg.br\/orhs\/wp-json\/wp\/v2\/pages\/13\/revisions"}],"predecessor-version":[{"id":248,"href":"https:\/\/pesquisas.face.ufmg.br\/orhs\/wp-json\/wp\/v2\/pages\/13\/revisions\/248"}],"wp:attachment":[{"href":"https:\/\/pesquisas.face.ufmg.br\/orhs\/wp-json\/wp\/v2\/media?parent=13"}],"curies":[{"name":"wp","href":"https:\/\/api.w.org\/{rel}","templated":true}]}}

<ul>
<li><a href="http://www.ufmg.br/" target="_blank">Universidade Federal de Minas Gerais</a></li>
</ul>
<ul>
<li><a href="http://pesquisas.face.ufmg.br/nigone/" target="_blank">Núcleo interdisciplinar sobre gestão em organizações (não) empresariais</a></li>
</ul>
<ul>
<li><a href="http://www.observarh.org.br/observarh/repertorio/index.htm" target="_blank">Rede Observatório de Recursos Humanos em Saúde &#8211; Rede RHORES</a></li>
</ul>
<ul>
<li><a href="http://www.opas.org.br/" target="_blank">Organização Pan-Americana de Saúde OPAS</a></li>
</ul>
<ul>
<li><a href="http://portal.saude.gov.br/saude/" target="_blank">Ministério da Saúde</a></li>
</ul>
<ul>
<li><a href="http://www.fapemig.br/" target="_blank">Fundação de Amparo à Pesquisa do Estado de Minas Gerais</a></li>
</ul>
<ul>
<li><a href="http://www.hrtn.fundep.ufmg.br/" target="_blank">Hospital Universitário &#8211; Risoleta Tolentino Neves</a></li>
</ul>
<ul>
<li><a href="http://www.rededepesquisaaps.org.br/rede-aps" target="_blank">Rede de Pesquisa em Atenção Primária à Saúde</a></li>
</ul>

<p>Universidade Federal de Minas Gerais Núcleo interdisciplinar sobre gestão em organizações (não) empresariais Rede Observatório de Recursos Humanos em Saúde &#8211; Rede RHORES Organização Pan-Americana de Saúde OPAS Ministério da &hellip; <a href="https://pesquisas.face.ufmg.br/orhs/parceiros/" class="more-link">Continue reading <span class="screen-reader-text">Parcerias</span></a></p>
