{"id":15,"date":"2015-11-16T15:48:24","date_gmt":"2015-11-16T15:48:24","guid":{"rendered":"http:\/\/pesquisas.face.ufmg.br\/nufi\/?page_id=15"},"modified":"2020-09-17T11:37:28","modified_gmt":"2020-09-17T14:37:28","slug":"linhas-de-pesquisa","status":"publish","type":"page","link":"https:\/\/pesquisas.face.ufmg.br\/nufi\/linhas-de-pesquisa\/","title":{"rendered":"Linhas de pesquisa"},"content":{"rendered":"\n<p class=\"wp-block-paragraph\"><strong>Mercado Financeiro, de Capitais e Derivativos<\/strong><\/p>\n\n\n\n<p class=\"has-drop-cap wp-block-paragraph\">Os principais t\u00f3picos pesquisados neste campo tem\u00e1tico s\u00e3o os seguintes: mercados financeiros, monet\u00e1rios e de capitais no Brasil; gest\u00e3o de portf\u00f3lios e administra\u00e7\u00e3o de carteiras; gest\u00e3o de riscos de institui\u00e7\u00f5es financeiras; gest\u00e3o de t\u00edtulos de participa\u00e7\u00e3o acion\u00e1ria, t\u00edtulos convers\u00edveis, b\u00f4nus de subscri\u00e7\u00e3o e outros; governan\u00e7a corporativa; op\u00e7\u00f5es; arrendamento mercantil; mercados financeiros internacionais, mercados de c\u00e2mbio e taxas de c\u00e2mbio; paridade do poder de compra e de taxas de juros; or\u00e7amento de capital em contexto internacional; an\u00e1lise de investimentos em contexto internacional; administra\u00e7\u00e3o financeira em empresas multinacionais e transnacionais; fus\u00f5es e aquisi\u00e7\u00f5es; m\u00e9todos de obten\u00e7\u00e3o de valor de mercado de empresas; concordata e fal\u00eancia; administra\u00e7\u00e3o de crises financeiras nas empresas; e reorganiza\u00e7\u00e3o e liquida\u00e7\u00e3o de empresas.<\/p>\n\n\n\n<p class=\"wp-block-paragraph\"><strong>Desempenho e Estrat\u00e9gias Financeiras de Empresas<\/strong><\/p>\n\n\n\n<p class=\"has-drop-cap wp-block-paragraph\">Este campo tem\u00e1tico envolve a avalia\u00e7\u00e3o do desempenho econ\u00f4mico &#8211; financeiro de empresas. An\u00e1lise das estrat\u00e9gias que as empresas utilizam no financiamento de seu crescimento, assim como v\u00e1rias alternativas de investimentos utilizadas. Mitiga\u00e7\u00e3o de conflitos e Governan\u00e7a Corporativa. Al\u00e9m das quest\u00f5es estrat\u00e9gicas, aborda-se tamb\u00e9m o instrumental utilizado no processo de tomada de decis\u00e3o e de controle gerencial, merecendo destaque o planejamento financeiro e o or\u00e7amento empresarial. Este campo tem\u00e1tico de pesquisa tamb\u00e9m congrega estudos aplicados ao projeto, desenvolvimento e an\u00e1lise de sistemas computacionais aplicados \u00e0 gest\u00e3o financeira.<\/p>\n\n\n\n<p class=\"wp-block-paragraph\"><strong>Contabilidade Gerencial e Controladoria<\/strong><\/p>\n\n\n\n<p class=\"has-drop-cap wp-block-paragraph\">Este campo tem\u00e1tico tem interesse em: contabilidade financeira de empresas de capital aberto; an\u00e1lise financeira de demonstra\u00e7\u00f5es cont\u00e1beis; an\u00e1lise custo-volume-lucro; estima\u00e7\u00e3o de custos; forma\u00e7\u00e3o do pre\u00e7o de venda; mensura\u00e7\u00e3o de custos relevantes para a tomada de decis\u00e3o (comprar ou produzir componentes, fatores quantitativos e qualitativos a serem considerados, expans\u00e3o ou abandono de segmentos, influ\u00eancia de fatores limitativos da produ\u00e7\u00e3o, reposi\u00e7\u00e3o de equipamentos, etc.); controle operacional e medidas de desempenho; custeio baseado em atividades; engenharia e an\u00e1lise do valor; aspectos comportamentais de sistemas de controle cont\u00e1bil; gest\u00e3o econ\u00f4mica e desempenho; aplica\u00e7\u00f5es de programa\u00e7\u00e3o linear na contabilidade gerencial; aplica\u00e7\u00f5es de sistemas de suporte a decis\u00e3o, sistemas baseados em conhecimento, redes neurais e outras t\u00e9cnicas de intelig\u00eancia artificial na contabilidade gerencial e controladoria.<\/p>\n\n\n\n<p class=\"wp-block-paragraph\"><strong>Gest\u00e3o e Finan\u00e7as P\u00fablicas<\/strong><\/p>\n\n\n\n<p class=\"has-drop-cap wp-block-paragraph\">Dada a complexidade do processo or\u00e7ament\u00e1rio p\u00fablico, caracterizado pela escassez dos recursos p\u00fablicos, pelos grupos de interesses afetados, e pelas estrat\u00e9gias de gest\u00e3o, consideramos relevante estudar o modo pelo qual a organiza\u00e7\u00e3o elabora, implementa e avalia seu or\u00e7amento. Cabe acrescentar que a participa\u00e7\u00e3o do cidad\u00e3o no planejamento, al\u00e9m de ter apoio constitucional, passa a ser considerada no processo or\u00e7ament\u00e1rio por parte de certas institui\u00e7\u00f5es p\u00fablicas, como por exemplo, algumas prefeituras municipais, atrav\u00e9s do conselho municipal de or\u00e7amento. Dentro desta perspectiva, considera-se de extrema import\u00e2ncia o estudo da gest\u00e3o do processo or\u00e7ament\u00e1rio na medida em que ele pode permitir um entendimento mais detalhado sobre este aspecto relevante da gest\u00e3o p\u00fablica. Este campo tem\u00e1tico envolve tamb\u00e9m estudos sobre planejamento financeiro e or\u00e7ament\u00e1rio governamental, modelos e avalia\u00e7\u00e3o de or\u00e7amento p\u00fablico, acompanhamento e controle financeiro de programas do governo, gerenciamento e medi\u00e7\u00e3o de desempenho financeiro na administra\u00e7\u00e3o p\u00fablica, e an\u00e1lise financeira para privatiza\u00e7\u00e3o.<\/p>\n\n\n\n<p class=\"wp-block-paragraph\"><strong>Inova\u00e7\u00e3o e Transfer\u00eancia de Tecnologia em Finan\u00e7as e Contabilidade<\/strong><\/p>\n\n\n\n<p class=\"has-drop-cap wp-block-paragraph\">O mundo empresarial exige tomada de decis\u00f5es cada vez mais r\u00e1pida e de forma inteligente. Criando uma demanda cont\u00ednua por inova\u00e7\u00f5es tecnol\u00f3gicas e de processos produtivos. Assim, o objetivo \u00e9 estudar o ecossistema de inova\u00e7\u00e3o e de transfer\u00eancia de tecnologia, bem como os modelos te\u00f3ricos e emp\u00edricos de avalia\u00e7\u00e3o de tecnologias, processos e ativos intang\u00edveis.<\/p>\n\n\n\n<p class=\"wp-block-paragraph\"><strong>Sustentabilidade e Empreendedorismo em Finan\u00e7as e Contabilidade<\/strong><\/p>\n\n\n\n<p class=\"has-drop-cap wp-block-paragraph\">Sustentabilidade \u00e9 entendida como um processo cont\u00ednuo incorporado \u00e0 gest\u00e3o, ao planejamento estrat\u00e9gico, \u00e0s pol\u00edticas de capta\u00e7\u00e3o de recursos com crescimento e equil\u00edbrio organizacional na cria\u00e7\u00e3o de valor econ\u00f4mico, social e ambiental. Este campo tem\u00e1tico busca criar um conhecimento dos fatores financeiros que afetam as firmas empreendedoras em seus diversos est\u00e1gios. Dentre os t\u00f3picos pesquisados destacam-se as bases financeiras da empresa empreendedora, gest\u00e3o financeira, fontes de financiamento, capital de risco (venture capital), &#8220;angels&#8221;, estrat\u00e9gias financeiras das start-ups, estrutura financeira, avalia\u00e7\u00e3o dos neg\u00f3cios, IPOs, spin-offs, an\u00e1lise financeira, e controle de empresas empreendedoras. S\u00e3o pesquisados tamb\u00e9m aspectos b\u00e1sicos das empresas relacionados \u00e0 governan\u00e7a corporativa e capacidade de inova\u00e7\u00e3o tecnol\u00f3gica.<\/p>\n\n\n\n<p class=\"wp-block-paragraph\"><\/p>\n","protected":false},"excerpt":{"rendered":"<p>Mercado Financeiro, de Capitais e Derivativos Os principais t\u00f3picos pesquisados neste campo tem\u00e1tico s\u00e3o os seguintes: mercados financeiros, monet\u00e1rios e de capitais no Brasil; gest\u00e3o de portf\u00f3lios e administra\u00e7\u00e3o de &hellip; <a href=\"https:\/\/pesquisas.face.ufmg.br\/nufi\/linhas-de-pesquisa\/\" class=\"more-link\">Continuar lendo <span class=\"screen-reader-text\">Linhas de pesquisa<\/span><\/a><\/p>\n","protected":false},"author":1,"featured_media":0,"parent":0,"menu_order":0,"comment_status":"closed","ping_status":"closed","template":"","meta":{"_crdt_document":"","_exactmetrics_skip_tracking":false,"_exactmetrics_sitenote_active":false,"_exactmetrics_sitenote_note":"","_exactmetrics_sitenote_category":0,"footnotes":""},"class_list":["post-15","page","type-page","status-publish","hentry"],"_links":{"self":[{"href":"https:\/\/pesquisas.face.ufmg.br\/nufi\/wp-json\/wp\/v2\/pages\/15","targetHints":{"allow":["GET"]}}],"collection":[{"href":"https:\/\/pesquisas.face.ufmg.br\/nufi\/wp-json\/wp\/v2\/pages"}],"about":[{"href":"https:\/\/pesquisas.face.ufmg.br\/nufi\/wp-json\/wp\/v2\/types\/page"}],"author":[{"embeddable":true,"href":"https:\/\/pesquisas.face.ufmg.br\/nufi\/wp-json\/wp\/v2\/users\/1"}],"replies":[{"embeddable":true,"href":"https:\/\/pesquisas.face.ufmg.br\/nufi\/wp-json\/wp\/v2\/comments?post=15"}],"version-history":[{"count":5,"href":"https:\/\/pesquisas.face.ufmg.br\/nufi\/wp-json\/wp\/v2\/pages\/15\/revisions"}],"predecessor-version":[{"id":38,"href":"https:\/\/pesquisas.face.ufmg.br\/nufi\/wp-json\/wp\/v2\/pages\/15\/revisions\/38"}],"wp:attachment":[{"href":"https:\/\/pesquisas.face.ufmg.br\/nufi\/wp-json\/wp\/v2\/media?parent=15"}],"curies":[{"name":"wp","href":"https:\/\/api.w.org\/{rel}","templated":true}]}}