{"id":32,"date":"2015-11-04T14:35:02","date_gmt":"2015-11-04T14:35:02","guid":{"rendered":"http:\/\/pesquisas.face.ufmg.br\/nipe-log\/?page_id=32"},"modified":"2015-11-04T14:35:02","modified_gmt":"2015-11-04T14:35:02","slug":"participantes","status":"publish","type":"page","link":"https:\/\/pesquisas.face.ufmg.br\/nipe-log\/participantes\/","title":{"rendered":"Participantes"},"content":{"rendered":"<h3>Coordena\u00e7\u00e3o Geral<\/h3>\n<p>Prof. Dr. Marcelo Bronzo Ladeira (CEPEAD\/UFMG)<\/p>\n<p>Prof. Dr. Ricardo Silveira Martins (CEPEAD\/UFMG)<\/p>\n<h3>Componentes da Equipe<\/h3>\n<p>Profa. Dra. Ana L\u00facia Miranda Lopes<\/p>\n<p>Prof. Dr. Carlos Alberto Gon\u00e7alves<\/p>\n<p>Prof. Dr. Jos\u00e9 Edson Lara<\/p>\n<p>Prof. Dr. M\u00e1rcio Augusto Gon\u00e7alves<\/p>\n<p>Prof. Marco Aur\u00e9lio Rodrigues<\/p>\n<p>Prof. Marcos Paulo Valadares de Oliveira<\/p>\n<p>Profa Dra. Marlusa Gosling<\/p>\n<p>Prof. Dr. Noel Torres J\u00fanior<\/p>\n<p>Prof. Dr. Reynaldo Maia Muniz<\/p>\n<p>Prof. Dr. Ricardo Teixeira Veiga<\/p>\n<p>Prof. Osmar Vieira de Souza Filho<\/p>\n<h3>Mestrandos<\/h3>\n<p>Antonio Carlos Rodrigues<\/p>\n<p>Gabriel Lara Rodrigues<\/p>\n<p>Gustavo Horta Palhares<\/p>\n<p>Jo\u00e3o Victor Rodrigues<\/p>\n<p>Let\u00edcia Ramos Carvalho<\/p>\n<p>Mariana Ribeiro de Castro<\/p>\n<p>Roberta de C\u00e1ssia Macedo<\/p>\n<h3>Doutorandos<\/h3>\n<p>Armando Ara\u00fajo de Souza Junior<\/p>\n<p>Cl\u00e1udia Moreira<\/p>\n<p>Edmar de Paula<\/p>\n<p>Geraldo Magela Barra<\/p>\n<p>Leila Scanfone<\/p>\n<p>Leonardo Pinheiro Debo\u00e7\u00e3<\/p>\n<p>Luciana Paula Reis<\/p>\n<p>Marco Aurelio S. Mendes<\/p>\n<p>Osmar Vieira de Souza Filho<\/p>\n<p>Regina Nazar Fialho<\/p>\n<h3>Inicia\u00e7\u00e3o Cient\u00edfica<\/h3>\n<p>Ant\u00f4nio Felipe Sanches Gomes<\/p>\n<p>C\u00e9lio E. Tropia<\/p>\n<p>Guilherme Cordeiro<\/p>\n<p>Jacqueline Fernandes Costa da Silva<\/p>\n<p>Luiz Gualberto Hefender<\/p>\n<h3>Membros externos filiados<\/h3>\n<p>Prof. Dr. Ant\u00f4nio S\u00e9rgio de Souza, Escola de Engenharia da UFMG &#8211; Departamento de Engenharia de Produ\u00e7\u00e3o.<\/p>\n<p>Profa. Dra. D\u00e9bora da Silva Lobo, Universidade Estadual do Oeste do Paran\u00e1 (UNIOESTE)<\/p>\n<p>Frederico de Santana Tescarolo, MsC, Secretaria de Estado de Planejamento e Gest\u00e3o (SEPLAG) &#8211; Governo do Estado de Minas Gerais.<\/p>\n<p>S\u00e9rgio Silveira Martins &#8211; PUCMinas<\/p>\n","protected":false},"excerpt":{"rendered":"<p>Coordena\u00e7\u00e3o Geral Prof. Dr. Marcelo Bronzo Ladeira (CEPEAD\/UFMG) Prof. Dr. Ricardo Silveira Martins (CEPEAD\/UFMG) Componentes da Equipe Profa. Dra. Ana L\u00facia Miranda Lopes Prof. Dr. Carlos Alberto Gon\u00e7alves Prof. Dr. &hellip; <a href=\"https:\/\/pesquisas.face.ufmg.br\/nipe-log\/participantes\/\" class=\"more-link\">Continue reading <span class=\"screen-reader-text\">Participantes<\/span><\/a><\/p>\n","protected":false},"author":1,"featured_media":0,"parent":0,"menu_order":0,"comment_status":"closed","ping_status":"closed","template":"","meta":{"_crdt_document":"","_exactmetrics_skip_tracking":false,"_exactmetrics_sitenote_active":false,"_exactmetrics_sitenote_note":"","_exactmetrics_sitenote_category":0,"footnotes":""},"class_list":["post-32","page","type-page","status-publish","hentry"],"_links":{"self":[{"href":"https:\/\/pesquisas.face.ufmg.br\/nipe-log\/wp-json\/wp\/v2\/pages\/32","targetHints":{"allow":["GET"]}}],"collection":[{"href":"https:\/\/pesquisas.face.ufmg.br\/nipe-log\/wp-json\/wp\/v2\/pages"}],"about":[{"href":"https:\/\/pesquisas.face.ufmg.br\/nipe-log\/wp-json\/wp\/v2\/types\/page"}],"author":[{"embeddable":true,"href":"https:\/\/pesquisas.face.ufmg.br\/nipe-log\/wp-json\/wp\/v2\/users\/1"}],"replies":[{"embeddable":true,"href":"https:\/\/pesquisas.face.ufmg.br\/nipe-log\/wp-json\/wp\/v2\/comments?post=32"}],"version-history":[{"count":1,"href":"https:\/\/pesquisas.face.ufmg.br\/nipe-log\/wp-json\/wp\/v2\/pages\/32\/revisions"}],"predecessor-version":[{"id":34,"href":"https:\/\/pesquisas.face.ufmg.br\/nipe-log\/wp-json\/wp\/v2\/pages\/32\/revisions\/34"}],"wp:attachment":[{"href":"https:\/\/pesquisas.face.ufmg.br\/nipe-log\/wp-json\/wp\/v2\/media?parent=32"}],"curies":[{"name":"wp","href":"https:\/\/api.w.org\/{rel}","templated":true}]}}

<h3>Coordenação Geral</h3>
<p>Prof. Dr. Marcelo Bronzo Ladeira (CEPEAD/UFMG)</p>
<p>Prof. Dr. Ricardo Silveira Martins (CEPEAD/UFMG)</p>
<h3>Componentes da Equipe</h3>
<p>Profa. Dra. Ana Lúcia Miranda Lopes</p>
<p>Prof. Dr. Carlos Alberto Gonçalves</p>
<p>Prof. Dr. José Edson Lara</p>
<p>Prof. Dr. Márcio Augusto Gonçalves</p>
<p>Prof. Marco Aurélio Rodrigues</p>
<p>Prof. Marcos Paulo Valadares de Oliveira</p>
<p>Profa Dra. Marlusa Gosling</p>
<p>Prof. Dr. Noel Torres Júnior</p>
<p>Prof. Dr. Reynaldo Maia Muniz</p>
<p>Prof. Dr. Ricardo Teixeira Veiga</p>
<p>Prof. Osmar Vieira de Souza Filho</p>
<h3>Mestrandos</h3>
<p>Antonio Carlos Rodrigues</p>
<p>Gabriel Lara Rodrigues</p>
<p>Gustavo Horta Palhares</p>
<p>João Victor Rodrigues</p>
<p>Letícia Ramos Carvalho</p>
<p>Mariana Ribeiro de Castro</p>
<p>Roberta de Cássia Macedo</p>
<h3>Doutorandos</h3>
<p>Armando Araújo de Souza Junior</p>
<p>Cláudia Moreira</p>
<p>Edmar de Paula</p>
<p>Geraldo Magela Barra</p>
<p>Leila Scanfone</p>
<p>Leonardo Pinheiro Deboçã</p>
<p>Luciana Paula Reis</p>
<p>Marco Aurelio S. Mendes</p>
<p>Osmar Vieira de Souza Filho</p>
<p>Regina Nazar Fialho</p>
<h3>Iniciação Científica</h3>
<p>Antônio Felipe Sanches Gomes</p>
<p>Célio E. Tropia</p>
<p>Guilherme Cordeiro</p>
<p>Jacqueline Fernandes Costa da Silva</p>
<p>Luiz Gualberto Hefender</p>
<h3>Membros externos filiados</h3>
<p>Prof. Dr. Antônio Sérgio de Souza, Escola de Engenharia da UFMG &#8211; Departamento de Engenharia de Produção.</p>
<p>Profa. Dra. Débora da Silva Lobo, Universidade Estadual do Oeste do Paraná (UNIOESTE)</p>
<p>Frederico de Santana Tescarolo, MsC, Secretaria de Estado de Planejamento e Gestão (SEPLAG) &#8211; Governo do Estado de Minas Gerais.</p>
<p>Sérgio Silveira Martins &#8211; PUCMinas</p>

<p>Coordenação Geral Prof. Dr. Marcelo Bronzo Ladeira (CEPEAD/UFMG) Prof. Dr. Ricardo Silveira Martins (CEPEAD/UFMG) Componentes da Equipe Profa. Dra. Ana Lúcia Miranda Lopes Prof. Dr. Carlos Alberto Gonçalves Prof. Dr. &hellip; <a href="https://pesquisas.face.ufmg.br/nipe-log/participantes/" class="more-link">Continue reading <span class="screen-reader-text">Participantes</span></a></p>
