{"id":14,"date":"2015-11-04T13:57:57","date_gmt":"2015-11-04T13:57:57","guid":{"rendered":"http:\/\/pesquisas.face.ufmg.br\/nipe-log\/?page_id=14"},"modified":"2015-11-04T14:11:17","modified_gmt":"2015-11-04T14:11:17","slug":"projetos","status":"publish","type":"page","link":"https:\/\/pesquisas.face.ufmg.br\/nipe-log\/projetos\/","title":{"rendered":"Projetos"},"content":{"rendered":"<h3>&#8220;Processos, indicadores anal\u00edticos e impactos sobre o desempenho competitivo: um estudo em micro e pequenas empresas (MPEs) do Estado de Minas Gerais&#8221;<\/h3>\n<p style=\"padding-left: 30px;\">Per\u00edodo: 2012-14<br \/>\nFinanciamento: FAPEMIG \u2013 Funda\u00e7\u00e3o de Amparo \u00e0 Pesquisa do Estado de Minas Gerais<br \/>\nInstitui\u00e7\u00f5es envolvidas: Universidade Federal de Minas Gerais (UFMG) \u2013 \u00a0Funda\u00e7\u00e3o Dom Cabral<br \/>\nCoordena\u00e7\u00e3o: Marcelo Bronzo<\/p>\n<h3>&#8220;Gest\u00e3o de relacionamentos e desempenho em redes de suprimentos: experi\u00eancias do setor moveleiro no Brasil&#8221;<\/h3>\n<p style=\"padding-left: 30px;\">Per\u00edodo: dezembro\/2012-dezembro\/2015<br \/>\nFinanciamento: CNPq &#8211; Conselho Nacional de Desenvolvimento Cient\u00edfico e Tecnol\u00f3gico Institui\u00e7\u00f5es envolvidas: UFMG-UFV-Universidade Positivo (PR)<br \/>\nCoordena\u00e7\u00e3o: Ricardo S. Martins<\/p>\n<h3>&#8220;Diagn\u00f3stico e Plano de A\u00e7\u00e3o da log\u00edstica das empresas do APL de Eletroeletr\u00f4nicos de Santa Rita do Sapuca\u00ed (MG)&#8221;<\/h3>\n<p style=\"padding-left: 30px;\">Per\u00edodo: junho\/2012 \u2013 dezembro\/2012<br \/>\nFinanciamento: SEBRAE\/MG &#8211; Servi\u00e7o de Apoio \u00e0s Micro e Pequenas Empresas de Minas Gerais<br \/>\nInstitui\u00e7\u00f5es envolvidas: UFMG-FIIEMG-IEL-BID<br \/>\nCoordena\u00e7\u00e3o: Ricardo S. Martins<\/p>\n<h3>&#8220;Qualidade do relacionamento em transa\u00e7\u00f5es B2B e B2C no setor supermercadista&#8221;<\/h3>\n<p style=\"padding-left: 30px;\">Per\u00edodo: 2011-13<br \/>\nFinanciamento: CNPq &#8211; Conselho Nacional de Desenvolvimento Cient\u00edfico e Tecnol\u00f3gico<br \/>\nInstitui\u00e7\u00f5es envolvidas: Universidade Federal do Esp\u00edrito Santo (UFES) \u2013 Universidade Federal de Minas Gerais (UFMG)<br \/>\nSub-Coordena\u00e7\u00e3o: Marcelo Bronzo<\/p>\n<h3>&#8220;A qualidade de relacionamento nas transa\u00e7\u00f5es entre empresas e seus impactos no custo total de propriedade&#8221;<\/h3>\n<p style=\"padding-left: 30px;\">Per\u00edodo: 2011-13<br \/>\nFinanciamento: CNPq &#8211; Conselho Nacional de Desenvolvimento Cient\u00edfico e Tecnol\u00f3gico<br \/>\nInstitui\u00e7\u00f5es envolvidas: Universidade Federal do Esp\u00edrito Santo (UFES) \u2013 Universidade Federal de Minas Gerais (UFMG)<br \/>\nSub-Coordena\u00e7\u00e3o: Marcelo Bronzo<\/p>\n<h3>&#8220;Desempenho dos Terminais Multimodais da Cadeia Log\u00edstica de Gr\u00e3os (contemplado no Edital CNPQ\/MCT 18\/2009 &#8211; P&amp;D&amp;I em Transportes)&#8221;<\/h3>\n<p style=\"padding-left: 30px;\">Per\u00edodo: 2010-12<br \/>\nFinanciamento: CNPq &#8211; Conselho Nacional de Desenvolvimento Cient\u00edfico e Tecnol\u00f3gico<br \/>\nInstitui\u00e7\u00f5es envolvidas: UFMG-UFMS-UnB<br \/>\nCoordena\u00e7\u00e3o: Ricardo S. Martins<\/p>\n<h3>&#8220;An\u00e1lise da Competitividade de Cadeias de Suprimentos por meio da Teoria de Redes&#8221;<\/h3>\n<p style=\"padding-left: 30px;\">Per\u00edodo: 2010-12<br \/>\nFinanciamento: CNPq &#8211; Conselho Nacional de Desenvolvimento Cient\u00edfico e Tecnol\u00f3gico<br \/>\nInstitui\u00e7\u00f5es envolvidas: UFMG-FGV<br \/>\nCoordena\u00e7\u00e3o: Ricardo S. Martins<\/p>\n<h3>&#8220;A Medi\u00e7\u00e3o e Melhoria da Produtividade em Empresas de Servi\u00e7os que Buscam Resultados Ulteriores&#8221;<\/h3>\n<p style=\"padding-left: 30px;\">Per\u00edodo: 2010-11<br \/>\nFinanciamento: FAPEMIG &#8211; Edital 021\/2008<br \/>\nInstitui\u00e7\u00f5es envolvidas: UFMG<br \/>\nCoordena\u00e7\u00e3o: Noel Torres J\u00fanior<\/p>\n<h3>&#8220;Processos, Indicadores anal\u00edticos e impactos sobre o desempenho competitivo: um estudo em empresas brasileiras de grande porte produtoras de bens e servi\u00e7os&#8221;<\/h3>\n<p style=\"padding-left: 30px;\">Per\u00edodo: 2010-12<br \/>\nFinanciamento: FAPEMIG \u2013 Funda\u00e7\u00e3o de Amparo \u00e0 Pesquisa do Estado de Minas Gerais<br \/>\nInstitui\u00e7\u00f5es envolvidas: Universidade Federal de Minas Gerais (UFMG) \u2013<br \/>\nFunda\u00e7\u00e3o Dom Cabral<br \/>\nCoordena\u00e7\u00e3o: Marcelo Bronzo<\/p>\n<h3>&#8220;Alinhamentos de Estrat\u00e9gias Colaborativas e o Impacto na Performance da Cadeia: Uma An\u00e1lise da Cadeia Automobil\u00edstica Brasileira&#8221;<\/h3>\n<p style=\"padding-left: 30px;\">Per\u00edodo: 2010-12<br \/>\nFinanciamento: CNPq &#8211; Conselho Nacional de Desenvolvimento Cient\u00edfico e Tecnol\u00f3gico<br \/>\nInstitui\u00e7\u00f5es envolvidas: UFMG-FGV<br \/>\nCoordena\u00e7\u00e3o: Ricardo S. Martins<\/p>\n<h3>&#8220;Diagn\u00f3stico da Log\u00edstica das Empresas do APL de Nova Serrana (MG)&#8221;<\/h3>\n<p style=\"padding-left: 30px;\">Per\u00edodo: Novembro\/2010 \u2013 abril\/2011<br \/>\nFinanciamento: SEBRAE\/MG &#8211; Servi\u00e7o de Apoio \u00e0s Micro e Pequenas Empresas de Minas Gerais<br \/>\nInstitui\u00e7\u00f5es envolvidas: UFMG-FIIEMG-IEL-BID<br \/>\nCoordena\u00e7\u00e3o: Ricardo S. Martins<\/p>\n<h3>&#8220;Diagn\u00f3stico e Plano de A\u00e7\u00e3o da log\u00edstica das empresas do APL de Fundi\u00e7\u00e3o do Centro-Oeste Mineiro (MG)&#8221;<\/h3>\n<p style=\"padding-left: 30px;\">Per\u00edodo: mar\u00e7o\/2011 \u2013 dezembro\/2011<br \/>\nFinanciamento: SEBRAE\/MG &#8211; Servi\u00e7o de Apoio \u00e0s Micro e Pequenas Empresas de Minas Gerais<br \/>\nInstitui\u00e7\u00f5es envolvidas: UFMG-FIIEMG-IEL-BID<br \/>\nCoordena\u00e7\u00e3o: Ricardo S. Martins<\/p>\n<h3>&#8220;Avalia\u00e7\u00e3o e Readequa\u00e7\u00e3o da Log\u00edstica do Transporte Escolar de Pomp\u00e9u (MG)&#8221;<\/h3>\n<p style=\"padding-left: 30px;\">Per\u00edodo: julho\/2011 \u2013 outubro\/2011<br \/>\nFinanciamento: Prefeitura Municipal de Pompeu<br \/>\nInstitui\u00e7\u00f5es envolvidas: UFMG<br \/>\nCoordena\u00e7\u00e3o: Ricardo S. Martins<\/p>\n<h3>&#8220;Iniciativa de refor\u00e7o da competitividade do APL de M\u00f3veis de Ub\u00e1 e Regi\u00e3o&#8221;<\/h3>\n<p style=\"padding-left: 30px;\">Per\u00edodo: Dezembro\/2009 \u2013 junho\/2010<br \/>\nFinanciamento: SEBRAE\/MG &#8211; Servi\u00e7o de Apoio \u00e0s Micro e Pequenas Empresas de Minas Gerais<br \/>\nInstitui\u00e7\u00f5es envolvidas: UFMG-FIIEMG-IEL-BID<br \/>\nCoordena\u00e7\u00e3o: Ricardo S. Martins<\/p>\n<h3>&#8220;Identifica\u00e7\u00e3o do arranjo log\u00edstico mais apropriado para a coleta e beneficiamento do soro de queijo nas mesorregi\u00f5es Zona da Mata e Campo das Vertentes de Minas Gerais&#8221;<\/h3>\n<p style=\"padding-left: 30px;\">Per\u00edodo: abril a outubro de 2009<br \/>\nFinanciamento: Secretaria de Estado de Ci\u00eancia e Tecnologia\/Polo de Excel\u00eancia do Leite\/Funda\u00e7\u00e3o de Apoio e Desenvolvimento ao Ensino, Pesquisa e Extens\u00e3o da Universidade Federal de Juiz de Fora (UFJF)<br \/>\nInstitui\u00e7\u00f5es envolvidas: UFMG<br \/>\nCoordena\u00e7\u00e3o: Ricardo S. Martins<\/p>\n<h3>&#8220;Alinhamentos de Estrat\u00e9gias entre Camadas na Cadeia Automobil\u00edstica: An\u00e1lise Comparativa Minas Gerais e S\u00e3o Paulo&#8221;<\/h3>\n<p style=\"padding-left: 30px;\">Coordenador: Prof. Ricardo Silveira Martins<br \/>\nConclus\u00e3o: 2010<br \/>\nFinanciador: Fapemig &#8211; Funda\u00e7\u00e3o de Amparo \u00e0 Pesquisa do Estado de Minas Gerais<\/p>\n<h3>&#8220;An\u00e1lise dos Alinhamentos de Estrat\u00e9gias de Relacionamentos com Fornecedores entre Camadas da Cadeia Automobil\u00edstica Brasileira&#8221;<\/h3>\n<p style=\"padding-left: 30px;\">Coordenador: Prof. Ricardo Silveira Martins<br \/>\nConclus\u00e3o: 2010<br \/>\nFinanciador: CNPq &#8211; Conselho Nacional de Desenvolvimento Cient\u00edfico e Tecnol\u00f3gico<\/p>\n<h3>\u201cGest\u00e3o de processos, indicadores anal\u00edticos e impactos sobre o desempenho competitivo: um estudo em empresas mineiras produtoras de bens e servi\u00e7os\u201d.<\/h3>\n<p style=\"padding-left: 30px;\">Coordenador: Prof. Marcelo Bronzo Ladeira<br \/>\nSub-Coordenador: Prof. Marcos Paulo Valadares de Oliveira<br \/>\nIn\u00edcio: 2009<br \/>\nConclus\u00e3o: 2011<\/p>\n<h3>&#8220;Desenvolvimento de Metodologias e Consultoria em log\u00edstica para pequenas e m\u00e9dias empresas &#8211; SEBRAE-MG&#8221;<\/h3>\n<p style=\"padding-left: 30px;\">Coordenador: Prof. Ricardo Silveira Martins<br \/>\nConclus\u00e3o: 2010<br \/>\nFinanciador: SEBRAE-MG<\/p>\n<h3>&#8220;A medi\u00e7\u00e3o e melhoria da produtividade em empresas de servi\u00e7os que buscam resultados ulteriores.&#8221;<\/h3>\n<p style=\"padding-left: 30px;\">Coordenador: Prof. Noel Torres J\u00fanior<br \/>\nIn\u00edcio: 2009<br \/>\nConclus\u00e3o: 2010<\/p>\n<h3>&#8220;Desenvolvimento de Metodologia para Sele\u00e7\u00e3o de Carteiras no Mercado de Renda Vari\u00e1vel por Meio de An\u00e1lise Envolt\u00f3ria de Dados &#8211; DEA&#8221;<\/h3>\n<p style=\"padding-left: 30px;\">Coordenador: Profa. Ana L\u00facia Miranda Lopes<br \/>\nSub-Coordenador: Prof. Marcus Vinicius Andrade Lima &#8211; UNISUL<br \/>\nIn\u00edcio:<br \/>\nConclus\u00e3o: em andamento<\/p>\n<h3>&#8220;Avalia\u00e7\u00e3o de Empresas: desenvolvimento de uma metodologia integrada com base em An\u00e1lise Envolt\u00f3ria de Dados e Fluxo de Caixa Descontado&#8221;<\/h3>\n<p style=\"padding-left: 30px;\">Coordenador: Valter Saurin, Dr &#8211; UFSC<br \/>\nSub-Coordenador: Ana L\u00facia Miranda Lopes &#8211; UFMG<br \/>\nIn\u00edcio: 2008<br \/>\nConclus\u00e3o: 2009<\/p>\n<h3>&#8220;M\u00e9todos e T\u00e9cnicas de Ensino em Finan\u00e7as&#8221;<\/h3>\n<p style=\"padding-left: 30px;\">Coordenador: Valter Saurin, Dr &#8211; UFSC<br \/>\nSub-Coordenador: Ana L\u00facia Miranda Lopes &#8211; UFMG<br \/>\nIn\u00edcio: 2009<br \/>\nConclus\u00e3o: em andamento<\/p>\n<h3>&#8220;Prefer\u00eancia declarada na log\u00edstica de transporte pelos exportadores de caf\u00e9 do Estado de Minas Gerais&#8221;<\/h3>\n<p style=\"padding-left: 30px;\">Coordenador: Prof. Ricardo Silveira Martins<br \/>\nSub-Coordenador: Prof. Marcelo Bronzo Ladeira<br \/>\nIn\u00edcio: 2006<br \/>\nConclus\u00e3o: 2008<\/p>\n<h3>&#8220;A log\u00edstica integrada e o desempenho dos processos log\u00edsticos nos ciclos de suprimento, manufatura e distribui\u00e7\u00e3o: um estudo multisetorial em ind\u00fastrias de pequeno, m\u00e9dio e grande portes do Estado de Minas Gerais&#8221;.<\/h3>\n<p style=\"padding-left: 30px;\">Coordenador: Prof. Marcelo Bronzo Ladeira<br \/>\nSub-Coordenadores: Prof. Ricardo Silveira Martins<br \/>\nProf. Marcos Paulo Valadares de Oliveira<br \/>\nIn\u00edcio: 2006<br \/>\nConclus\u00e3o: 2008<\/p>\n<h3>&#8220;Avalia\u00e7\u00e3o da demanda do transporte ferrovi\u00e1rio de cargas no Brasil &#8211; Projeto relativo ao Empr\u00e9stimo N\u00ba BR-4.188\/BIRD, referente ao Projeto de Restaura\u00e7\u00e3o e Descentraliza\u00e7\u00e3o de Rodovias Federais, sob a responsabilidade da Ag\u00eancia Nacional de Transporte Terrestre&#8221;<\/h3>\n<p style=\"padding-left: 30px;\">Coordenador: Prof. Ricardo Silveira Martins<br \/>\nConclus\u00e3o: 2007<br \/>\nFinanciador: Banco Internacional de Reconstru\u00e7\u00e3o e Desenvolvimento (Banco Mundial)<\/p>\n<h3>&#8220;Estudo da nova configura\u00e7\u00e3o geogr\u00e1fica do complexo soja num cen\u00e1rio de provis\u00e3o adequada da infra-estrutura de transporte do cerrado brasileiro atrav\u00e9s de um modelo de equil\u00edbrio espacial&#8221;.<\/h3>\n<p style=\"padding-left: 30px;\">Coordenador: Prof. Ricardo Silveira Martins<br \/>\nAno de conclus\u00e3o: 2005<br \/>\nFinanciador: CNPq &#8211; Conselho Nacional de Desenvolvimento Cient\u00edfico e Tecnol\u00f3gico<\/p>\n<h3>&#8220;Desempenho e organiza\u00e7\u00e3o da fun\u00e7\u00e3o log\u00edstica dos fornecedores de primeiro v\u00ednculo da cadeia de suprimentos da Fiat Autom\u00f3veis no Brasil&#8221;<\/h3>\n<p style=\"padding-left: 30px;\">Coordenador: Prof. Marcelo Bronzo Ladeira<br \/>\nAno de conclus\u00e3o: 2005<\/p>\n<h3>&#8220;Log\u00edstica agroindustrial paranaense: estudo dos fretes&#8221;<\/h3>\n<p style=\"padding-left: 30px;\">Coordenador: Prof. Ricardo Silveira Martins<br \/>\nAno de conclus\u00e3o: 2004<br \/>\nFinanciador: Arauc\u00e1ria &#8211; Funda\u00e7\u00e3o de Amparo \u00e0 Pesquisa do Estado do Paran\u00e1<\/p>\n<h3>&#8220;Otimiza\u00e7\u00e3o da gest\u00e3o log\u00edstica da capta\u00e7\u00e3o de leite da Cooperativa Castrolanda&#8221;<\/h3>\n<p style=\"padding-left: 30px;\">Coordenador: Prof. Ricardo Silveira Martins<br \/>\nAno de conclus\u00e3o: 2003<br \/>\nFinanciador: FINEP &#8211; Financiadora de Estudos e Projetos<\/p>\n<h3>&#8220;Gest\u00e3o da rede de suprimentos e estrat\u00e9gias de segmenta\u00e7\u00e3o de fornecedores na cadeia produtiva da Fiat Autom\u00f3veis S.A.&#8221;<\/h3>\n<p style=\"padding-left: 30px;\">Coordenador: Prof. Marcelo Bronzo Ladeira<br \/>\nAno de conclus\u00e3o: 2001<\/p>\n","protected":false},"excerpt":{"rendered":"<p>&#8220;Processos, indicadores anal\u00edticos e impactos sobre o desempenho competitivo: um estudo em micro e pequenas empresas (MPEs) do Estado de Minas Gerais&#8221; Per\u00edodo: 2012-14 Financiamento: FAPEMIG \u2013 Funda\u00e7\u00e3o de Amparo &hellip; <a href=\"https:\/\/pesquisas.face.ufmg.br\/nipe-log\/projetos\/\" class=\"more-link\">Continue reading <span class=\"screen-reader-text\">Projetos<\/span><\/a><\/p>\n","protected":false},"author":1,"featured_media":0,"parent":0,"menu_order":0,"comment_status":"closed","ping_status":"closed","template":"","meta":{"_crdt_document":"","_exactmetrics_skip_tracking":false,"_exactmetrics_sitenote_active":false,"_exactmetrics_sitenote_note":"","_exactmetrics_sitenote_category":0,"footnotes":""},"class_list":["post-14","page","type-page","status-publish","hentry"],"_links":{"self":[{"href":"https:\/\/pesquisas.face.ufmg.br\/nipe-log\/wp-json\/wp\/v2\/pages\/14","targetHints":{"allow":["GET"]}}],"collection":[{"href":"https:\/\/pesquisas.face.ufmg.br\/nipe-log\/wp-json\/wp\/v2\/pages"}],"about":[{"href":"https:\/\/pesquisas.face.ufmg.br\/nipe-log\/wp-json\/wp\/v2\/types\/page"}],"author":[{"embeddable":true,"href":"https:\/\/pesquisas.face.ufmg.br\/nipe-log\/wp-json\/wp\/v2\/users\/1"}],"replies":[{"embeddable":true,"href":"https:\/\/pesquisas.face.ufmg.br\/nipe-log\/wp-json\/wp\/v2\/comments?post=14"}],"version-history":[{"count":9,"href":"https:\/\/pesquisas.face.ufmg.br\/nipe-log\/wp-json\/wp\/v2\/pages\/14\/revisions"}],"predecessor-version":[{"id":24,"href":"https:\/\/pesquisas.face.ufmg.br\/nipe-log\/wp-json\/wp\/v2\/pages\/14\/revisions\/24"}],"wp:attachment":[{"href":"https:\/\/pesquisas.face.ufmg.br\/nipe-log\/wp-json\/wp\/v2\/media?parent=14"}],"curies":[{"name":"wp","href":"https:\/\/api.w.org\/{rel}","templated":true}]}}