{"id":9,"date":"2015-11-13T14:13:13","date_gmt":"2015-11-13T14:13:13","guid":{"rendered":"http:\/\/pesquisas.face.ufmg.br\/nigone\/?page_id=9"},"modified":"2015-11-13T15:48:30","modified_gmt":"2015-11-13T15:48:30","slug":"objetivos","status":"publish","type":"page","link":"https:\/\/pesquisas.face.ufmg.br\/nigone\/objetivos\/","title":{"rendered":"Objetivos"},"content":{"rendered":"<p>Tendo como miss\u00e3o contribuir para o desenvolvimento e excel\u00eancia gerencial das organiza\u00e7\u00f5es p\u00fablicas, privadas e n\u00e3o lucrativas, seus objetivos s\u00e3o:<\/p>\n<ul>\n<li>Contribuir para o desenvolvimento e excel\u00eancia gerencial das organiza\u00e7\u00f5es empresariais e n\u00e3o empresariais;<\/li>\n<li>Desenvolver estudos e pesquisas sobre as organiza\u00e7\u00f5es empresariais e n\u00e3o empresariais \u00e0 luz das diversas vari\u00e1veis que comp\u00f5em a atividade de gest\u00e3o;<\/li>\n<li>Promover o aprimoramento gerencial das organiza\u00e7\u00f5es empresariais e n\u00e3o empresariais atrav\u00e9s da troca sistem\u00e1tica de experi\u00eancias no campo da gest\u00e3o;<\/li>\n<li>Proporcionar interc\u00e2mbio institucional atrav\u00e9s de intensa produ\u00e7\u00e3o cient\u00edfica e t\u00e9cnica.<\/li>\n<\/ul>\n","protected":false},"excerpt":{"rendered":"<p>Tendo como miss\u00e3o contribuir para o desenvolvimento e excel\u00eancia gerencial das organiza\u00e7\u00f5es p\u00fablicas, privadas e n\u00e3o lucrativas, seus objetivos s\u00e3o: Contribuir para o desenvolvimento e excel\u00eancia gerencial das organiza\u00e7\u00f5es empresariais &hellip; <a href=\"https:\/\/pesquisas.face.ufmg.br\/nigone\/objetivos\/\" class=\"more-link\">Continue reading <span class=\"screen-reader-text\">Objetivos<\/span><\/a><\/p>\n","protected":false},"author":1,"featured_media":0,"parent":0,"menu_order":0,"comment_status":"closed","ping_status":"closed","template":"","meta":{"_crdt_document":"","_exactmetrics_skip_tracking":false,"_exactmetrics_sitenote_active":false,"_exactmetrics_sitenote_note":"","_exactmetrics_sitenote_category":0,"footnotes":""},"class_list":["post-9","page","type-page","status-publish","hentry"],"_links":{"self":[{"href":"https:\/\/pesquisas.face.ufmg.br\/nigone\/wp-json\/wp\/v2\/pages\/9","targetHints":{"allow":["GET"]}}],"collection":[{"href":"https:\/\/pesquisas.face.ufmg.br\/nigone\/wp-json\/wp\/v2\/pages"}],"about":[{"href":"https:\/\/pesquisas.face.ufmg.br\/nigone\/wp-json\/wp\/v2\/types\/page"}],"author":[{"embeddable":true,"href":"https:\/\/pesquisas.face.ufmg.br\/nigone\/wp-json\/wp\/v2\/users\/1"}],"replies":[{"embeddable":true,"href":"https:\/\/pesquisas.face.ufmg.br\/nigone\/wp-json\/wp\/v2\/comments?post=9"}],"version-history":[{"count":1,"href":"https:\/\/pesquisas.face.ufmg.br\/nigone\/wp-json\/wp\/v2\/pages\/9\/revisions"}],"predecessor-version":[{"id":11,"href":"https:\/\/pesquisas.face.ufmg.br\/nigone\/wp-json\/wp\/v2\/pages\/9\/revisions\/11"}],"wp:attachment":[{"href":"https:\/\/pesquisas.face.ufmg.br\/nigone\/wp-json\/wp\/v2\/media?parent=9"}],"curies":[{"name":"wp","href":"https:\/\/api.w.org\/{rel}","templated":true}]}}