{"id":29,"date":"2015-11-16T12:28:28","date_gmt":"2015-11-16T12:28:28","guid":{"rendered":"http:\/\/pesquisas.face.ufmg.br\/nigone\/?page_id=29"},"modified":"2015-11-16T12:47:31","modified_gmt":"2015-11-16T12:47:31","slug":"eventos","status":"publish","type":"page","link":"https:\/\/pesquisas.face.ufmg.br\/nigone\/eventos\/","title":{"rendered":"Eventos"},"content":{"rendered":"<h3>Semin\u00e1rio conduzido pelo prof.\u00a0Visitante junto ao Nig.one Jorge Landeiro Vaz(ISEG\/UTL,\u00a0Portugal) Ministrado na Escola de Ci\u00eancia\u00a0da Informa\u00e7\u00e3o(ECI) da UFMG.<\/h3>\n<p><img loading=\"lazy\" decoding=\"async\" class=\"alignleft wp-image-36 size-medium\" src=\"http:\/\/pesquisas.face.ufmg.br\/nigone\/wp-content\/uploads\/sites\/13\/2015\/11\/evento1-300x224.jpg\" alt=\"evento1\" width=\"300\" height=\"224\" srcset=\"https:\/\/pesquisas.face.ufmg.br\/nigone\/wp-content\/uploads\/sites\/13\/2015\/11\/evento1-300x224.jpg 300w, https:\/\/pesquisas.face.ufmg.br\/nigone\/wp-content\/uploads\/sites\/13\/2015\/11\/evento1.jpg 389w\" sizes=\"auto, (max-width: 300px) 100vw, 300px\" \/>Promo\u00e7\u00e3o Conjunta Nig.one e ECI<br \/>\nTema: ConhecimentoOrganizacional e Capital Intelectual<br \/>\nSetembro de 2006<\/p>\n<h3>Gest\u00e3o de Recursos Humanos:\u00a0diversidade e Crise \u2013 Um Enfoque Contempor\u00e2neo<\/h3>\n<p><img loading=\"lazy\" decoding=\"async\" class=\"alignleft wp-image-38 size-medium\" src=\"http:\/\/pesquisas.face.ufmg.br\/nigone\/wp-content\/uploads\/sites\/13\/2015\/11\/evento2-300x224.jpg\" alt=\"evento2\" width=\"300\" height=\"224\" srcset=\"https:\/\/pesquisas.face.ufmg.br\/nigone\/wp-content\/uploads\/sites\/13\/2015\/11\/evento2-300x224.jpg 300w, https:\/\/pesquisas.face.ufmg.br\/nigone\/wp-content\/uploads\/sites\/13\/2015\/11\/evento2.jpg 360w\" sizes=\"auto, (max-width: 300px) 100vw, 300px\" \/>Prof. Allan Claudius Queiroz Barbosa<br \/>\n20 de fevereiro de 2006<br \/>\nISEG\/UTL, Lisboa<\/p>\n<h3>2o f\u00f3rum do CRITEOS Porto\u00a0Alegre, nos dias 14, 15 e 16 de Dezembro<\/h3>\n<h3>O Legado de Alberto Guerreiro Ramos\u00a0para a Administra\u00e7\u00e3o<\/h3>\n<p><img loading=\"lazy\" decoding=\"async\" class=\"alignleft wp-image-39 size-medium\" src=\"http:\/\/pesquisas.face.ufmg.br\/nigone\/wp-content\/uploads\/sites\/13\/2015\/11\/evento3-300x225.jpg\" alt=\"evento3\" width=\"300\" height=\"225\" srcset=\"https:\/\/pesquisas.face.ufmg.br\/nigone\/wp-content\/uploads\/sites\/13\/2015\/11\/evento3-300x225.jpg 300w, https:\/\/pesquisas.face.ufmg.br\/nigone\/wp-content\/uploads\/sites\/13\/2015\/11\/evento3.jpg 423w\" sizes=\"auto, (max-width: 300px) 100vw, 300px\" \/>Profa Ana Paula Paes de Paula, Prof. Jos\u00e9\u00a0Henrique de Faria (UFPr) e prof. Allan Claudius\u00a0Queiroz Barbosa\u00a0FACE\/UFMG, 05\/12\/2005<\/p>\n<h3>Lan\u00e7amento da RAE Edi\u00e7\u00e3o\u00a0Especial Minas Gerais Bras\u00edlia, setembro\u00a0de 2005 \u2013 Encontro Anual da ANPAD<\/h3>\n<p><img loading=\"lazy\" decoding=\"async\" class=\"alignleft wp-image-41 size-medium\" src=\"http:\/\/pesquisas.face.ufmg.br\/nigone\/wp-content\/uploads\/sites\/13\/2015\/11\/evento4-300x225.jpg\" alt=\"evento4\" width=\"300\" height=\"225\" srcset=\"https:\/\/pesquisas.face.ufmg.br\/nigone\/wp-content\/uploads\/sites\/13\/2015\/11\/evento4-300x225.jpg 300w, https:\/\/pesquisas.face.ufmg.br\/nigone\/wp-content\/uploads\/sites\/13\/2015\/11\/evento4.jpg 313w\" sizes=\"auto, (max-width: 300px) 100vw, 300px\" \/>Profa. Cl\u00e1udia Bitencourt (Unisinos), Prof. Marco Aur\u00e9lio Rodrigues (UFMG) Profa. Ana Paula Paes de Paula (UFMG)<\/p>\n<h3>Debate do EnANPAD \u2013 GRT \u2013\u00a0Bras\u00edlia, setembro de 2005<\/h3>\n<p><img loading=\"lazy\" decoding=\"async\" class=\"alignleft size-medium wp-image-42\" src=\"http:\/\/pesquisas.face.ufmg.br\/nigone\/wp-content\/uploads\/sites\/13\/2015\/11\/evento5-300x225.jpg\" alt=\"evento5\" width=\"300\" height=\"225\" srcset=\"https:\/\/pesquisas.face.ufmg.br\/nigone\/wp-content\/uploads\/sites\/13\/2015\/11\/evento5-300x225.jpg 300w, https:\/\/pesquisas.face.ufmg.br\/nigone\/wp-content\/uploads\/sites\/13\/2015\/11\/evento5.jpg 313w\" sizes=\"auto, (max-width: 300px) 100vw, 300px\" \/>Dr. Marcelo Gouveia (SES\/MG), Profa. Valm\u00edria Piccinini(UFRGS), Profa. Rosa Fischer (USP), Dr. Giuseppe Caivano(ISVOR\/FIAT)<\/p>\n<h3>Curso Prof. Jos\u00e9 Maria Carvalho\u00a0Ferreira (ISEG\/UTL) no Cepead\/UFMG Belo Horizonte,\u00a0junho de 2005<\/h3>\n<p><img loading=\"lazy\" decoding=\"async\" class=\"alignleft size-medium wp-image-43\" src=\"http:\/\/pesquisas.face.ufmg.br\/nigone\/wp-content\/uploads\/sites\/13\/2015\/11\/evento6-300x223.jpg\" alt=\"evento6\" width=\"300\" height=\"223\" srcset=\"https:\/\/pesquisas.face.ufmg.br\/nigone\/wp-content\/uploads\/sites\/13\/2015\/11\/evento6-300x223.jpg 300w, https:\/\/pesquisas.face.ufmg.br\/nigone\/wp-content\/uploads\/sites\/13\/2015\/11\/evento6.jpg 313w\" sizes=\"auto, (max-width: 300px) 100vw, 300px\" \/><\/p>\n<h3>II Semin\u00e1rio Brasil\/Portugal\u00a0Internacionaliza\u00e7\u00e3o de Empresas,\u00a0Organiza\u00e7\u00f5es e Gest\u00e3o de\u00a0Recursos Humanos \u2013 Lisboa, ISEG\/UTL, novembro\u00a0de 2005.<\/h3>\n<p><img loading=\"lazy\" decoding=\"async\" class=\"alignleft size-medium wp-image-44\" src=\"http:\/\/pesquisas.face.ufmg.br\/nigone\/wp-content\/uploads\/sites\/13\/2015\/11\/evento7-300x226.jpg\" alt=\"evento7\" width=\"300\" height=\"226\" srcset=\"https:\/\/pesquisas.face.ufmg.br\/nigone\/wp-content\/uploads\/sites\/13\/2015\/11\/evento7-300x226.jpg 300w, https:\/\/pesquisas.face.ufmg.br\/nigone\/wp-content\/uploads\/sites\/13\/2015\/11\/evento7.jpg 328w\" sizes=\"auto, (max-width: 300px) 100vw, 300px\" \/>Da esquerda para a direita: Marco Aur\u00e9lio Rodrigues (UFMG), IsabelCastro(Socius\/ISEG), Jos\u00e9 Maria Carvalho\u00a0Ferreira (ISEG) , Allan Claudius Queiroz Barbosa(UFMG),\u00a0J\u00fania Mar\u00e7al Rodrigues (UFMG)<\/p>\n<h3>Palestra Humberto Werneck Novembro\u00a0de 2004<\/h3>\n<p><img loading=\"lazy\" decoding=\"async\" class=\"alignleft size-full wp-image-45\" src=\"http:\/\/pesquisas.face.ufmg.br\/nigone\/wp-content\/uploads\/sites\/13\/2015\/11\/evento8.jpg\" alt=\"evento8\" width=\"289\" height=\"217\" \/><\/p>\n<h3>I Semin\u00e1rio Brasil\/Portugal\u00a0Internacionaliza\u00e7\u00e3o de Empresas,\u00a0Organiza\u00e7\u00f5es e Gest\u00e3o de\u00a0Recursos Humanos \u2013 Lisboa, ISEG\/UTL outubro\u00a0de 2004<\/h3>\n<p><img loading=\"lazy\" decoding=\"async\" class=\"alignleft size-medium wp-image-46\" src=\"http:\/\/pesquisas.face.ufmg.br\/nigone\/wp-content\/uploads\/sites\/13\/2015\/11\/evento9-300x225.jpg\" alt=\"evento9\" width=\"300\" height=\"225\" srcset=\"https:\/\/pesquisas.face.ufmg.br\/nigone\/wp-content\/uploads\/sites\/13\/2015\/11\/evento9-300x225.jpg 300w, https:\/\/pesquisas.face.ufmg.br\/nigone\/wp-content\/uploads\/sites\/13\/2015\/11\/evento9.jpg 336w\" sizes=\"auto, (max-width: 300px) 100vw, 300px\" \/><\/p>\n","protected":false},"excerpt":{"rendered":"<p>Semin\u00e1rio conduzido pelo prof.\u00a0Visitante junto ao Nig.one Jorge Landeiro Vaz(ISEG\/UTL,\u00a0Portugal) Ministrado na Escola de Ci\u00eancia\u00a0da Informa\u00e7\u00e3o(ECI) da UFMG. Promo\u00e7\u00e3o Conjunta Nig.one e ECI Tema: ConhecimentoOrganizacional e Capital Intelectual Setembro de &hellip; <a href=\"https:\/\/pesquisas.face.ufmg.br\/nigone\/eventos\/\" class=\"more-link\">Continue reading <span class=\"screen-reader-text\">Eventos<\/span><\/a><\/p>\n","protected":false},"author":1,"featured_media":0,"parent":0,"menu_order":0,"comment_status":"closed","ping_status":"closed","template":"","meta":{"_crdt_document":"","_exactmetrics_skip_tracking":false,"_exactmetrics_sitenote_active":false,"_exactmetrics_sitenote_note":"","_exactmetrics_sitenote_category":0,"footnotes":""},"class_list":["post-29","page","type-page","status-publish","hentry"],"_links":{"self":[{"href":"https:\/\/pesquisas.face.ufmg.br\/nigone\/wp-json\/wp\/v2\/pages\/29","targetHints":{"allow":["GET"]}}],"collection":[{"href":"https:\/\/pesquisas.face.ufmg.br\/nigone\/wp-json\/wp\/v2\/pages"}],"about":[{"href":"https:\/\/pesquisas.face.ufmg.br\/nigone\/wp-json\/wp\/v2\/types\/page"}],"author":[{"embeddable":true,"href":"https:\/\/pesquisas.face.ufmg.br\/nigone\/wp-json\/wp\/v2\/users\/1"}],"replies":[{"embeddable":true,"href":"https:\/\/pesquisas.face.ufmg.br\/nigone\/wp-json\/wp\/v2\/comments?post=29"}],"version-history":[{"count":8,"href":"https:\/\/pesquisas.face.ufmg.br\/nigone\/wp-json\/wp\/v2\/pages\/29\/revisions"}],"predecessor-version":[{"id":47,"href":"https:\/\/pesquisas.face.ufmg.br\/nigone\/wp-json\/wp\/v2\/pages\/29\/revisions\/47"}],"wp:attachment":[{"href":"https:\/\/pesquisas.face.ufmg.br\/nigone\/wp-json\/wp\/v2\/media?parent=29"}],"curies":[{"name":"wp","href":"https:\/\/api.w.org\/{rel}","templated":true}]}}