{"id":2,"date":"2015-11-13T13:42:07","date_gmt":"2015-11-13T13:42:07","guid":{"rendered":"http:\/\/pesquisas.face.ufmg.br\/nigone\/?page_id=2"},"modified":"2015-11-13T14:12:11","modified_gmt":"2015-11-13T14:12:11","slug":"pagina-exemplo","status":"publish","type":"page","link":"https:\/\/pesquisas.face.ufmg.br\/nigone\/","title":{"rendered":"O N\u00facleo"},"content":{"rendered":"<p>O N\u00facleo interdisciplinar sobre gest\u00e3o em organiza\u00e7\u00f5es (n\u00e3o) empresariais \u00e9 o espa\u00e7o por excel\u00eancia do CEPEAD no ensino, pesquisa e extens\u00e3o de temas relevantes no \u00e2mbito de organiza\u00e7\u00f5es empresariais, n\u00e3o empresariais e p\u00fablicas.<\/p>\n<p><a href=\"http:\/\/pesquisas.face.ufmg.br\/nigone\/wp-content\/uploads\/sites\/13\/2015\/11\/nigone_diversidade.jpg\"><img loading=\"lazy\" decoding=\"async\" class=\"size-full wp-image-7 alignleft\" src=\"http:\/\/pesquisas.face.ufmg.br\/nigone\/wp-content\/uploads\/sites\/13\/2015\/11\/nigone_diversidade.jpg\" alt=\"nigone_diversidade\" width=\"131\" height=\"210\" \/><\/a>Criado em 1996, consolidou sua proposta inicial atrav\u00e9s de um trabalho consistente de reflex\u00e3o via artigos, pesquisas, disserta\u00e7\u00f5es de mestrado , teses de doutorado, parcerias institucionais, semin\u00e1rios, workshops, etc.<\/p>\n<p>Em 2000, atento \u00e0s crescentes inquieta\u00e7\u00f5es organizacionais, o Nig.one passou a incorporar a reflex\u00e3o sobre organiza\u00e7\u00f5es empresariais. A partir deste ponto, sua trajet\u00f3ria consolidou um projeto acad\u00eamico, cient\u00edfico e t\u00e9cnico de excel\u00eancia.<\/p>\n","protected":false},"excerpt":{"rendered":"<p>O N\u00facleo interdisciplinar sobre gest\u00e3o em organiza\u00e7\u00f5es (n\u00e3o) empresariais \u00e9 o espa\u00e7o por excel\u00eancia do CEPEAD no ensino, pesquisa e extens\u00e3o de temas relevantes no \u00e2mbito de organiza\u00e7\u00f5es empresariais, n\u00e3o &hellip; <a href=\"https:\/\/pesquisas.face.ufmg.br\/nigone\/\" class=\"more-link\">Continue reading <span class=\"screen-reader-text\">O N\u00facleo<\/span><\/a><\/p>\n","protected":false},"author":1,"featured_media":0,"parent":0,"menu_order":0,"comment_status":"closed","ping_status":"closed","template":"","meta":{"_crdt_document":"","_exactmetrics_skip_tracking":false,"_exactmetrics_sitenote_active":false,"_exactmetrics_sitenote_note":"","_exactmetrics_sitenote_category":0,"footnotes":""},"class_list":["post-2","page","type-page","status-publish","hentry"],"_links":{"self":[{"href":"https:\/\/pesquisas.face.ufmg.br\/nigone\/wp-json\/wp\/v2\/pages\/2","targetHints":{"allow":["GET"]}}],"collection":[{"href":"https:\/\/pesquisas.face.ufmg.br\/nigone\/wp-json\/wp\/v2\/pages"}],"about":[{"href":"https:\/\/pesquisas.face.ufmg.br\/nigone\/wp-json\/wp\/v2\/types\/page"}],"author":[{"embeddable":true,"href":"https:\/\/pesquisas.face.ufmg.br\/nigone\/wp-json\/wp\/v2\/users\/1"}],"replies":[{"embeddable":true,"href":"https:\/\/pesquisas.face.ufmg.br\/nigone\/wp-json\/wp\/v2\/comments?post=2"}],"version-history":[{"count":2,"href":"https:\/\/pesquisas.face.ufmg.br\/nigone\/wp-json\/wp\/v2\/pages\/2\/revisions"}],"predecessor-version":[{"id":8,"href":"https:\/\/pesquisas.face.ufmg.br\/nigone\/wp-json\/wp\/v2\/pages\/2\/revisions\/8"}],"wp:attachment":[{"href":"https:\/\/pesquisas.face.ufmg.br\/nigone\/wp-json\/wp\/v2\/media?parent=2"}],"curies":[{"name":"wp","href":"https:\/\/api.w.org\/{rel}","templated":true}]}}