{"id":19,"date":"2015-11-16T12:19:13","date_gmt":"2015-11-16T12:19:13","guid":{"rendered":"http:\/\/pesquisas.face.ufmg.br\/nigone\/?page_id=19"},"modified":"2015-11-16T12:19:13","modified_gmt":"2015-11-16T12:19:13","slug":"publicacoes","status":"publish","type":"page","link":"https:\/\/pesquisas.face.ufmg.br\/nigone\/publicacoes\/","title":{"rendered":"Publica\u00e7\u00f5es"},"content":{"rendered":"<p>Publica\u00e7\u00f5es at\u00e9 2005. O Nig.one informa que as publica\u00e7\u00f5es mencionadas abaixo est\u00e3o dispon\u00edveis na Biblioteca da FACE\/UFMG bem como as de 2006 e 2007.<\/p>\n<h3>Trabalhos acad\u00eamicos<\/h3>\n<ol>\n<li>BARBOSA, A. C. Q., GUZMAN, G., SCIANNI, M. A., Rodrigues, M. A. Competence Management as Organizational Knowledge Transfer Process. 7Th International Research Conference on Quality, Innovation and Knowledge Management. Malasya: 2005.<\/li>\n<li>BARBOSA, A. C. Q. Empresas e Empres\u00e1rios, Hist\u00f3ria e Administra\u00e7\u00e3o. Revista de Administra\u00e7\u00e3o de Empresas (FGV). S\u00e3o Paulo: , v.45, p.127 &#8211; 128, 2005.<\/li>\n<li>BARBOSA, A. C. Q. Rela\u00e7\u00f5es de Trabalho e Recursos Humanos em Busca de Identidade. Revista de Administra\u00e7\u00e3o de Empresas (FGV). S\u00e3o Paulo: , v.45, p.121 &#8211; 126, 2005.<\/li>\n<li>BARBOSA, A. C. Q. A Produ\u00e7\u00e3o Acad\u00eamica em Recursos Humanos no Brasil: Fato ou Fic\u00e7\u00e3o ?. RAE eletr\u00f4nica. S\u00e3o Paulo: , v.3, n.2, p.1 &#8211; 8, 2004.<\/li>\n<\/ol>\n<h3>Trabalhos Acad\u00eamicos (publicados em anais de eventos)<\/h3>\n<ol>\n<li>CARVALHO, S., BARBOSA, A. C. Q. O desenvolvimento de compet\u00eancias organizacionais: um estudo aplicado ao ensino a dist\u00e2ncia via internet In: XXIX EnANPAD, 2005, Bras\u00edlia. XXIX EnANPAD 2005. Curitiba: ANPAD, 2005.<\/li>\n<li>CRUZ, M. V. G., BARBOSA, A. C. Q. &#8220;Pol\u00edcia para quem precisa ?&#8221; An\u00e1lise do ambiente institucional na gest\u00e3o da seguran\u00e7a p\u00fablica numa perspectiva comparada entre Brasil e Estados Unidos In: XXIX EnANPAD, 2005, Bras\u00edlia. XXIX EnANPAD 2005. Curitiba: ANPAD, 2005.<\/li>\n<li>BARBOSA, A. C. Q., Rodrigues, M. A. Um Olhar sobre os Modelos de Gest\u00e3o de Compet\u00eancias Adotados por Grandes Empresas Brasileiras In: XXIX EnANPAD, 2005, Bras\u00edlia. XXIX EnANPAD 2005. Curitiba: ANPAD, 2005.<\/li>\n<li>BARBOSA, A. C. Q., CRUZ, M. V. G. An\u00e1lise Institucional da Seguran\u00e7a P\u00fablica: Um Caso de Pol\u00edcia no Brasil In: EnANPAD, 2004, Curitiba. Anais do EnANPAD &#8211; Associa\u00e7\u00e3o Nacional de P\u00f3s-Gradua\u00e7\u00e3o e Pesquisa em Administra\u00e7\u00e3o. Curitiba: ANPAD, 2004. v.CDROM.<\/li>\n<li>BARBOSA, A. C. Q., GUZMAN, G. A. C., Rodrigues, M. A., SCIANNI, M. A. Gest\u00e3o de Compet\u00eancias como Transfer\u00eancia de Conhecimento Organizacional In: XXIII Simp\u00f3sio de Gest\u00e3o da Inova\u00e7\u00e3o Tecnol\u00f3gica, 2004, Curitiba. Anais do XXIII Simp\u00f3sio de Gest\u00e3o da Inova\u00e7\u00e3o Tecnol\u00f3gica. S\u00e3o Paulo: N\u00facleo de Pol\u00edticas e Gest\u00e3o Tecnol\u00f3gica &#8211; PGT\/USP, 2004.<\/li>\n<li>BARBOSA, A. C. Q., FERRAZ, D. M., NUNES, S. C. Organiza\u00e7\u00e3o curricular e acad\u00eamica de cursos de gradua\u00e7\u00e3o em administra\u00e7\u00e3o &#8211; In: Encontro de Estudos Organizacionais da ANPAD &#8211; ENEO, 2004, Atibaia. Anais do ENEO. Atibaia: ANPAD, 2004.<\/li>\n<li>BARBOSA, A. C. Q., FERRAZ, D. M., AVILA, F. B. Recursos Humanos em Dire\u00e7\u00e3o ao Futuro ? A Gest\u00e3o de Compet\u00eancias em Empresas de Telefonia M\u00f3vel In: EnANPAD 2004, 2004, Curitiba. Anais do EnANPAD. Curitiba: ANPAD, 2004. v.CDROM.<\/li>\n<\/ol>\n<h3>Relat\u00f3rio de Pesquisa<\/h3>\n<ol>\n<li>BARBOSA, A. C. Q. Compet\u00eancias no Brasil Um olhar sobre os modelos organizacionais de grandes empresas de Minas Gerais, Rio de Janeiro, Rio Grande do Sul e S\u00e3o Paulo. Belo Horizonte: UFMG\/CNPq, 2005 (Relat\u00f3rio de Pesquisa)<\/li>\n<\/ol>\n","protected":false},"excerpt":{"rendered":"<p>Publica\u00e7\u00f5es at\u00e9 2005. O Nig.one informa que as publica\u00e7\u00f5es mencionadas abaixo est\u00e3o dispon\u00edveis na Biblioteca da FACE\/UFMG bem como as de 2006 e 2007. Trabalhos acad\u00eamicos BARBOSA, A. C. Q., &hellip; <a href=\"https:\/\/pesquisas.face.ufmg.br\/nigone\/publicacoes\/\" class=\"more-link\">Continue reading <span class=\"screen-reader-text\">Publica\u00e7\u00f5es<\/span><\/a><\/p>\n","protected":false},"author":1,"featured_media":0,"parent":0,"menu_order":0,"comment_status":"closed","ping_status":"closed","template":"","meta":{"_crdt_document":"","_exactmetrics_skip_tracking":false,"_exactmetrics_sitenote_active":false,"_exactmetrics_sitenote_note":"","_exactmetrics_sitenote_category":0,"footnotes":""},"class_list":["post-19","page","type-page","status-publish","hentry"],"_links":{"self":[{"href":"https:\/\/pesquisas.face.ufmg.br\/nigone\/wp-json\/wp\/v2\/pages\/19","targetHints":{"allow":["GET"]}}],"collection":[{"href":"https:\/\/pesquisas.face.ufmg.br\/nigone\/wp-json\/wp\/v2\/pages"}],"about":[{"href":"https:\/\/pesquisas.face.ufmg.br\/nigone\/wp-json\/wp\/v2\/types\/page"}],"author":[{"embeddable":true,"href":"https:\/\/pesquisas.face.ufmg.br\/nigone\/wp-json\/wp\/v2\/users\/1"}],"replies":[{"embeddable":true,"href":"https:\/\/pesquisas.face.ufmg.br\/nigone\/wp-json\/wp\/v2\/comments?post=19"}],"version-history":[{"count":1,"href":"https:\/\/pesquisas.face.ufmg.br\/nigone\/wp-json\/wp\/v2\/pages\/19\/revisions"}],"predecessor-version":[{"id":21,"href":"https:\/\/pesquisas.face.ufmg.br\/nigone\/wp-json\/wp\/v2\/pages\/19\/revisions\/21"}],"wp:attachment":[{"href":"https:\/\/pesquisas.face.ufmg.br\/nigone\/wp-json\/wp\/v2\/media?parent=19"}],"curies":[{"name":"wp","href":"https:\/\/api.w.org\/{rel}","templated":true}]}}