{"id":15,"date":"2015-11-16T11:41:30","date_gmt":"2015-11-16T11:41:30","guid":{"rendered":"http:\/\/pesquisas.face.ufmg.br\/nigone\/?page_id=15"},"modified":"2015-11-16T11:41:30","modified_gmt":"2015-11-16T11:41:30","slug":"linhas-de-pesquisa","status":"publish","type":"page","link":"https:\/\/pesquisas.face.ufmg.br\/nigone\/linhas-de-pesquisa\/","title":{"rendered":"Linhas de pesquisa"},"content":{"rendered":"<ul>\n<li>Rela\u00e7\u00f5es de Poder e de Trabalho;<\/li>\n<li>Novas Tecnologias Gerenciais;<\/li>\n<li>Estrat\u00e9gias Competitivas, Cultura Organizacional Nacional e Internacional.<\/li>\n<\/ul>\n<h3>Projetos em Andamento<\/h3>\n<ol>\n<li>Gest\u00e3o de Compet\u00eancias: da Experi\u00eancia Organizacional \u00e0 Proposta Setorial e\/ou por Categorias Profissionais Um Estudo de Modelos Setoriais e\/ou por Categorias Profissionais no Brasil (Respons\u00e1vel: Allan Claudius Queiroz Barbosa)<\/li>\n<li>Gest\u00e3o das Organiza\u00e7\u00f5es no Contexto da Internacionaliza\u00e7\u00e3o da Economia O Papel do Estado e as Pr\u00e1ticas da Gest\u00e3o de Recursos Humanos e Compet\u00eancias em Empresas do Brasil e de Portugal (Respons\u00e1veis: Allan Claudius Queiroz Barbosa e Joaquim Ramos Silva)<\/li>\n<li>A Inser\u00e7\u00e3o das Compet\u00eancias no Curso de Gradua\u00e7\u00e3o em Administra\u00e7\u00e3o: Um Estudo em Universidades Brasileiras (Respons\u00e1vel: Simone Costa Nunes)<\/li>\n<li>Sucess\u00e3o em Empresas Familiares: Pr\u00e1ticas de Forma\u00e7\u00e3o de Sucessores em Empresas Brasileiras (Respons\u00e1vel: Renata Barcelos Moreira Santos)<\/li>\n<li>Estrutura Organizacional e a Forma\u00e7\u00e3o de Estrat\u00e9gias: Um Estudo no Setor de Telecomunica\u00e7\u00f5es Brasileiro (Respons\u00e1vel: Aline Saraiva Teixeira)<\/li>\n<li>Recrutamento e Sele\u00e7\u00e3o em Grandes Organiza\u00e7\u00f5es Brasileiras: Realidade e\/ou Utopia . Um Estudo em empresas de Minas Gerais (Respons\u00e1vel: L\u00edvia Sayuri Jacob Toma)<\/li>\n<li>Inova\u00e7\u00f5es e Gest\u00e3o de Compet\u00eancias em Organiza\u00e7\u00f5es (Respons\u00e1veis: Marcelo Alvim Scianni, Daniel Paulino Teixeira Lopes)<\/li>\n<li>ONG\u00b4s (Respons\u00e1vel: Allan Claudius Queiroz Barbosa)<\/li>\n<li>Economia e Gest\u00e3o do Lazer em Organiza\u00e7\u00f5es (Respons\u00e1vel: Eduardo Penna de S\u00e1)<\/li>\n<li>Consultoria em Recursos Humanos, Estrutura Organizacional e Organiza\u00e7\u00e3o (Respons\u00e1veis: Marcelo Alvim Scianni, Allan Claudius Queiroz Barbosa, Daniel Paulino Teixeira Lopes)<\/li>\n<li>Observat\u00f3rio de Recursos Humanos em Sa\u00fade (Respons\u00e1veis: J\u00fania Mar\u00e7al Rodrigues, Allan Claudius Queiroz Barbosa)<\/li>\n<li>Pesquisa Salarial Nacional na \u00c1rea de Sa\u00fade (Respons\u00e1veis: Allan Claudius Queiroz Barbosa e J\u00fania Mar\u00e7al Rodrigues)<\/li>\n<li>Gest\u00e3o de Recursos Humanos e do Trabalho Estudos Sobre Gest\u00e3o P\u00fablica<\/li>\n<\/ol>\n","protected":false},"excerpt":{"rendered":"<p>Rela\u00e7\u00f5es de Poder e de Trabalho; Novas Tecnologias Gerenciais; Estrat\u00e9gias Competitivas, Cultura Organizacional Nacional e Internacional. Projetos em Andamento Gest\u00e3o de Compet\u00eancias: da Experi\u00eancia Organizacional \u00e0 Proposta Setorial e\/ou por &hellip; <a href=\"https:\/\/pesquisas.face.ufmg.br\/nigone\/linhas-de-pesquisa\/\" class=\"more-link\">Continue reading <span class=\"screen-reader-text\">Linhas de pesquisa<\/span><\/a><\/p>\n","protected":false},"author":1,"featured_media":0,"parent":0,"menu_order":0,"comment_status":"closed","ping_status":"closed","template":"","meta":{"_crdt_document":"","_exactmetrics_skip_tracking":false,"_exactmetrics_sitenote_active":false,"_exactmetrics_sitenote_note":"","_exactmetrics_sitenote_category":0,"footnotes":""},"class_list":["post-15","page","type-page","status-publish","hentry"],"_links":{"self":[{"href":"https:\/\/pesquisas.face.ufmg.br\/nigone\/wp-json\/wp\/v2\/pages\/15","targetHints":{"allow":["GET"]}}],"collection":[{"href":"https:\/\/pesquisas.face.ufmg.br\/nigone\/wp-json\/wp\/v2\/pages"}],"about":[{"href":"https:\/\/pesquisas.face.ufmg.br\/nigone\/wp-json\/wp\/v2\/types\/page"}],"author":[{"embeddable":true,"href":"https:\/\/pesquisas.face.ufmg.br\/nigone\/wp-json\/wp\/v2\/users\/1"}],"replies":[{"embeddable":true,"href":"https:\/\/pesquisas.face.ufmg.br\/nigone\/wp-json\/wp\/v2\/comments?post=15"}],"version-history":[{"count":1,"href":"https:\/\/pesquisas.face.ufmg.br\/nigone\/wp-json\/wp\/v2\/pages\/15\/revisions"}],"predecessor-version":[{"id":17,"href":"https:\/\/pesquisas.face.ufmg.br\/nigone\/wp-json\/wp\/v2\/pages\/15\/revisions\/17"}],"wp:attachment":[{"href":"https:\/\/pesquisas.face.ufmg.br\/nigone\/wp-json\/wp\/v2\/media?parent=15"}],"curies":[{"name":"wp","href":"https:\/\/api.w.org\/{rel}","templated":true}]}}