{"id":12,"date":"2015-11-16T11:39:50","date_gmt":"2015-11-16T11:39:50","guid":{"rendered":"http:\/\/pesquisas.face.ufmg.br\/nigone\/?page_id=12"},"modified":"2015-11-25T20:03:58","modified_gmt":"2015-11-25T20:03:58","slug":"atuacao","status":"publish","type":"page","link":"https:\/\/pesquisas.face.ufmg.br\/nigone\/atuacao\/","title":{"rendered":"Atua\u00e7\u00e3o"},"content":{"rendered":"<p>O Nig.one \u00e9 o <strong>N\u00facleo por excel\u00eancia<\/strong> na discuss\u00e3o dos temas ligados \u00e0 gest\u00e3o de recursos humanos em sua l\u00f3gica organizacional. Atua em diferentes campos da gest\u00e3o em<strong>organiza\u00e7\u00f5es p\u00fablicas , privadas e n\u00e3o lucrativas<\/strong>, desenvolvendo atividades de pesquisa, extens\u00e3o e consultoria. Atua nas seguintes \u00e1reas:<\/p>\n<p><strong>Gest\u00e3o de Recursos Humanos e do Trabalho, com \u00eanfase em:<\/strong><\/p>\n<p><strong>Remunera\u00e7\u00e3o Estrat\u00e9gica<\/strong><br \/>\n<strong>Carreiras <\/strong><br \/>\n<strong>Avalia\u00e7\u00e3o de Resultados e Desempenho<\/strong><br \/>\n<strong>Compet\u00eancias Organizacionais e Individuais<\/strong><br \/>\n<strong>Desenvolvimento de Recursos Humanos <\/strong><br \/>\n<strong>Recrutamento e Sele\u00e7\u00e3o<\/strong><br \/>\n<strong>Rela\u00e7\u00f5es de Trabalho <\/strong><\/p>\n<p>E demais atividades funcionais relacionadas \u00e0 gest\u00e3o de recursos humanos.<\/p>\n<p>&#8211; <strong>Estruturas e Formatos Organizacionais<\/strong>, contribuindo na formula\u00e7\u00e3o de arquiteturas organizacionais condizentes aos des\u00edgnios contempor\u00e2neos;<\/p>\n<p>&#8211; <strong>Processos de Trabalho<\/strong> e de <strong>Melhoria na Gest\u00e3o de Organiza\u00e7\u00f5es <\/strong><\/p>\n<p>&#8211; <strong>Gest\u00e3o e Pol\u00edticas P\u00fablicas<\/strong><\/p>\n","protected":false},"excerpt":{"rendered":"<p>O Nig.one \u00e9 o N\u00facleo por excel\u00eancia na discuss\u00e3o dos temas ligados \u00e0 gest\u00e3o de recursos humanos em sua l\u00f3gica organizacional. Atua em diferentes campos da gest\u00e3o emorganiza\u00e7\u00f5es p\u00fablicas , &hellip; <a href=\"https:\/\/pesquisas.face.ufmg.br\/nigone\/atuacao\/\" class=\"more-link\">Continue reading <span class=\"screen-reader-text\">Atua\u00e7\u00e3o<\/span><\/a><\/p>\n","protected":false},"author":1,"featured_media":0,"parent":0,"menu_order":0,"comment_status":"closed","ping_status":"closed","template":"","meta":{"_crdt_document":"","_exactmetrics_skip_tracking":false,"_exactmetrics_sitenote_active":false,"_exactmetrics_sitenote_note":"","_exactmetrics_sitenote_category":0,"footnotes":""},"class_list":["post-12","page","type-page","status-publish","hentry"],"_links":{"self":[{"href":"https:\/\/pesquisas.face.ufmg.br\/nigone\/wp-json\/wp\/v2\/pages\/12","targetHints":{"allow":["GET"]}}],"collection":[{"href":"https:\/\/pesquisas.face.ufmg.br\/nigone\/wp-json\/wp\/v2\/pages"}],"about":[{"href":"https:\/\/pesquisas.face.ufmg.br\/nigone\/wp-json\/wp\/v2\/types\/page"}],"author":[{"embeddable":true,"href":"https:\/\/pesquisas.face.ufmg.br\/nigone\/wp-json\/wp\/v2\/users\/1"}],"replies":[{"embeddable":true,"href":"https:\/\/pesquisas.face.ufmg.br\/nigone\/wp-json\/wp\/v2\/comments?post=12"}],"version-history":[{"count":3,"href":"https:\/\/pesquisas.face.ufmg.br\/nigone\/wp-json\/wp\/v2\/pages\/12\/revisions"}],"predecessor-version":[{"id":74,"href":"https:\/\/pesquisas.face.ufmg.br\/nigone\/wp-json\/wp\/v2\/pages\/12\/revisions\/74"}],"wp:attachment":[{"href":"https:\/\/pesquisas.face.ufmg.br\/nigone\/wp-json\/wp\/v2\/media?parent=12"}],"curies":[{"name":"wp","href":"https:\/\/api.w.org\/{rel}","templated":true}]}}