{"id":33,"date":"2019-11-01T19:51:18","date_gmt":"2019-11-01T21:51:18","guid":{"rendered":"https:\/\/pesquisas.face.ufmg.br\/neps\/?page_id=33"},"modified":"2019-11-01T20:56:11","modified_gmt":"2019-11-01T22:56:11","slug":"sobre-o-neps","status":"publish","type":"page","link":"https:\/\/pesquisas.face.ufmg.br\/neps\/","title":{"rendered":"Sobre o NEPS"},"content":{"rendered":"\n<p class=\"wp-block-paragraph\">O&nbsp;<strong>N\u00facleo de Estudos em Participa\u00e7\u00e3o e Subjetividade&nbsp;(NEPS)<\/strong>&nbsp;\u00e9 um espa\u00e7o para constru\u00e7\u00e3o cr\u00edtica e interdisciplinar do conhecimento, que tem como objetivo construir caminhos \u00e9ticos e alternativos para organiza\u00e7\u00f5es e grupos sociais.&nbsp;<\/p>\n","protected":false},"excerpt":{"rendered":"<p>O&nbsp;N\u00facleo de Estudos em Participa\u00e7\u00e3o e Subjetividade&nbsp;(NEPS)&nbsp;\u00e9 um espa\u00e7o para constru\u00e7\u00e3o cr\u00edtica e interdisciplinar do conhecimento, que tem como objetivo construir caminhos \u00e9ticos e alternativos para organiza\u00e7\u00f5es e grupos sociais.&nbsp;<\/p>\n","protected":false},"author":10,"featured_media":0,"parent":0,"menu_order":0,"comment_status":"closed","ping_status":"closed","template":"page-nosidebar-notitle.php","meta":{"_crdt_document":"","_exactmetrics_skip_tracking":false,"_exactmetrics_sitenote_active":false,"_exactmetrics_sitenote_note":"","_exactmetrics_sitenote_category":0,"footnotes":""},"class_list":["post-33","page","type-page","status-publish","hentry"],"_links":{"self":[{"href":"https:\/\/pesquisas.face.ufmg.br\/neps\/wp-json\/wp\/v2\/pages\/33","targetHints":{"allow":["GET"]}}],"collection":[{"href":"https:\/\/pesquisas.face.ufmg.br\/neps\/wp-json\/wp\/v2\/pages"}],"about":[{"href":"https:\/\/pesquisas.face.ufmg.br\/neps\/wp-json\/wp\/v2\/types\/page"}],"author":[{"embeddable":true,"href":"https:\/\/pesquisas.face.ufmg.br\/neps\/wp-json\/wp\/v2\/users\/10"}],"replies":[{"embeddable":true,"href":"https:\/\/pesquisas.face.ufmg.br\/neps\/wp-json\/wp\/v2\/comments?post=33"}],"version-history":[{"count":3,"href":"https:\/\/pesquisas.face.ufmg.br\/neps\/wp-json\/wp\/v2\/pages\/33\/revisions"}],"predecessor-version":[{"id":60,"href":"https:\/\/pesquisas.face.ufmg.br\/neps\/wp-json\/wp\/v2\/pages\/33\/revisions\/60"}],"wp:attachment":[{"href":"https:\/\/pesquisas.face.ufmg.br\/neps\/wp-json\/wp\/v2\/media?parent=33"}],"curies":[{"name":"wp","href":"https:\/\/api.w.org\/{rel}","templated":true}]}}