{"id":31,"date":"2019-11-01T19:51:17","date_gmt":"2019-11-01T21:51:17","guid":{"rendered":"https:\/\/pesquisas.face.ufmg.br\/neps\/?page_id=31"},"modified":"2019-11-01T20:58:27","modified_gmt":"2019-11-01T22:58:27","slug":"parcerias","status":"publish","type":"page","link":"https:\/\/pesquisas.face.ufmg.br\/neps\/parcerias\/","title":{"rendered":"Parcerias"},"content":{"rendered":"\n<ul class=\"wp-block-list\"><li>Grupo Organiza\u00e7\u00f5es, Racionalidade e Desenvolvimento (UFSC)<\/li><li>Grupo Gest\u00e3o P\u00fablica e Cidadania (EBAPE-FGV)<\/li><li>Instituto de Estudos Avan\u00e7ados Transdisciplinares (IEAT-UFMG)<\/li><li>Observat\u00f3rio de Pol\u00edticas P\u00fablicas: Estudos Territoriais e Equidade (UNB)<\/li><li>Observat\u00f3rio do Movimento pela Tecnologia Social na Am\u00e9rica Latina (OBMTS-UNB)<\/li><li>Programa de P\u00f3s-Gradua\u00e7\u00e3o em Administra\u00e7\u00e3o da&nbsp;UFES<\/li><\/ul>\n","protected":false},"excerpt":{"rendered":"<p>Grupo Organiza\u00e7\u00f5es, Racionalidade e Desenvolvimento (UFSC) Grupo Gest\u00e3o P\u00fablica e Cidadania (EBAPE-FGV) Instituto de Estudos Avan\u00e7ados Transdisciplinares (IEAT-UFMG) Observat\u00f3rio de Pol\u00edticas P\u00fablicas: Estudos Territoriais e Equidade (UNB) Observat\u00f3rio do Movimento [&hellip;]<\/p>\n","protected":false},"author":10,"featured_media":0,"parent":0,"menu_order":0,"comment_status":"closed","ping_status":"closed","template":"page-nosidebar-notitle.php","meta":{"_crdt_document":"","_exactmetrics_skip_tracking":false,"_exactmetrics_sitenote_active":false,"_exactmetrics_sitenote_note":"","_exactmetrics_sitenote_category":0,"footnotes":""},"class_list":["post-31","page","type-page","status-publish","hentry"],"_links":{"self":[{"href":"https:\/\/pesquisas.face.ufmg.br\/neps\/wp-json\/wp\/v2\/pages\/31","targetHints":{"allow":["GET"]}}],"collection":[{"href":"https:\/\/pesquisas.face.ufmg.br\/neps\/wp-json\/wp\/v2\/pages"}],"about":[{"href":"https:\/\/pesquisas.face.ufmg.br\/neps\/wp-json\/wp\/v2\/types\/page"}],"author":[{"embeddable":true,"href":"https:\/\/pesquisas.face.ufmg.br\/neps\/wp-json\/wp\/v2\/users\/10"}],"replies":[{"embeddable":true,"href":"https:\/\/pesquisas.face.ufmg.br\/neps\/wp-json\/wp\/v2\/comments?post=31"}],"version-history":[{"count":4,"href":"https:\/\/pesquisas.face.ufmg.br\/neps\/wp-json\/wp\/v2\/pages\/31\/revisions"}],"predecessor-version":[{"id":65,"href":"https:\/\/pesquisas.face.ufmg.br\/neps\/wp-json\/wp\/v2\/pages\/31\/revisions\/65"}],"wp:attachment":[{"href":"https:\/\/pesquisas.face.ufmg.br\/neps\/wp-json\/wp\/v2\/media?parent=31"}],"curies":[{"name":"wp","href":"https:\/\/api.w.org\/{rel}","templated":true}]}}