{"id":30,"date":"2019-11-01T19:51:17","date_gmt":"2019-11-01T21:51:17","guid":{"rendered":"https:\/\/pesquisas.face.ufmg.br\/neps\/?page_id=30"},"modified":"2019-11-06T15:44:50","modified_gmt":"2019-11-06T17:44:50","slug":"temas-de-pesquisa","status":"publish","type":"page","link":"https:\/\/pesquisas.face.ufmg.br\/neps\/temas-de-pesquisa\/","title":{"rendered":"Temas de Pesquisa"},"content":{"rendered":"\n<p class=\"wp-block-paragraph\">As pesquisas realizadas pelo\u00a0<strong>NEPS<\/strong>\u00a0exploram abordagens como a teoria cr\u00edtica, a psican\u00e1lise e a psicologia social e pol\u00edtica, privilegiando enfoques\u00a0metodol\u00f3gicos\u00a0qualitativos\u00a0e dial\u00e9ticos\u00a0e incentivando estudos te\u00f3ricos, emp\u00edricos, bem como media\u00e7\u00f5es s\u00f3cio-anal\u00edticas por meio da pesquisa-a\u00e7\u00e3o.\u00a0<\/p> <p class=\"wp-block-paragraph\">Os principais temas de pesquisa do&nbsp;<strong>NEPS<\/strong>&nbsp;s\u00e3o:\u200b\u200b<\/p> <ul class=\"wp-block-list\"><li>Movimentos Sociais, Participa\u00e7\u00e3o Social e Ciberdemocracia<\/li><li>Subjetividade, Psicossociologia, Psicologia Pol\u00edtica e Psican\u00e1lise de Grupos e Organiza\u00e7\u00f5es<\/li><li>Experi\u00eancias Alternativas, Economia Solid\u00e1ria e Tecnologias Sociais<\/li><li>Gest\u00e3o Dial\u00f3gica, Gest\u00e3o Colaborativa\u00a0e Autogest\u00e3o<\/li><\/ul>\n","protected":false},"excerpt":{"rendered":"<p>As pesquisas realizadas pelo\u00a0NEPS\u00a0exploram abordagens como a teoria cr\u00edtica, a psican\u00e1lise e a psicologia social e pol\u00edtica, privilegiando enfoques\u00a0metodol\u00f3gicos\u00a0qualitativos\u00a0e dial\u00e9ticos\u00a0e incentivando estudos te\u00f3ricos, emp\u00edricos, bem como media\u00e7\u00f5es s\u00f3cio-anal\u00edticas por meio [&hellip;]<\/p>\n","protected":false},"author":10,"featured_media":0,"parent":0,"menu_order":0,"comment_status":"closed","ping_status":"closed","template":"page-nosidebar-notitle.php","meta":{"_crdt_document":"","_exactmetrics_skip_tracking":false,"_exactmetrics_sitenote_active":false,"_exactmetrics_sitenote_note":"","_exactmetrics_sitenote_category":0,"footnotes":""},"class_list":["post-30","page","type-page","status-publish","hentry"],"_links":{"self":[{"href":"https:\/\/pesquisas.face.ufmg.br\/neps\/wp-json\/wp\/v2\/pages\/30","targetHints":{"allow":["GET"]}}],"collection":[{"href":"https:\/\/pesquisas.face.ufmg.br\/neps\/wp-json\/wp\/v2\/pages"}],"about":[{"href":"https:\/\/pesquisas.face.ufmg.br\/neps\/wp-json\/wp\/v2\/types\/page"}],"author":[{"embeddable":true,"href":"https:\/\/pesquisas.face.ufmg.br\/neps\/wp-json\/wp\/v2\/users\/10"}],"replies":[{"embeddable":true,"href":"https:\/\/pesquisas.face.ufmg.br\/neps\/wp-json\/wp\/v2\/comments?post=30"}],"version-history":[{"count":3,"href":"https:\/\/pesquisas.face.ufmg.br\/neps\/wp-json\/wp\/v2\/pages\/30\/revisions"}],"predecessor-version":[{"id":91,"href":"https:\/\/pesquisas.face.ufmg.br\/neps\/wp-json\/wp\/v2\/pages\/30\/revisions\/91"}],"wp:attachment":[{"href":"https:\/\/pesquisas.face.ufmg.br\/neps\/wp-json\/wp\/v2\/media?parent=30"}],"curies":[{"name":"wp","href":"https:\/\/api.w.org\/{rel}","templated":true}]}}