{"id":29,"date":"2019-11-01T19:51:16","date_gmt":"2019-11-01T21:51:16","guid":{"rendered":"https:\/\/pesquisas.face.ufmg.br\/neps\/?page_id=29"},"modified":"2019-11-01T20:57:28","modified_gmt":"2019-11-01T22:57:28","slug":"objetivos-e-atuacao","status":"publish","type":"page","link":"https:\/\/pesquisas.face.ufmg.br\/neps\/objetivos-e-atuacao\/","title":{"rendered":"Objetivos e Atua\u00e7\u00e3o"},"content":{"rendered":"\n<p class=\"wp-block-paragraph\">O objetivo principal do&nbsp;<strong>NEPS<\/strong><strong>&nbsp;<\/strong>\u00e9 alcan\u00e7ar um n\u00edvel\nde conhecimento cr\u00edtico e interdisciplinar&nbsp;sobre a participa\u00e7\u00e3o e a\nsubjetividade, por meio das seguintes atividades:<\/p> <p class=\"wp-block-paragraph\">\u00b7&nbsp; Pesquisa,\nprodu\u00e7\u00e3o acad\u00eamica e dissemina\u00e7\u00e3o de conhecimento;<\/p> <p class=\"wp-block-paragraph\">\u00b7&nbsp; Forma\u00e7\u00e3o\nde docentes,&nbsp;pesquisadores e gestores;<\/p> <p class=\"wp-block-paragraph\">\u00b7&nbsp; Media\u00e7\u00f5es\nsocioanal\u00edticas e participativas em grupos e organiza\u00e7\u00f5es;<\/p> <p class=\"wp-block-paragraph\">\u00b7&nbsp; Est\u00edmulo\ne fomento \u00e0s atividades de extens\u00e3o;<\/p> <p class=\"wp-block-paragraph\">\u00b7&nbsp; Parcerias\ne forma\u00e7\u00e3o de redes com pesquisadores de outra institui\u00e7\u00f5es e outras \u00e1reas do\nconhecimento.<\/p>\n","protected":false},"excerpt":{"rendered":"<p>O objetivo principal do&nbsp;NEPS&nbsp;\u00e9 alcan\u00e7ar um n\u00edvel de conhecimento cr\u00edtico e interdisciplinar&nbsp;sobre a participa\u00e7\u00e3o e a subjetividade, por meio das seguintes atividades: \u00b7&nbsp; Pesquisa, produ\u00e7\u00e3o acad\u00eamica e dissemina\u00e7\u00e3o de conhecimento; [&hellip;]<\/p>\n","protected":false},"author":10,"featured_media":0,"parent":0,"menu_order":0,"comment_status":"closed","ping_status":"closed","template":"page-nosidebar-notitle.php","meta":{"_crdt_document":"","_exactmetrics_skip_tracking":false,"_exactmetrics_sitenote_active":false,"_exactmetrics_sitenote_note":"","_exactmetrics_sitenote_category":0,"footnotes":""},"class_list":["post-29","page","type-page","status-publish","hentry"],"_links":{"self":[{"href":"https:\/\/pesquisas.face.ufmg.br\/neps\/wp-json\/wp\/v2\/pages\/29","targetHints":{"allow":["GET"]}}],"collection":[{"href":"https:\/\/pesquisas.face.ufmg.br\/neps\/wp-json\/wp\/v2\/pages"}],"about":[{"href":"https:\/\/pesquisas.face.ufmg.br\/neps\/wp-json\/wp\/v2\/types\/page"}],"author":[{"embeddable":true,"href":"https:\/\/pesquisas.face.ufmg.br\/neps\/wp-json\/wp\/v2\/users\/10"}],"replies":[{"embeddable":true,"href":"https:\/\/pesquisas.face.ufmg.br\/neps\/wp-json\/wp\/v2\/comments?post=29"}],"version-history":[{"count":3,"href":"https:\/\/pesquisas.face.ufmg.br\/neps\/wp-json\/wp\/v2\/pages\/29\/revisions"}],"predecessor-version":[{"id":62,"href":"https:\/\/pesquisas.face.ufmg.br\/neps\/wp-json\/wp\/v2\/pages\/29\/revisions\/62"}],"wp:attachment":[{"href":"https:\/\/pesquisas.face.ufmg.br\/neps\/wp-json\/wp\/v2\/media?parent=29"}],"curies":[{"name":"wp","href":"https:\/\/api.w.org\/{rel}","templated":true}]}}