{"id":305,"date":"2017-08-01T23:56:28","date_gmt":"2017-08-02T02:56:28","guid":{"rendered":"http:\/\/pesquisas.face.ufmg.br\/nemea\/?page_id=305"},"modified":"2017-08-01T23:58:18","modified_gmt":"2017-08-02T02:58:18","slug":"links","status":"publish","type":"page","link":"https:\/\/pesquisas.face.ufmg.br\/nemea\/links\/","title":{"rendered":"Links"},"content":{"rendered":"<ul>\n<li><a href=\"https:\/\/unstats.un.org\/unsd\/envaccounting\/seea.asp\" target=\"_blank\" rel=\"noopener\">System of Environmental-Economic Accounting (SEEA)<\/a><br \/>\nPublica\u00e7\u00f5es sobre as metodologias do Sistema de Contas Econ\u00f4micas-Ambientais:<\/li>\n<\/ul>\n<p>&nbsp;<\/p>\n<ul>\n<li><a href=\"http:\/\/www.ipbes.net\/\" target=\"_blank\" rel=\"noopener\">Intergovernmental Science-Policty Platform on Biodiversity and Ecosystem Services (IPBES)<\/a><br \/>\nPublica\u00e7\u00f5es sobre avan\u00e7os cient\u00edficos de mensura\u00e7\u00e3o da biodiversidade e servi\u00e7os ecossist\u00eamicos:<\/li>\n<\/ul>\n<p>&nbsp;<\/p>\n<p>&nbsp;<\/p>\n<p>&nbsp;<\/p>\n","protected":false},"excerpt":{"rendered":"<p>System of Environmental-Economic Accounting (SEEA) Publica\u00e7\u00f5es sobre as metodologias do Sistema de Contas Econ\u00f4micas-Ambientais: &nbsp; Intergovernmental Science-Policty Platform on Biodiversity and Ecosystem Services (IPBES) Publica\u00e7\u00f5es sobre avan\u00e7os cient\u00edficos de mensura\u00e7\u00e3o&#8230; <\/p>\n","protected":false},"author":15,"featured_media":0,"parent":0,"menu_order":0,"comment_status":"closed","ping_status":"closed","template":"","meta":{"_crdt_document":"","_exactmetrics_skip_tracking":false,"_exactmetrics_sitenote_active":false,"_exactmetrics_sitenote_note":"","_exactmetrics_sitenote_category":0,"footnotes":""},"class_list":["post-305","page","type-page","status-publish","hentry"],"_links":{"self":[{"href":"https:\/\/pesquisas.face.ufmg.br\/nemea\/wp-json\/wp\/v2\/pages\/305","targetHints":{"allow":["GET"]}}],"collection":[{"href":"https:\/\/pesquisas.face.ufmg.br\/nemea\/wp-json\/wp\/v2\/pages"}],"about":[{"href":"https:\/\/pesquisas.face.ufmg.br\/nemea\/wp-json\/wp\/v2\/types\/page"}],"author":[{"embeddable":true,"href":"https:\/\/pesquisas.face.ufmg.br\/nemea\/wp-json\/wp\/v2\/users\/15"}],"replies":[{"embeddable":true,"href":"https:\/\/pesquisas.face.ufmg.br\/nemea\/wp-json\/wp\/v2\/comments?post=305"}],"version-history":[{"count":3,"href":"https:\/\/pesquisas.face.ufmg.br\/nemea\/wp-json\/wp\/v2\/pages\/305\/revisions"}],"predecessor-version":[{"id":377,"href":"https:\/\/pesquisas.face.ufmg.br\/nemea\/wp-json\/wp\/v2\/pages\/305\/revisions\/377"}],"wp:attachment":[{"href":"https:\/\/pesquisas.face.ufmg.br\/nemea\/wp-json\/wp\/v2\/media?parent=305"}],"curies":[{"name":"wp","href":"https:\/\/api.w.org\/{rel}","templated":true}]}}