{"id":253,"date":"2017-06-15T02:00:58","date_gmt":"2017-06-15T05:00:58","guid":{"rendered":"http:\/\/pesquisas.face.ufmg.br\/nemea\/?page_id=253"},"modified":"2024-06-07T13:01:53","modified_gmt":"2024-06-07T16:01:53","slug":"projetos","status":"publish","type":"page","link":"https:\/\/pesquisas.face.ufmg.br\/nemea\/projetos\/","title":{"rendered":"Projetos"},"content":{"rendered":"<h1><strong>2022 &#8211; Atual<\/strong><\/h1>\n<p><span style=\"color: #cc4949\"><b>Impactos Econ\u00f4micos da Gera\u00e7\u00e3o Solar Distribu\u00edda no Estado de Minas Gerais<\/b><\/span><\/p>\n<p>Descri\u00e7\u00e3o: Este projeto tem por objetivo mensurar os impactos da gera\u00e7\u00e3o solar ftovoltaica no \u00e2mbito da gera\u00e7\u00e3o distribu\u00edda em Minas Gerais, considerando os investimentos j\u00e1 realizados e os impactos relacionados as implica\u00e7\u00f5es do marco regulat\u00f3rio estipulado pela Lei 14.300, sendo implementada uma modelagem inter-regional de equil\u00edbrio geral comput\u00e1vel. Projeto em rede entre UFMG; UFJF; UNIFEI e UNIFAL.<\/p>\n<p>Coordenador: Edson Paulo Domingues (<u><a href=\"http:\/\/lattes.cnpq.br\/2059703319050475\">Lattes<\/a><\/u>)<br \/>\nFinanciador(es): FAPEMIG<\/p>\n<h1><strong>2020 &#8211; 2023<\/strong><\/h1>\n<p><span style=\"color: #cc4949\"><b>Nova Economia da Amaz\u00f4nia<\/b><\/span><\/p>\n<p>Descri\u00e7\u00e3o: Estudo desenvolvido pelo WRI Brasil em parceria com 76 especialistas de institui\u00e7\u00f5es cient\u00edficas de diversas regi\u00f5es do pa\u00eds. O trabalho mostra que manter a floresta de p\u00e9 n\u00e3o \u00e9 uma amea\u00e7a para o desenvolvimento, muito pelo contr\u00e1rio, \u00e9 uma oportunidade de crescimento qualificado e inclusivo para a regi\u00e3o.Ao reconhecer a urg\u00eancia social, ambiental e clim\u00e1tica de desenvolver a Amaz\u00f4nia Legal de forma sustent\u00e1vel e inovadora, o projeto apresenta caminhos para estruturar uma economia moderna e livre de desmatamento, impulsionando a descarboniza\u00e7\u00e3o de toda a economia brasileira.<\/p>\n<p>Coordenador: Edson Paulo Domingues (<u><a href=\"http:\/\/lattes.cnpq.br\/2059703319050475\">Lattes<\/a><\/u>)<br \/>\nFinanciador(es): WRI Brasil<\/p>\n<h1><strong>2019 &#8211; 2021<\/strong><\/h1>\n<p><span style=\"color: #cc4949\"><b>Mapa da Educa\u00e7\u00e3o Superior no Brasil<\/b><\/span><\/p>\n<p>Descri\u00e7\u00e3o: Analisar, por meio de cen\u00e1rios prospectivos, a din\u00e2mica econ\u00f4mica e o mercado de trabalho futuro. Essa demanda estimada \u00e9 cotejada com a forma\u00e7\u00e3o de recursos humanos, tendo em vista apoiar o planejamento estrat\u00e9gico da oferta de vagas da SESU\/MEC, nos diferentes n\u00edveis de forma\u00e7\u00e3o.<\/p>\n<p>Coordenador: Edson Paulo Domingues (<u><a href=\"http:\/\/lattes.cnpq.br\/2059703319050475\">Lattes<\/a><\/u>)<br \/>\nFinanciador(es): Centro de Gest\u00e3o e Estudos Estrat\u00e9gicos<\/p>\n<h1><strong>2019 &#8211; 2019<\/strong><\/h1>\n<p><span style=\"color: #cc4949\"><b>Pol\u00edtica Comercial e o Setor de Bens de Capital no Brasil<\/b><\/span><\/p>\n<p>Descri\u00e7\u00e3o: An\u00e1lise de propostas de abertura comercial no setor de Bens de Capital no Brasil.<\/p>\n<p>Coordenador: Edson Paulo Domingues (<u><a href=\"http:\/\/lattes.cnpq.br\/2059703319050475\">Lattes<\/a><\/u>)<br \/>\nFinanciador(es): LCA Consultoria<\/p>\n<h1><\/h1>\n<h1><strong>2018 &#8211; Atual<\/strong><\/h1>\n<p><strong><span style=\"color: #cc4949\">Minera\u00e7\u00e3o, Outorga e Recursos H\u00eddricos: um modelo de equil\u00edbrio geral comput\u00e1vel para an\u00e1lise econ\u00f4mica ambiental e regional<\/span><\/strong><br \/>\nDescri\u00e7\u00e3o: O objetivo deste projeto \u00e9 investigar como os investimentos anunciados no setor minerador do estado de Minas Gerais impactam na sua din\u00e2mica de desenvolvimento regional, com foco nos impactos e repercuss\u00f5es ambientais, notadamente sobre o uso de recursos h\u00eddricos.<\/p>\n<p>Coordenador: Aline Souza Magalh\u00e3es\u00a0(<a href=\"http:\/\/lattes.cnpq.br\/2334700749602128\">Lattes<\/a>)<br \/>\nFinanciador(es): Funda\u00e7\u00e3o de Amparo \u00e0 Pesquisa do Estado de Minas Gerais<\/p>\n<h1><\/h1>\n<h1><strong>2017 &#8211; Atual<\/strong><\/h1>\n<p><strong><span style=\"color: #cc4949\">Investimentos setoriais como propulsores do desenvolvimento em Minas Gerais<\/span><\/strong><br \/>\nDescri\u00e7\u00e3o: O objetivo do projeto \u00e9 o desenvolvimento de estudos que identifiquem setores-chave para desenvolvimento, diversifica\u00e7\u00e3o e fortalecimento da economia de Minas Gerais, de acordo com a estrutura econ\u00f4mica e vantagens competitivas espec\u00edficas de suas regi\u00f5es, tendo como foco principal a gera\u00e7\u00e3o de empregos locais. Para isso, faz uso de matrizes de Insumo produto, dados das contas regionais e modelos de Equil\u00edbrio Geral comput\u00e1vel.<\/p>\n<p>Coordenador: Aline Souza Magalh\u00e3es\u00a0(<a href=\"http:\/\/lattes.cnpq.br\/2334700749602128\">Lattes<\/a>)<br \/>\nFinanciador(es): Centro de Gest\u00e3o e Estudos Estrat\u00e9gicos<\/p>\n<h1><\/h1>\n<h1><strong>2017 &#8211; Atual<\/strong><\/h1>\n<p><strong><span style=\"color: #cc4949\">O Mapa da Educa\u00e7\u00e3o Profissional e Tecnol\u00f3gica no Brasil\u00a0<\/span><\/strong><br \/>\nDescri\u00e7\u00e3o: O objetivo do projeto \u00e9 a constru\u00e7\u00e3o de proje\u00e7\u00f5es de crescimento econ\u00f4mico e emprego ao n\u00edvel regional, setorial e ocupacional para a economia brasileira. Em termos metodol\u00f3gicos, far\u00e1 uso dos dados das matrizes de insumo produto brasileira, dos dados das contas regionais, de modelos de equil\u00edbrio geral comput\u00e1vel e econom\u00e9tricos.<\/p>\n<p>Coordenador: Edson Paulo Domingues (<u><a href=\"http:\/\/lattes.cnpq.br\/2059703319050475\">Lattes<\/a><\/u>)<br \/>\nFinanciador(es): Centro de Gest\u00e3o e Estudos Estrat\u00e9gicos<\/p>\n<h1><\/h1>\n<h1><strong>2017 &#8211; Atual<\/strong><\/h1>\n<p><strong><span style=\"color: #cc4949\">Rede Clima &#8211; Rede Brasileira de Pesquisas sobre Mudan\u00e7as Clim\u00e1ticas Globais -Subrede Economia<\/span><\/strong><br \/>\nDescri\u00e7\u00e3o: A Rede CLIMA constitui-se em fundamental pilar de apoio \u00e0s atividades de Pesquisa e Desenvolvimento do Plano Nacional de Mudan\u00e7as Clim\u00e1ticas criado pelo governo federal, que tem balizado a identifica\u00e7\u00e3o dos obst\u00e1culos e dos catalisadores de a\u00e7\u00f5es. Enseja o estabelecimento e a consolida\u00e7\u00e3o da comunidade cient\u00edfica e tecnol\u00f3gica preparada para atender plenamente as necessidades nacionais de conhecimento, incluindo a produ\u00e7\u00e3o de informa\u00e7\u00f5es para formula\u00e7\u00e3o e acompanhamento das pol\u00edticas p\u00fablicas sobre mudan\u00e7as clim\u00e1ticas e para apoio \u00e0 diplomacia brasileira nas negocia\u00e7\u00f5es sobre o regime internacional de mudan\u00e7as clim\u00e1ticas. Um dos primeiros produtos colaborativos da Rede CLIMA \u00e9 a elabora\u00e7\u00e3o regular de an\u00e1lises sobre o estado do conhecimento das mudan\u00e7as clim\u00e1ticas no Brasil, nos moldes dos relat\u00f3rios do IPCC, por\u00e9m com an\u00e1lises setoriais mais espec\u00edficas para a formula\u00e7\u00e3o de pol\u00edticas p\u00fablicas nacionais e internacionais. A subrede economia estuda cen\u00e1rios prospectivos para a economia brasileira frente aos cen\u00e1rios clim\u00e1ticos, avaliando impactos, identificando vulnerabilidades e propondo alternativas de mitiga\u00e7\u00e3o. Para isso, utiliza met\u00f3dos e modelos matem\u00e1ticos, entre eles modelos de insumo-produto e de equil\u00edbrio geral comput\u00e1vel.<\/p>\n<p>Coordenador: Edson Paulo Domingues (<u><a href=\"http:\/\/lattes.cnpq.br\/2059703319050475\">Lattes<\/a><\/u>)<\/p>\n<h1><\/h1>\n<h1><strong>2016 &#8211; Atual<\/strong><\/h1>\n<p><strong><span style=\"color: #cc4949\">Avalia\u00e7\u00e3o dos impactos de pol\u00edticas industriais sobre o crescimento econ\u00f4mico.<\/span><\/strong><br \/>\nDescri\u00e7\u00e3o: Avalia\u00e7\u00e3o dos impactos de pol\u00edticas industriais sobre o crescimento econ\u00f4mico., em cooperacao com UFPR e UJFJ.<\/p>\n<p>Coordenador: Edson Paulo Domingues (<u><a href=\"http:\/\/lattes.cnpq.br\/2059703319050475\">Lattes<\/a><\/u>)<br \/>\nFinanciador(es): Conselho Nacional de Desenvolvimento Cient\u00edfico e Tecnol\u00f3gico<\/p>\n<h1><\/h1>\n<h1><strong>2015 &#8211; Atual<\/strong><\/h1>\n<p><span style=\"color: #cc4949\"><strong>Impactos de restri\u00e7\u00f5es de oferta de \u00e1gua e eleva\u00e7\u00e3o do pre\u00e7o da energia sobre crescimento econ\u00f4mico regional em Minas Gerais: simula\u00e7\u00f5es com modelos de Equil\u00edbrio Geral Comput\u00e1vel<\/strong><\/span><br \/>\nDescri\u00e7\u00e3o: Impactos de restri\u00e7\u00f5es de oferta de \u00e1gua e eleva\u00e7\u00e3o do pre\u00e7o da energia sobre crescimento econ\u00f4mico regional em Minas Gerais: simula\u00e7\u00f5es com modelos de Equil\u00edbrio Geral Comput\u00e1vel.<\/p>\n<p>Coordenador: Edson Paulo Domingues (<u><a href=\"http:\/\/lattes.cnpq.br\/2059703319050475\">Lattes<\/a><\/u>)<br \/>\nFinanciador(es): Funda\u00e7\u00e3o de Amparo \u00e0 Pesquisa do Estado de Minas Gerais<\/p>\n<h1><\/h1>\n<h1><strong>2014 &#8211; Atual<\/strong><\/h1>\n<p><strong><span style=\"color: #cc4949\">Impactos regionais da expans\u00e3o da atividade de minera\u00e7\u00e3o no Brasil: proje\u00e7\u00f5es economicas e ambientais para o planejamento<\/span><\/strong><br \/>\nDescri\u00e7\u00e3o: Simula\u00e7\u00f5es dos impactos regionais da expans\u00e3o da atividade de minera\u00e7\u00e3o no Brasil. Chamada: MCTI\/CNPQ\/Universal 14\/2014 &#8211; Faixa B..<\/p>\n<p>Coordenador: Edson Paulo Domingues\u00a0(<u><a href=\"http:\/\/lattes.cnpq.br\/2059703319050475\">Lattes<\/a><\/u>)<br \/>\nFinanciador(es): Conselho Nacional de Desenvolvimento Cient\u00edfico e Tecnol\u00f3gico<\/p>\n<h1><\/h1>\n<h1><strong>2013 &#8211; 2015<\/strong><\/h1>\n<p><strong><span style=\"color: #cc4949\">Projeto de elabora\u00e7\u00e3o do Macrozoneamento Metropolitano da RMBH<\/span><\/strong><br \/>\nDescri\u00e7\u00e3o: Desenvolver os estudos e propostas para a elabora\u00e7\u00e3o de um Macrozoneamento para a Regi\u00e3o Metropolitana de Belo Horizonte em conson\u00e2ncia com o Plano Diretor de Desenvolvimento Integrado &#8211; PDDI-RMBH.<\/p>\n<p>Coordenador: Roberto Lu\u00eds de Melo Monte-Mor\u00a0(<a href=\"http:\/\/lattes.cnpq.br\/4959770471560277\">Lattes<\/a>)<\/p>\n<h1><\/h1>\n<h1><strong>2013 &#8211; 2013<\/strong><\/h1>\n<p><span style=\"color: #cc4949\"><strong>Macro Economic Assessment of price-based Instruments to Implement a Voluntary National Emission Reduction Target in Brazil<\/strong><\/span><br \/>\nDescri\u00e7\u00e3o: Adapta\u00e7\u00e3o de um modelo EGC para a economia brasileira para estimar o impacto de instrumentos de precifica\u00e7\u00e3o (taxa\u00e7\u00e3o de carbono e cap-and-trade) de carbono para o alcance de metas de redu\u00e7\u00e3o de emiss\u00f5es de carbono.<\/p>\n<p>Coordenador: Edson Paulo Domingues\u00a0(<u><a href=\"http:\/\/lattes.cnpq.br\/2059703319050475\">Lattes<\/a><\/u>)<br \/>\nFinanciador(es): Banco Internacional de Reconstrucao e Desenvolvimento (Banco Mundial)<\/p>\n<h1><\/h1>\n<h1><strong>2012 &#8211; 2014<\/strong><\/h1>\n<p><span style=\"color: #cc4949\"><strong>Subs\u00eddios para pol\u00edticas comercial e industrial a partir de modelos econ\u00f4micos de simula\u00e7\u00e3o, indicadores e an\u00e1lises estruturais<\/strong><\/span><br \/>\nDescri\u00e7\u00e3o: Um dos objetivos deste projeto \u00e9 simular o impacto de pol\u00edticas comercial e industrial sobre a economia brasileira e sua estrutura setorial, especialmente industrial. A discuss\u00e3o dos aspectos de estrat\u00e9gia comercial brasileira deve considerar de maneira consistente os efeitos de pol\u00edticas de integra\u00e7\u00e3o sobre os setores industriais, al\u00e9m de seu impacto sobre agregados macroecon\u00f4micos. Para a pol\u00edtica industrial, onde o foco s\u00e3o modifica\u00e7\u00f5es de tributos na economia interna, e a desonera\u00e7\u00e3o da folha de pagamentos. O projeto utilizar\u00e1 como metodologia modelos de equlibrio geral comput\u00e1vel em diversas escalas territoriais: regionais, nacional e global.<\/p>\n<p>Coordenador: Edson Paulo Domingues\u00a0(<u><a href=\"http:\/\/lattes.cnpq.br\/2059703319050475\">Lattes<\/a><\/u>)<br \/>\nFinanciador(es): Ag\u00eancia Brasileira de Desenvolvimento Industrial<\/p>\n<h1><\/h1>\n<h1><strong>2012 &#8211; 2013<\/strong><\/h1>\n<p><span style=\"color: #cc4949\"><strong>Desmatamento e a contribui\u00e7\u00e3o econ\u00f4mica da floresta na amaz\u00f4nia<\/strong><\/span><br \/>\nDescri\u00e7\u00e3o: Pesquisa selecionada pelo Programa de Fomento a Pesquisa em Desenvolvimento Econ\u00f4mico (PDE\/BNDES\/ANPEC) 2012.<\/p>\n<p>Coordenador: Edson Paulo Domingues\u00a0(<u><a href=\"http:\/\/lattes.cnpq.br\/2059703319050475\">Lattes<\/a><\/u>)<br \/>\nFinanciador(es): Banco Nacional de Desenvolvimento Econ\u00f4mico e Social<\/p>\n<h1><\/h1>\n<h1><strong>2011 &#8211; 2012<\/strong><\/h1>\n<p><span style=\"color: #cc4949\"><strong>Mercado de carbono p\u00f3s-2012: perspectivas, oportunidades e pol\u00edticas para o brasil<\/strong><\/span><br \/>\nDescri\u00e7\u00e3o: Projeto selecionado no Programa de Fomento a Pesquisa em Desenvolvimento Econ\u00f4mico (PDE\/BNDES\/ANPEC) 2011.<\/p>\n<p>Coordenador: Edson Paulo Domingues\u00a0(<u><a href=\"http:\/\/lattes.cnpq.br\/2059703319050475\">Lattes<\/a><\/u>)<br \/>\nFinanciador(es): Banco Nacional de Desenvolvimento Econ\u00f4mico e Social<\/p>\n<h1><\/h1>\n<h1><strong>2010 &#8211; 2013<\/strong><\/h1>\n<p><span style=\"color: #cc4949\"><strong>Vulnerabilidades e adapta\u00e7\u00e3o \u00e0s mudan\u00e7as clim\u00e1ticas: uma avalia\u00e7\u00e3o integrada das dimens\u00f5es sociodemogr\u00e1fica, econ\u00f4mica e de sa\u00fade para o Estado de Minas Gerais<\/strong><\/span><br \/>\nDescri\u00e7\u00e3o: O projeto visa ampliar o conhecimento sobre impactos, vulnerabilidades e adapta\u00e7\u00e3o \u00e0s mudan\u00e7as clim\u00e1ticas no Brasil, com foco nas microrregi\u00f5es de Minas Gerais e na RMBH. Tr\u00eas objetivos principais s\u00e3o definidos: i) avaliar a rela\u00e7\u00e3o de longo prazo entre mudan\u00e7a clim\u00e1tica, din\u00e2mica sociodemogr\u00e1fica e econ\u00f4mica, e sa\u00fade populacional; ii) desenvolver metodologias de identifica\u00e7\u00e3o de situa\u00e7\u00f5es de vulnerabilidade a partir de uma perspectiva integrada das rela\u00e7\u00f5es entre mudan\u00e7as clim\u00e1ticas, din\u00e2mica sociodemogr\u00e1fica e econ\u00f4mica, e sa\u00fade; e iii) discutir a constru\u00e7\u00e3o de capacidades de planejamento de m\u00e9dio e longo prazo, e sua plena incorpora\u00e7\u00e3o \u00e0s pol\u00edticas p\u00fablicas em suas diversas esferas, como estrat\u00e9gia de adapta\u00e7\u00e3o aos impactos das mudan\u00e7as clim\u00e1ticas sobre as din\u00e2micas demogr\u00e1fica, econ\u00f4mica e de sa\u00fade.<br \/>\nSitua\u00e7\u00e3o: Conclu\u00eddo; Natureza: Pesquisa.<\/p>\n<p>Coordenador: Alisson Flavio Barbieri (<a href=\"http:\/\/lattes.cnpq.br\/9615960208428725\">Lattes<\/a>)<br \/>\nFinanciador(es): Funda\u00e7\u00e3o de Amparo \u00e0 Pesquisa do Estado de Minas Gerais<\/p>\n<h1><\/h1>\n<h1><strong>2009 &#8211; 2010<\/strong><\/h1>\n<p><span style=\"color: #cc4949\"><strong>Estudos referenciais e elabora\u00e7\u00e3o de estrat\u00e9gias de a\u00e7\u00e3o para o Planejamento de Desenvolvimento Integrado da Regi\u00e3o Metropolitana de Belo Horizonte<\/strong><\/span><br \/>\nDescri\u00e7\u00e3o: elabora\u00e7\u00e3o do PDDI \u00e9 parte de um processo din\u00e2mico e permanente de constru\u00e7\u00e3o do planejamento da RMBH, considerando-se os horizontes temporais de 2023 e 2050. O PDDI tem sua conclus\u00e3o prevista para novembro de 2010, devendo o processo de produ\u00e7\u00e3o de estudos, de detalhamento de pol\u00edticas e projetos, bem como de monitoramento e acompanhamento das a\u00e7\u00f5es do planejamento se estender como atividade permanente de pesquisa e extens\u00e3o na UFMG, com base no Cedeplar\/Face.<\/p>\n<p>Coordenador: Roberto Lu\u00eds de Melo Monte-Mor (<a href=\"http:\/\/lattes.cnpq.br\/4959770471560277\">Lattes<\/a>)<\/p>\n<h1><\/h1>\n<h1><strong>2009 &#8211; 2010<\/strong><\/h1>\n<p><span style=\"color: #cc4949\"><strong>Rede de Cidades no Esp\u00edrito Santo 2025<\/strong><\/span><br \/>\nDescri\u00e7\u00e3o: Esse estudo tem como primeiro objetivo construir uma regionaliza\u00e7\u00e3o do Estado do Esp\u00edrito Santo que permita subsidiar a escolha e localiza\u00e7\u00e3o de projetos de investimentos. Essa regionaliza\u00e7\u00e3o articulada a pol\u00edticas p\u00fablicas estruturantes visar\u00e1 uma distribui\u00e7\u00e3o mais equilibrada do desenvolvimento econ\u00f4mico estadual no per\u00edodo 2009-2025. Um segundo objetivo do estudo \u00e9 elaborar um estudo sobre a evolu\u00e7\u00e3o da rede de cidades no Esp\u00edrito Santo. A identifica\u00e7\u00e3o da rede de cidades dever\u00e1 levar em conta tr\u00eas crit\u00e9rios complementares e combinados: o econ\u00f4mico, o ambiental e s\u00f3cio-pol\u00edtico. O estudo identificar\u00e1 as cidades p\u00f3los e suas \u00e1reas de influ\u00eancia por meio do dimensionamento da for\u00e7a polarizadora que, juntamente com os biomas, dever\u00e3o indicar o n\u00famero de regi\u00f5es a serem consideradas.<\/p>\n<p>Coordenador: Ricardo Machado Ruiz\u00a0(<a href=\"http:\/\/lattes.cnpq.br\/9714251804407567\">Lattes<\/a>)<br \/>\nFinanciador(es): Governo do Estado do Esp\u00edrito Santo<\/p>\n<h1><\/h1>\n<h1><strong>2009 &#8211; 2010<\/strong><\/h1>\n<p><span style=\"color: #cc4949\"><strong>Plano de Desenvolvimento Regional do Alto Paraopeba (Projeto CODAP)<\/strong><\/span><br \/>\nDescri\u00e7\u00e3o: Esta pesquisa tem como objetivo final apresentar um plano de desenvolvimento regional sustent\u00e1vel para os munic\u00edpios pertencentes \u00e0 CODAP (Cons\u00f3rcio P\u00fablico para o Desenvolvimento do Alto Paraopeba), que seriam: Belo Vale, Congonhas, Conselheiro Lafaiete, Entre Rios de Minas, Jeceaba, Ouro Branco e S\u00e3o Braz do Sua\u00e7ui. A partir de um referencial da forma\u00e7\u00e3o hist\u00f3rica e do levantamento da din\u00e2mica socioecon\u00f4mica e demogr\u00e1fica recente da regi\u00e3o, bem como das perspectivas de projetos e pol\u00edticas estruturantes, e do conhecimento das potencialidades e limita\u00e7\u00f5es da regi\u00e3o considerada, buscar-se-\u00e1 estabelecer um progn\u00f3stico da regi\u00e3o e selecionar alguns projetos (carteira de investimentos) e pol\u00edticas que favore\u00e7am um maior aproveitamento de regional e municipal em termos econ\u00f4micos, sociais e ambientais. O horizonte temporal considerado adequado para esse estudo \u00e9 o per\u00edodo 2010-2025.<\/p>\n<p>Coordenador: Ricardo Machado Ruiz (<a href=\"http:\/\/lattes.cnpq.br\/9714251804407567\">Lattes<\/a>)<br \/>\nFinanciador(es): Cons\u00f3rcio P\u00fablico para o Desenvolvimento do Alto Paraopeba<\/p>\n<h1><\/h1>\n<h1><strong>2008 &#8211; 2012<\/strong><\/h1>\n<p><span style=\"color: #cc4949\"><strong>Avalia\u00e7\u00e3o e impacto de pol\u00edticas p\u00fablicas na abordagem de Equil\u00edbrio Geral Comput\u00e1vel &#8211;\u00a0 PROCAD CEDEPLAR\/UFMG e CMEA\/FEA\/UFJF<\/strong><\/span><br \/>\nDescri\u00e7\u00e3o: Procad com a Universidade Federal de Juiz de Fora.<\/p>\n<p>Coordenador: Monica Viegas de Andrade (<u><a href=\"http:\/\/lattes.cnpq.br\/2085641989038025\">Lattes<\/a><\/u>)<br \/>\nFinanciador(es): CAPES &#8211; Centro Anhanguera de Promo\u00e7\u00e3o e Educa\u00e7\u00e3o Social<\/p>\n<h1><\/h1>\n<h1><strong>2007 &#8211; 2009<\/strong><\/h1>\n<p><span style=\"color: #cc4949\"><strong>Impactos sociais e econ\u00f4micos das mudan\u00e7as clim\u00e1ticas sobre a Regi\u00e3o Nordeste<\/strong><\/span><br \/>\nDescri\u00e7\u00e3o: O objetivo principal do projeto \u00e9 projetar os impactos sociais e econ\u00f4micos das mudan\u00e7as clim\u00e1ticas sobre as popula\u00e7\u00f5es localizadas na Regi\u00e3o Nordeste, particularmente as mais vulner\u00e1veis, as implica\u00e7\u00f5es para as migra\u00e7\u00f5es internas no nordeste e conseq\u00fc\u00eancias para a sa\u00fade p\u00fablica. O projeto envolve quatro componentes b\u00e1sicos. Em primeiro lugar, s\u00e3o feitas proje\u00e7\u00f5es demogr\u00e1ficas at\u00e9 o ano de 2050 para Unidades de Federa\u00e7\u00e3o brasileiras e munic\u00edpios. Em um segundo momento, o modelo demogr\u00e1fico incorpora os efeitos de vari\u00e1veis econ\u00f4micas, as quais influenciam, fundamentalmente, o \u00fanico componente da din\u00e2mica demogr\u00e1fica que apresentar\u00e1 margens substanciais de varia\u00e7\u00e3o no futuro: a migra\u00e7\u00e3o. Este projeto tamb\u00e9m utiliza o modelo de equil\u00edbrio geral comput\u00e1vel TERM-Cedeplar, desenvolvido no Cedeplar-UFMG.<\/p>\n<p>Coordenador: Alisson Flavio Barbieri (<a href=\"http:\/\/lattes.cnpq.br\/9615960208428725\">Lattes<\/a>)<br \/>\nFinanciador(es): UK MInistry of Foreign Affairs<\/p>\n<h1><\/h1>\n<h1><strong>2006 &#8211; 2007<\/strong><\/h1>\n<p><span style=\"color: #cc4949\"><strong>Modelo de simula\u00e7\u00e3o de vari\u00e1veis econ\u00f4micas em bases territoriais<\/strong><\/span><br \/>\nDescri\u00e7\u00e3o: Um modelo EGC interestadual para o Brasil (Term-Cedeplar) foi desenvolvido e implementado, em coopera\u00e7\u00e3o com pesquisadores da Esalq-USP e Cops-Monash (Austr\u00e1lia). Este modelo foi utilizado na proje\u00e7\u00e3o dos impactos estaduais do Plano de Acelera\u00e7\u00e3o do Crescimento (PAC) e do PPA 2008-11 (Plano Plurianual) ambos do governo federal, no \u00e2mbito do &#8220;Estudo para Subsidiar a Abordagem da Dimens\u00e3o Territorial do Desenvolvimento Nacional no PPA 2008-2011 e no Planejamento Governamental de Longo Prazo&#8221;.<\/p>\n<p>Coordenador: Mauro Borges Lemos (<a href=\"http:\/\/lattes.cnpq.br\/1385770521590100\">Lattes<\/a>)<br \/>\nFinanciador(es): Centro de Gest\u00e3o e Estudos Estrat\u00e9gicos<\/p>\n<h1><\/h1>\n<h1><strong>2006 &#8211; Atual<\/strong><\/h1>\n<p><strong><span style=\"color: #cc4949\">Modelos de Equil\u00edbrio Geral em economia regional: constru\u00e7\u00e3o e aplica\u00e7\u00f5es para o Brasil<\/span><\/strong><br \/>\nDescri\u00e7\u00e3o: Este projeto prop\u00f5e o estudo e a implementa\u00e7\u00e3o de modelos de simula\u00e7\u00e3o que permitam a proje\u00e7\u00e3o de impactos de pol\u00edticas e fen\u00f4menos econ\u00f4micos sobre espa\u00e7os econ\u00f4micos nacional e regional brasileiro. A metodologia de simula\u00e7\u00e3o utilizada neste projeto s\u00e3o modelos de equil\u00edbrio geral comput\u00e1vel (EGC), que se tornaram uma ferramenta importante na ci\u00eancia econ\u00f4mica brasileira desde o final da d\u00e9cada de 1980, com aplica\u00e7\u00f5es em diversos temas e configura\u00e7\u00f5es territoriais. Este projeto articula basicamente duas metodologias. Em termos gerais podem ser definidas como: i) modelos EGC nacionais e regionais e ii) tratamento da informa\u00e7\u00e3o espacial e constru\u00e7\u00e3o dos m\u00f3dulos de decomposi\u00e7\u00e3o. Os modelos EGC a serem desenvolvidos neste projeto partem dos utilizados em minhas pesquisas desde 2006. Estes modelos ser\u00e3o adaptados para o tratamento de dois temas: a repercuss\u00e3o regional de pol\u00edticas e fen\u00f4menos econ\u00f4micos, como planos de investimento estruturantes (Pr\u00e9-Sal), mega-eventos esportivos (Copa do Mundo 2014, Olimp\u00edadas 2016) e crise financeira global; e estudo dos impactos regionais de mudan\u00e7as clim\u00e1ticas e pol\u00edticas de mitiga\u00e7\u00e3o de gases de efeito estufa.<\/p>\n<p>Coordenador: Edson Paulo Domingues\u00a0(<u><a href=\"http:\/\/lattes.cnpq.br\/2059703319050475\">Lattes<\/a><\/u>)<br \/>\nFinanciador(es): Conselho Nacional de Desenvolvimento Cient\u00edfico e Tecnol\u00f3gico<\/p>\n<h1><\/h1>\n<h1><strong>2004 &#8211; 2005<\/strong><\/h1>\n<p><span style=\"color: #cc4949\"><strong>Inova\u00e7\u00e3o, Padr\u00f5es Tecnol\u00f3gicos e Desempenho das Firmas Industriais Brasileiras<\/strong><\/span><br \/>\nDescri\u00e7\u00e3o: Mapeamento espacial da ind\u00fastria, destacando as desigualdades regionais das estruturasde produ\u00e7\u00e3o no Brasil, elencando como temas relevantes as estrat\u00e9gias competitivas, sua din\u00e2mica e transbordamentos locais e regionais.<\/p>\n<p>Coordenador: Mauro Borges Lemos (<a href=\"http:\/\/lattes.cnpq.br\/1385770521590100\">Lattes<\/a>)<br \/>\nFinanciador(es): Instituto de Pesquisa Econ\u00f4mica Aplicada &#8211; DF.<\/p>\n<h1><\/h1>\n<h1><strong>1999 &#8211; 2002<\/strong><\/h1>\n<p><strong><span style=\"color: #cc4949\">Gera\u00e7\u00e3o de cen\u00e1rios econ\u00f4micos, em bases macroecon\u00f4micas, setoriais e regionais, com vistas \u00e0 elabora\u00e7\u00e3o do plano plurianual (PPA) 2004-2007<\/span><\/strong><br \/>\nDescri\u00e7\u00e3o: Cen\u00e1rios econ\u00f4micos e de impacto decorrentes de programas de investimento do governo federal, com a utiliza\u00e7\u00e3o de modelos de equil\u00edbrio geral comput\u00e1vel.<\/p>\n<p>Coordenador: Eduardo Amaral Haddad (<a href=\"http:\/\/lattes.cnpq.br\/1343302903420183\">Lattes<\/a>)<\/p>\n","protected":false},"excerpt":{"rendered":"<p>2022 &#8211; Atual Impactos Econ\u00f4micos da Gera\u00e7\u00e3o Solar Distribu\u00edda no Estado de Minas Gerais Descri\u00e7\u00e3o: Este projeto tem por objetivo mensurar os impactos da gera\u00e7\u00e3o solar ftovoltaica no \u00e2mbito da&#8230; <\/p>\n","protected":false},"author":15,"featured_media":0,"parent":0,"menu_order":0,"comment_status":"closed","ping_status":"closed","template":"","meta":{"_crdt_document":"","_exactmetrics_skip_tracking":false,"_exactmetrics_sitenote_active":false,"_exactmetrics_sitenote_note":"","_exactmetrics_sitenote_category":0,"footnotes":""},"class_list":["post-253","page","type-page","status-publish","hentry"],"_links":{"self":[{"href":"https:\/\/pesquisas.face.ufmg.br\/nemea\/wp-json\/wp\/v2\/pages\/253","targetHints":{"allow":["GET"]}}],"collection":[{"href":"https:\/\/pesquisas.face.ufmg.br\/nemea\/wp-json\/wp\/v2\/pages"}],"about":[{"href":"https:\/\/pesquisas.face.ufmg.br\/nemea\/wp-json\/wp\/v2\/types\/page"}],"author":[{"embeddable":true,"href":"https:\/\/pesquisas.face.ufmg.br\/nemea\/wp-json\/wp\/v2\/users\/15"}],"replies":[{"embeddable":true,"href":"https:\/\/pesquisas.face.ufmg.br\/nemea\/wp-json\/wp\/v2\/comments?post=253"}],"version-history":[{"count":20,"href":"https:\/\/pesquisas.face.ufmg.br\/nemea\/wp-json\/wp\/v2\/pages\/253\/revisions"}],"predecessor-version":[{"id":757,"href":"https:\/\/pesquisas.face.ufmg.br\/nemea\/wp-json\/wp\/v2\/pages\/253\/revisions\/757"}],"wp:attachment":[{"href":"https:\/\/pesquisas.face.ufmg.br\/nemea\/wp-json\/wp\/v2\/media?parent=253"}],"curies":[{"name":"wp","href":"https:\/\/api.w.org\/{rel}","templated":true}]}}