{"id":142,"date":"2017-06-14T01:07:13","date_gmt":"2017-06-14T04:07:13","guid":{"rendered":"http:\/\/pesquisas.face.ufmg.br\/nemea\/?page_id=142"},"modified":"2017-08-01T23:52:17","modified_gmt":"2017-08-02T02:52:17","slug":"congressos","status":"publish","type":"page","link":"https:\/\/pesquisas.face.ufmg.br\/nemea\/congressos\/","title":{"rendered":"Congressos"},"content":{"rendered":"<p><a href=\"http:\/\/www.worldwaterforum8.org\/\" target=\"_blank\" rel=\"noopener\">F\u00f3rum Mundial da \u00c1gua 2018<\/a><br \/>\n18 a 23 de mar\u00e7o de 2018, Bras\u00edlia, DF.<\/p>\n<p><a href=\"http:\/\/www.ecoeco2017.sinteseeventos.com.br\/\" target=\"_blank\" rel=\"noopener\">XII Encontro Nacional da Sociedade Brasileira de Economia Ecol\u00f3gica<\/a><br \/>\n19 a 22 de setembro de 2017, Uberl\u00e2ndia, MG.<\/p>\n<p><a href=\"http:\/\/www.narsc.org\/newsite\/\">64th NARSC Congress<\/a><br \/>\n08 a 11 de novembro de 2017, Vancouver, Canad\u00e1.<\/p>\n<p><a href=\"http:\/\/www.anpec.org.br\/novosite\/br\/encontro-2017\" target=\"_blank\" rel=\"noopener\">45\u00b0 Encontro Nacional de Economia<\/a><br \/>\n12 a 15 de dezembro de 2017, Natal, RN.<\/p>\n<p><a href=\"http:\/\/www.eeb.sei.ba.gov.br\/\" target=\"_blank\" rel=\"noopener\">XIII Encontro de Economia Baiana<\/a><br \/>\n19 e 20 de outubro de 2017, Salvador, BA.<\/p>\n<p><a href=\"http:\/\/www.aber-eventos.com.br\/home\" target=\"_blank\" rel=\"noopener\">XV Encontro Nacional da Associa\u00e7\u00e3o Brasileira de Estudos Regionais e Urbanos &#8211; ENABER<\/a><br \/>\n11 a 13 de outubro de 2017, S\u00e3o Paulo, SP.<\/p>\n<p><a href=\"https:\/\/ersa.eventsair.com\/QuickEventWebsitePortal\/2017-ersa-congress\/official-website\" target=\"_blank\" rel=\"noopener\">57th ERSA Congress<\/a><br \/>\n29 de agosto a 01 de setembro de 2017, Groningen, Holanda.<\/p>\n","protected":false},"excerpt":{"rendered":"<p>F\u00f3rum Mundial da \u00c1gua 2018 18 a 23 de mar\u00e7o de 2018, Bras\u00edlia, DF. XII Encontro Nacional da Sociedade Brasileira de Economia Ecol\u00f3gica 19 a 22 de setembro de 2017,&#8230; <\/p>\n","protected":false},"author":15,"featured_media":0,"parent":0,"menu_order":0,"comment_status":"closed","ping_status":"closed","template":"","meta":{"_crdt_document":"","_exactmetrics_skip_tracking":false,"_exactmetrics_sitenote_active":false,"_exactmetrics_sitenote_note":"","_exactmetrics_sitenote_category":0,"footnotes":""},"class_list":["post-142","page","type-page","status-publish","hentry"],"_links":{"self":[{"href":"https:\/\/pesquisas.face.ufmg.br\/nemea\/wp-json\/wp\/v2\/pages\/142","targetHints":{"allow":["GET"]}}],"collection":[{"href":"https:\/\/pesquisas.face.ufmg.br\/nemea\/wp-json\/wp\/v2\/pages"}],"about":[{"href":"https:\/\/pesquisas.face.ufmg.br\/nemea\/wp-json\/wp\/v2\/types\/page"}],"author":[{"embeddable":true,"href":"https:\/\/pesquisas.face.ufmg.br\/nemea\/wp-json\/wp\/v2\/users\/15"}],"replies":[{"embeddable":true,"href":"https:\/\/pesquisas.face.ufmg.br\/nemea\/wp-json\/wp\/v2\/comments?post=142"}],"version-history":[{"count":8,"href":"https:\/\/pesquisas.face.ufmg.br\/nemea\/wp-json\/wp\/v2\/pages\/142\/revisions"}],"predecessor-version":[{"id":304,"href":"https:\/\/pesquisas.face.ufmg.br\/nemea\/wp-json\/wp\/v2\/pages\/142\/revisions\/304"}],"wp:attachment":[{"href":"https:\/\/pesquisas.face.ufmg.br\/nemea\/wp-json\/wp\/v2\/media?parent=142"}],"curies":[{"name":"wp","href":"https:\/\/api.w.org\/{rel}","templated":true}]}}