{"id":5,"date":"2015-11-13T12:43:43","date_gmt":"2015-11-13T12:43:43","guid":{"rendered":"http:\/\/pesquisas.face.ufmg.br\/neg\/?page_id=5"},"modified":"2018-06-14T12:30:09","modified_gmt":"2018-06-14T12:30:09","slug":"linhas-de-pesquisa","status":"publish","type":"page","link":"https:\/\/pesquisas.face.ufmg.br\/neg\/linhas-de-pesquisa\/","title":{"rendered":"Temas pesquisados"},"content":{"rendered":"<h6><span style=\"color: #333333\">\u00a0Tema 1: Inova\u00e7\u00e3o<\/span><\/h6>\n<p><span style=\"color: #333333\">A inova\u00e7\u00e3o refere-se aos processos pelos quais novas ideias s\u00e3o criadas e convertidas em produtos e\/ou servi\u00e7os, agregando valor \u00e0 organiza\u00e7\u00e3o e \u00e0 sociedade. Temas pesquisados: desenvolvimento e dissemina\u00e7\u00e3o de novas tecnologias organizacionais; redes interorganizacionais e intraorganizacionais; gest\u00e3o da cultura para a inova\u00e7\u00e3o; lideran\u00e7a e equipes; e mudan\u00e7a organizacional.<\/span><\/p>\n<p>&nbsp;<\/p>\n<h6><span style=\"color: #333333\">Tema 2: Gest\u00e3o do conhecimento<\/span><\/h6>\n<p><span style=\"color: #333333\">A gest\u00e3o do conhecimento aborda o processo pelo qual a informa\u00e7\u00e3o e o conhecimento s\u00e3o adquiridos, armazenados e recuperados pelos membros da organiza\u00e7\u00e3o. Temas pesquisados: transfer\u00eancia de conhecimento intraorganizacional e interorganizacional; fatores (institucionais, organizacionais e individuais) intervenientes nos processos de transfer\u00eancia de conhecimento; e desafios da transfer\u00eancia internacional de conhecimento.<\/span><\/p>\n<p>&nbsp;<\/p>\n<h6><span style=\"color: #333333\">Tema 3: Gest\u00e3o internacional<\/span><\/h6>\n<p><span style=\"color: #333333\">A gest\u00e3o internacional diz respeito \u00e0 an\u00e1lise das estrat\u00e9gias, dos arranjos, das estruturas e dos processos organizacionais das empresas multinacionais (EMNs). Temas pesquisados: rela\u00e7\u00e3o entre as dimens\u00f5es macro (ambiente pol\u00edtico, institucional, cultural e social), meso (setores econ\u00f4micos e cadeia produtiva) e organizacional (estrat\u00e9gias, estruturas e processos organizacionais); transfer\u00eancia de conhecimento, tecnologias e pr\u00e1ticas organizacionais no contexto das EMNs; e impactos das EMNs para as economias de destino.<\/span><\/p>\n<p>&nbsp;<\/p>\n<h6><span style=\"color: #333333\">Tema 4: Estudos co-evolutivos<\/span><\/h6>\n<p><span style=\"color: #333333\">Os estudos co-evolutivos referem-se \u00e0 explora\u00e7\u00e3o de como atores interdependentes \u2013 organiza\u00e7\u00f5es \u2013 organiza\u00e7\u00f5es, ind\u00fastrias e institui\u00e7\u00f5es \u2013 se influenciam mutuamente e \u00e0 compreens\u00e3o de como essas entidades econ\u00f4micas se desenvolvem interativamente ao longo do tempo. Temas pesquisados: intera\u00e7\u00e3o entre organiza\u00e7\u00f5es\/ind\u00fastrias e institui\u00e7\u00f5es; transforma\u00e7\u00e3o ambiental e mudan\u00e7a organizacional; dimens\u00e3o pol\u00edtica da co-evolu\u00e7\u00e3o; co-evolu\u00e7\u00e3o e teoria institucional.<\/span><\/p>\n","protected":false},"excerpt":{"rendered":"<p>\u00a0Tema 1: Inova\u00e7\u00e3o A inova\u00e7\u00e3o refere-se aos processos pelos quais novas ideias s\u00e3o criadas e convertidas em produtos e\/ou servi\u00e7os, agregando valor \u00e0 organiza\u00e7\u00e3o e \u00e0 sociedade. Temas pesquisados: desenvolvimento [&hellip;]<\/p>\n","protected":false},"author":1,"featured_media":0,"parent":0,"menu_order":0,"comment_status":"closed","ping_status":"closed","template":"","meta":{"_crdt_document":"","content-type":"","_exactmetrics_skip_tracking":false,"_exactmetrics_sitenote_active":false,"_exactmetrics_sitenote_note":"","_exactmetrics_sitenote_category":0,"footnotes":""},"class_list":["post-5","page","type-page","status-publish","hentry"],"_links":{"self":[{"href":"https:\/\/pesquisas.face.ufmg.br\/neg\/wp-json\/wp\/v2\/pages\/5","targetHints":{"allow":["GET"]}}],"collection":[{"href":"https:\/\/pesquisas.face.ufmg.br\/neg\/wp-json\/wp\/v2\/pages"}],"about":[{"href":"https:\/\/pesquisas.face.ufmg.br\/neg\/wp-json\/wp\/v2\/types\/page"}],"author":[{"embeddable":true,"href":"https:\/\/pesquisas.face.ufmg.br\/neg\/wp-json\/wp\/v2\/users\/1"}],"replies":[{"embeddable":true,"href":"https:\/\/pesquisas.face.ufmg.br\/neg\/wp-json\/wp\/v2\/comments?post=5"}],"version-history":[{"count":6,"href":"https:\/\/pesquisas.face.ufmg.br\/neg\/wp-json\/wp\/v2\/pages\/5\/revisions"}],"predecessor-version":[{"id":122,"href":"https:\/\/pesquisas.face.ufmg.br\/neg\/wp-json\/wp\/v2\/pages\/5\/revisions\/122"}],"wp:attachment":[{"href":"https:\/\/pesquisas.face.ufmg.br\/neg\/wp-json\/wp\/v2\/media?parent=5"}],"curies":[{"name":"wp","href":"https:\/\/api.w.org\/{rel}","templated":true}]}}

<h6><span style="color: #333333"> Tema 1: Inovação</span></h6>
<p><span style="color: #333333">A inovação refere-se aos processos pelos quais novas ideias são criadas e convertidas em produtos e/ou serviços, agregando valor à organização e à sociedade. Temas pesquisados: desenvolvimento e disseminação de novas tecnologias organizacionais; redes interorganizacionais e intraorganizacionais; gestão da cultura para a inovação; liderança e equipes; e mudança organizacional.</span></p>
<p>&nbsp;</p>
<h6><span style="color: #333333">Tema 2: Gestão do conhecimento</span></h6>
<p><span style="color: #333333">A gestão do conhecimento aborda o processo pelo qual a informação e o conhecimento são adquiridos, armazenados e recuperados pelos membros da organização. Temas pesquisados: transferência de conhecimento intraorganizacional e interorganizacional; fatores (institucionais, organizacionais e individuais) intervenientes nos processos de transferência de conhecimento; e desafios da transferência internacional de conhecimento.</span></p>
<p>&nbsp;</p>
<h6><span style="color: #333333">Tema 3: Gestão internacional</span></h6>
<p><span style="color: #333333">A gestão internacional diz respeito à análise das estratégias, dos arranjos, das estruturas e dos processos organizacionais das empresas multinacionais (EMNs). Temas pesquisados: relação entre as dimensões macro (ambiente político, institucional, cultural e social), meso (setores econômicos e cadeia produtiva) e organizacional (estratégias, estruturas e processos organizacionais); transferência de conhecimento, tecnologias e práticas organizacionais no contexto das EMNs; e impactos das EMNs para as economias de destino.</span></p>
<p>&nbsp;</p>
<h6><span style="color: #333333">Tema 4: Estudos co-evolutivos</span></h6>
<p><span style="color: #333333">Os estudos co-evolutivos referem-se à exploração de como atores interdependentes – organizações – organizações, indústrias e instituições – se influenciam mutuamente e à compreensão de como essas entidades econômicas se desenvolvem interativamente ao longo do tempo. Temas pesquisados: interação entre organizações/indústrias e instituições; transformação ambiental e mudança organizacional; dimensão política da co-evolução; co-evolução e teoria institucional.</span></p>

<p> Tema 1: Inovação A inovação refere-se aos processos pelos quais novas ideias são criadas e convertidas em produtos e/ou serviços, agregando valor à organização e à sociedade. Temas pesquisados: desenvolvimento [&hellip;]</p>
