{"id":8,"date":"2015-11-05T17:22:22","date_gmt":"2015-11-05T17:22:22","guid":{"rendered":"http:\/\/pesquisas.face.ufmg.br\/nec-gprt\/?page_id=8"},"modified":"2015-11-05T17:22:22","modified_gmt":"2015-11-05T17:22:22","slug":"objetivos-e-atuacao","status":"publish","type":"page","link":"https:\/\/pesquisas.face.ufmg.br\/nectrama\/objetivos-e-atuacao\/","title":{"rendered":"Objetivos e atua\u00e7\u00e3o"},"content":{"rendered":"<p>Tendo como objetivo principal a constru\u00e7\u00e3o de um conhecimento que vai \u00e0 raiz das contradi\u00e7\u00f5es engendradas pelo modo de controle antag\u00f4nico do sociometabolismo da humanidade, o N\u00facleo busca:<\/p>\n<ul>\n<li>Conduzir pesquisas de enfoque cr\u00edtico que buscar\u00e3o entender as rela\u00e7\u00f5es sociais engendradas pelo modo de gerir a for\u00e7a subjetiva de trabalho e suas respectivas implica\u00e7\u00f5es na constitui\u00e7\u00e3o da subjetividade coletiva do trabalhador<\/li>\n<li>Contribuir na forma\u00e7\u00e3o de profissionais de alta capacidade cr\u00edtico-anal\u00edtica por meio da orienta\u00e7\u00e3o de estudos de gradua\u00e7\u00e3o, de mestrado, de doutorado e de est\u00e1gio de p\u00f3s-doutoramento nos temas de pesquisa delimitados.<\/li>\n<li>Disseminar os resultados de pesquisa por meio de publica\u00e7\u00f5es acad\u00eamicas e n\u00e3o acad\u00eamicas, apresenta\u00e7\u00f5es em reuni\u00f5es cient\u00edficas e workshops.<\/li>\n<li>Oferecer cursos de extens\u00e3o e consultorias que atendam, sobretudo, as demandas das organiza\u00e7\u00f5es representativas dos trabalhadores, tais como organiza\u00e7\u00f5es sindicais, movimentos sociais, organiza\u00e7\u00f5es da sociedade civil e empreendimentos cooperativados de trabalho fomentados por pol\u00edticas p\u00fablicas de gera\u00e7\u00e3o de trabalho e renda.<\/li>\n<li>Proporcionar interc\u00e2mbio com institui\u00e7\u00f5es nacionais e internacionais atrav\u00e9s de parcerias que possibilitem a produ\u00e7\u00e3o cient\u00edfica de qualidade.<\/li>\n<\/ul>\n","protected":false},"excerpt":{"rendered":"<p>Tendo como objetivo principal a constru\u00e7\u00e3o de um conhecimento que vai \u00e0 raiz das contradi\u00e7\u00f5es engendradas pelo modo de controle antag\u00f4nico do sociometabolismo da humanidade, o N\u00facleo busca: Conduzir pesquisas &hellip; <a href=\"https:\/\/pesquisas.face.ufmg.br\/nectrama\/objetivos-e-atuacao\/\" class=\"more-link\">Continue reading <span class=\"screen-reader-text\">Objetivos e atua\u00e7\u00e3o<\/span><\/a><\/p>\n","protected":false},"author":1,"featured_media":0,"parent":0,"menu_order":0,"comment_status":"closed","ping_status":"closed","template":"","meta":{"_crdt_document":"","_exactmetrics_skip_tracking":false,"_exactmetrics_sitenote_active":false,"_exactmetrics_sitenote_note":"","_exactmetrics_sitenote_category":0,"footnotes":""},"class_list":["post-8","page","type-page","status-publish","hentry"],"_links":{"self":[{"href":"https:\/\/pesquisas.face.ufmg.br\/nectrama\/wp-json\/wp\/v2\/pages\/8","targetHints":{"allow":["GET"]}}],"collection":[{"href":"https:\/\/pesquisas.face.ufmg.br\/nectrama\/wp-json\/wp\/v2\/pages"}],"about":[{"href":"https:\/\/pesquisas.face.ufmg.br\/nectrama\/wp-json\/wp\/v2\/types\/page"}],"author":[{"embeddable":true,"href":"https:\/\/pesquisas.face.ufmg.br\/nectrama\/wp-json\/wp\/v2\/users\/1"}],"replies":[{"embeddable":true,"href":"https:\/\/pesquisas.face.ufmg.br\/nectrama\/wp-json\/wp\/v2\/comments?post=8"}],"version-history":[{"count":1,"href":"https:\/\/pesquisas.face.ufmg.br\/nectrama\/wp-json\/wp\/v2\/pages\/8\/revisions"}],"predecessor-version":[{"id":10,"href":"https:\/\/pesquisas.face.ufmg.br\/nectrama\/wp-json\/wp\/v2\/pages\/8\/revisions\/10"}],"wp:attachment":[{"href":"https:\/\/pesquisas.face.ufmg.br\/nectrama\/wp-json\/wp\/v2\/media?parent=8"}],"curies":[{"name":"wp","href":"https:\/\/api.w.org\/{rel}","templated":true}]}}