{"id":2,"date":"2015-11-12T13:37:08","date_gmt":"2015-11-12T13:37:08","guid":{"rendered":"http:\/\/pesquisas.face.ufmg.br\/necop\/?page_id=2"},"modified":"2015-11-12T14:06:24","modified_gmt":"2015-11-12T14:06:24","slug":"pagina-exemplo","status":"publish","type":"page","link":"https:\/\/pesquisas.face.ufmg.br\/necop\/","title":{"rendered":"O N\u00facleo"},"content":{"rendered":"<p>O NECOP constitui um espa\u00e7o interdisciplinar de constru\u00e7\u00e3o de conhecimento cient\u00edfico e seu aprofundamento a respeito do comportamento humano e da gest\u00e3o de pessoas em organiza\u00e7\u00f5es, independentemente do seu n\u00edvel de formaliza\u00e7\u00e3o, focalizando no trabalho e nos trabalhadores.<\/p>\n<p>Para tanto, ele conta com pesquisadores de forma\u00e7\u00f5es diversas (psicologia, sociologia, administra\u00e7\u00e3o, economia, pedagogia, dentre outros), cujas pesquisas centram-se em perspectivas funcionalistas e interpretativistas, visando desnudar faces da realidade e, com isso, contribuir para o reconhecimento do trabalhador e de seu trabalho.<\/p>\n<p>Nesse sentido, o n\u00facleo prop\u00f5e desenvolver pesquisa e promover ensino e extens\u00e3o em dois campos tem\u00e1ticos: Comportamento Humano e Gest\u00e3o de Pessoas.<\/p>\n","protected":false},"excerpt":{"rendered":"<p>O NECOP constitui um espa\u00e7o interdisciplinar de constru\u00e7\u00e3o de conhecimento cient\u00edfico e seu aprofundamento a respeito do comportamento humano e da gest\u00e3o de pessoas em organiza\u00e7\u00f5es, independentemente do seu n\u00edvel &hellip; <a href=\"https:\/\/pesquisas.face.ufmg.br\/necop\/\" class=\"more-link\">Continue reading <span class=\"screen-reader-text\">O N\u00facleo<\/span><\/a><\/p>\n","protected":false},"author":1,"featured_media":0,"parent":0,"menu_order":0,"comment_status":"closed","ping_status":"closed","template":"","meta":{"_crdt_document":"","_exactmetrics_skip_tracking":false,"_exactmetrics_sitenote_active":false,"_exactmetrics_sitenote_note":"","_exactmetrics_sitenote_category":0,"footnotes":""},"class_list":["post-2","page","type-page","status-publish","hentry"],"_links":{"self":[{"href":"https:\/\/pesquisas.face.ufmg.br\/necop\/wp-json\/wp\/v2\/pages\/2","targetHints":{"allow":["GET"]}}],"collection":[{"href":"https:\/\/pesquisas.face.ufmg.br\/necop\/wp-json\/wp\/v2\/pages"}],"about":[{"href":"https:\/\/pesquisas.face.ufmg.br\/necop\/wp-json\/wp\/v2\/types\/page"}],"author":[{"embeddable":true,"href":"https:\/\/pesquisas.face.ufmg.br\/necop\/wp-json\/wp\/v2\/users\/1"}],"replies":[{"embeddable":true,"href":"https:\/\/pesquisas.face.ufmg.br\/necop\/wp-json\/wp\/v2\/comments?post=2"}],"version-history":[{"count":1,"href":"https:\/\/pesquisas.face.ufmg.br\/necop\/wp-json\/wp\/v2\/pages\/2\/revisions"}],"predecessor-version":[{"id":6,"href":"https:\/\/pesquisas.face.ufmg.br\/necop\/wp-json\/wp\/v2\/pages\/2\/revisions\/6"}],"wp:attachment":[{"href":"https:\/\/pesquisas.face.ufmg.br\/necop\/wp-json\/wp\/v2\/media?parent=2"}],"curies":[{"name":"wp","href":"https:\/\/api.w.org\/{rel}","templated":true}]}}