{"id":20,"date":"2015-11-12T13:31:03","date_gmt":"2015-11-12T13:31:03","guid":{"rendered":"http:\/\/pesquisas.face.ufmg.br\/necom\/?page_id=20"},"modified":"2015-11-12T13:31:03","modified_gmt":"2015-11-12T13:31:03","slug":"participantes","status":"publish","type":"page","link":"https:\/\/pesquisas.face.ufmg.br\/necom\/participantes\/","title":{"rendered":"Participantes"},"content":{"rendered":"<h3>Coordenador do N\u00facleo e L\u00edder de Projeto<\/h3>\n<p>Professor Dr. Ant\u00f4nio Luiz Marques<\/p>\n<p>Contato: 031-3409-7042<\/p>\n<h3>Pesquisadores<\/h3>\n<p>Professor Dr. Ant\u00f4nio Luiz Marques<\/p>\n<p>Professor Dr. Ant\u00f4nio Del Maestro Filho<\/p>\n<p>Professor Dr. Devanir Vieira Dias<\/p>\n<p>Professor Dr. Luciano Zille Pereira<\/p>\n<p>Professora Dra. Renata Sim\u00f5es Guimar\u00e3es e Borges<\/p>\n<h3>Pesquisadores Associados de Outros N\u00facleos do CEPEAD<\/h3>\n<p>Professor Dr. Carlos Alberto Gon\u00e7alves<\/p>\n<p>Professor Dr. Ivan Beck Ckagnazaroff<\/p>\n<h3>Pesquisadores Colaboradores de Outras Institui\u00e7\u00f5es em Projetos Conjuntos (PRONEX)<\/h3>\n<p>Professor Dr. Ant\u00f4nio Virg\u00edlio Bittencourt Bastos (UFBA)<\/p>\n<p>Professor Dr. Jairo Eduardo Borges-Andrade (UNB)<\/p>\n<p>Professor Dr. L\u00facio Fl\u00e1vio Renault de Moraes (CNPq e UNIPEL)<\/p>\n","protected":false},"excerpt":{"rendered":"<p>Coordenador do N\u00facleo e L\u00edder de Projeto Professor Dr. Ant\u00f4nio Luiz Marques Contato: 031-3409-7042 Pesquisadores Professor Dr. Ant\u00f4nio Luiz Marques Professor Dr. Ant\u00f4nio Del Maestro Filho Professor Dr. Devanir Vieira &hellip; <a href=\"https:\/\/pesquisas.face.ufmg.br\/necom\/participantes\/\" class=\"more-link\">Continue reading <span class=\"screen-reader-text\">Participantes<\/span><\/a><\/p>\n","protected":false},"author":1,"featured_media":0,"parent":0,"menu_order":0,"comment_status":"closed","ping_status":"closed","template":"","meta":{"_crdt_document":"","_exactmetrics_skip_tracking":false,"_exactmetrics_sitenote_active":false,"_exactmetrics_sitenote_note":"","_exactmetrics_sitenote_category":0,"footnotes":""},"class_list":["post-20","page","type-page","status-publish","hentry"],"_links":{"self":[{"href":"https:\/\/pesquisas.face.ufmg.br\/necom\/wp-json\/wp\/v2\/pages\/20","targetHints":{"allow":["GET"]}}],"collection":[{"href":"https:\/\/pesquisas.face.ufmg.br\/necom\/wp-json\/wp\/v2\/pages"}],"about":[{"href":"https:\/\/pesquisas.face.ufmg.br\/necom\/wp-json\/wp\/v2\/types\/page"}],"author":[{"embeddable":true,"href":"https:\/\/pesquisas.face.ufmg.br\/necom\/wp-json\/wp\/v2\/users\/1"}],"replies":[{"embeddable":true,"href":"https:\/\/pesquisas.face.ufmg.br\/necom\/wp-json\/wp\/v2\/comments?post=20"}],"version-history":[{"count":1,"href":"https:\/\/pesquisas.face.ufmg.br\/necom\/wp-json\/wp\/v2\/pages\/20\/revisions"}],"predecessor-version":[{"id":22,"href":"https:\/\/pesquisas.face.ufmg.br\/necom\/wp-json\/wp\/v2\/pages\/20\/revisions\/22"}],"wp:attachment":[{"href":"https:\/\/pesquisas.face.ufmg.br\/necom\/wp-json\/wp\/v2\/media?parent=20"}],"curies":[{"name":"wp","href":"https:\/\/api.w.org\/{rel}","templated":true}]}}