{"id":39,"date":"2018-08-22T11:18:02","date_gmt":"2018-08-22T14:18:02","guid":{"rendered":"http:\/\/pesquisas.face.ufmg.br\/jeanmonnet\/?page_id=39"},"modified":"2018-10-22T15:26:36","modified_gmt":"2018-10-22T17:26:36","slug":"modulo-jm-2015-2018","status":"publish","type":"page","link":"https:\/\/pesquisas.face.ufmg.br\/jeanmonnet\/modulo-jm-2015-2018\/","title":{"rendered":"M\u00f3dulo Jean Monnet: 2015-8"},"content":{"rendered":"\n<p class=\"wp-block-paragraph\"><\/p>\n\n\n\n<p class=\"wp-block-paragraph\">Sob o abrigo do <a href=\"https:\/\/www.ufmg.br\/dri\/centros-de-internacionalizacao-e-redes\/centro-de-estudos-brasil-europa\/\">Centro de Estudos Europeus<\/a> e tendo como n\u00facleo principal de suas atividades a <a href=\"http:\/\/www.face.ufmg.br\/\">Faculdade de Ci\u00eancias Econ\u00f4micas<\/a>, funcionou entre 2015 e 2018 o M\u00f3dulo Jean Monnet, co-financiado pelo <a href=\"http:\/\/ec.europa.eu\/programmes\/erasmus-plus\/\">Programa Erasmus+ da Comiss\u00e3o Europeia<\/a>. O M\u00f3dulo, cujo tema geral foi \u201cTheory and Policy in the formation of the European Union: a model for economic integration?\u201d (ThePoEU), marcou o in\u00edcio da colabora\u00e7\u00e3o da <a href=\"https:\/\/ufmg.br\">UFMG<\/a> com a Uni\u00e3o Europeia na promo\u00e7\u00e3o de atividades de ensino e pesquisa no campo dos estudos sobre a \u00a0integra\u00e7\u00e3o Europeia.<\/p>\n\n\n\n<p class=\"wp-block-paragraph\"><a href=\"https:\/\/jeanmonnetufmg.wordpress.com\">Aqui<\/a> voc\u00ea encontrar\u00e1 todas as informa\u00e7\u00f5es sobre as atividades desenvolvidas no \u00e2mbito do M\u00f3dulo!<\/p>\n\n\n\n<p class=\"wp-block-paragraph\"><br \/><\/p>\n\n\n\n<div class=\"wp-block-image\"><figure class=\"alignright is-resized\"><img loading=\"lazy\" decoding=\"async\" src=\"http:\/\/pesquisas.face.ufmg.br\/jeanmonnet\/wp-content\/uploads\/sites\/25\/2018\/10\/eu_flag_co_funded_pos_rgb_left-1.jpg\" alt=\"\" class=\"wp-image-164\" width=\"360\" height=\"103\" srcset=\"https:\/\/pesquisas.face.ufmg.br\/jeanmonnet\/wp-content\/uploads\/sites\/25\/2018\/10\/eu_flag_co_funded_pos_rgb_left-1.jpg 1964w, https:\/\/pesquisas.face.ufmg.br\/jeanmonnet\/wp-content\/uploads\/sites\/25\/2018\/10\/eu_flag_co_funded_pos_rgb_left-1-300x86.jpg 300w, https:\/\/pesquisas.face.ufmg.br\/jeanmonnet\/wp-content\/uploads\/sites\/25\/2018\/10\/eu_flag_co_funded_pos_rgb_left-1-768x219.jpg 768w, https:\/\/pesquisas.face.ufmg.br\/jeanmonnet\/wp-content\/uploads\/sites\/25\/2018\/10\/eu_flag_co_funded_pos_rgb_left-1-1024x292.jpg 1024w, https:\/\/pesquisas.face.ufmg.br\/jeanmonnet\/wp-content\/uploads\/sites\/25\/2018\/10\/eu_flag_co_funded_pos_rgb_left-1-500x143.jpg 500w\" sizes=\"auto, (max-width: 360px) 100vw, 360px\" \/><\/figure><\/div>\n","protected":false},"excerpt":{"rendered":"<p>Sob o abrigo do Centro de Estudos Europeus e tendo como n\u00facleo principal de suas atividades a Faculdade de Ci\u00eancias Econ\u00f4micas, funcionou entre 2015 e 2018 o M\u00f3dulo Jean Monnet, [&hellip;]<\/p>\n","protected":false},"author":25,"featured_media":0,"parent":0,"menu_order":0,"comment_status":"closed","ping_status":"closed","template":"","meta":{"_crdt_document":"","_exactmetrics_skip_tracking":false,"_exactmetrics_sitenote_active":false,"_exactmetrics_sitenote_note":"","_exactmetrics_sitenote_category":0,"footnotes":""},"class_list":["post-39","page","type-page","status-publish","hentry"],"_links":{"self":[{"href":"https:\/\/pesquisas.face.ufmg.br\/jeanmonnet\/wp-json\/wp\/v2\/pages\/39","targetHints":{"allow":["GET"]}}],"collection":[{"href":"https:\/\/pesquisas.face.ufmg.br\/jeanmonnet\/wp-json\/wp\/v2\/pages"}],"about":[{"href":"https:\/\/pesquisas.face.ufmg.br\/jeanmonnet\/wp-json\/wp\/v2\/types\/page"}],"author":[{"embeddable":true,"href":"https:\/\/pesquisas.face.ufmg.br\/jeanmonnet\/wp-json\/wp\/v2\/users\/25"}],"replies":[{"embeddable":true,"href":"https:\/\/pesquisas.face.ufmg.br\/jeanmonnet\/wp-json\/wp\/v2\/comments?post=39"}],"version-history":[{"count":5,"href":"https:\/\/pesquisas.face.ufmg.br\/jeanmonnet\/wp-json\/wp\/v2\/pages\/39\/revisions"}],"predecessor-version":[{"id":165,"href":"https:\/\/pesquisas.face.ufmg.br\/jeanmonnet\/wp-json\/wp\/v2\/pages\/39\/revisions\/165"}],"wp:attachment":[{"href":"https:\/\/pesquisas.face.ufmg.br\/jeanmonnet\/wp-json\/wp\/v2\/media?parent=39"}],"curies":[{"name":"wp","href":"https:\/\/api.w.org\/{rel}","templated":true}]}}