{"id":294,"date":"2023-12-26T09:50:35","date_gmt":"2023-12-26T12:50:35","guid":{"rendered":"https:\/\/pesquisas.face.ufmg.br\/jeanmonnet\/?page_id=294"},"modified":"2024-10-15T10:43:30","modified_gmt":"2024-10-15T13:43:30","slug":"podcast","status":"publish","type":"page","link":"https:\/\/pesquisas.face.ufmg.br\/jeanmonnet\/podcast\/","title":{"rendered":"Podcast"},"content":{"rendered":"\n<p class=\"wp-block-paragraph\"><strong>Podcast Europa em Perspectiva<\/strong><\/p>\n\n\n\n<p class=\"wp-block-paragraph\">O podcast&nbsp;<strong>Europa em Perspectiva<\/strong>&nbsp;\u00e9 resultado de um projeto de inicia\u00e7\u00e3o cient\u00edfica orientado pelo Prof. Alexandre Mendes Cunha, e desenvolvido no \u00e2mbito da C\u00e1tedra Jean Monnet de Estudos Europeus, sediada na Faculdade de Ci\u00eancias Econ\u00f4micas da Universidade Federal de Minas Gerais. A proposta do podcast \u00e9 oferecer discuss\u00f5es acerca de temas contempor\u00e2neos relacionados \u00e0 Uni\u00e3o Europeia, com o objetivo de difundir a tem\u00e1tica de estudos europeus!&nbsp;<\/p>\n\n\n\n<p class=\"wp-block-paragraph\">O apresentador do podcast \u00e9 o estudante de gradua\u00e7\u00e3o e pesquisador discente respons\u00e1vel pelo projeto de inicia\u00e7\u00e3o cient\u00edfica, Arthur Mansur, e, a cada epis\u00f3dio, um(a) especialista da tem\u00e1tica abordada ser\u00e1 convidado(a) para discutir o assunto com o estudante.<\/p>\n\n\n\n<p class=\"wp-block-paragraph\">Ou\u00e7a agora!<\/p>\n\n\n\n<p class=\"wp-block-paragraph\"><\/p>\n\n\n\n<p class=\"wp-block-paragraph\"><strong>Epis\u00f3dio 01 (Acordo de Associa\u00e7\u00e3o Birregional entre o Mercosul e a Uni\u00e3o Europeia)<\/strong><\/p>\n\n\n\n<figure class=\"wp-block-embed is-type-rich is-provider-spotify wp-block-embed-spotify wp-embed-aspect-21-9 wp-has-aspect-ratio\"><div class=\"wp-block-embed__wrapper\">\n<iframe title=\"Spotify Embed: Europa em Perspectiva \" style=\"border-radius: 12px\" width=\"100%\" height=\"152\" frameborder=\"0\" allowfullscreen allow=\"autoplay; clipboard-write; encrypted-media; fullscreen; picture-in-picture\" loading=\"lazy\" src=\"https:\/\/open.spotify.com\/embed\/show\/6WPLLFmJ3x6kxFNaCm0jnj?utm_source=oembed\"><\/iframe>\n<\/div><\/figure>\n\n\n\n<div class=\"wp-block-group\"><div class=\"wp-block-group__inner-container is-layout-constrained wp-block-group-is-layout-constrained\"><\/div><\/div>\n\n\n\n<p class=\"wp-block-paragraph\">Para o primeiro epis\u00f3dio, a tem\u00e1tica escolhida foi o Acordo de Associa\u00e7\u00e3o Birregional entre a Uni\u00e3o Europeia e o Mercosul, que ganhou muita evid\u00eancia midi\u00e1tica ap\u00f3s o an\u00fancio de conclus\u00e3o da negocia\u00e7\u00e3o do pilar comercial em 2019. A especialista convidada para o epis\u00f3dio foi a Professora Doutora Patr\u00edcia Nasser de Carvalho, que \u00e9 docente do quadro permanente da Faculdade de Ci\u00eancias Econ\u00f4micas da Universidade Federal de Minas Gerais, e que possui, como interesses de pesquisa, as \u00e1reas de com\u00e9rcio internacional, negocia\u00e7\u00f5es internacionais, blocos econ\u00f4micos e projetos de integra\u00e7\u00e3o regional.<\/p>\n\n\n\n<p class=\"wp-block-paragraph\">Ao longo de quarenta minutos de conversa entre o estudante e a professora, foram tratados pontos espec\u00edficos da negocia\u00e7\u00e3o do acordo, mas tamb\u00e9m foi feita uma an\u00e1lise mais ampla que considerou, por exemplo, fatores como o componente pol\u00edtico entre as duas regi\u00f5es, as rela\u00e7\u00f5es geopol\u00edticas contempor\u00e2neas entre a Uni\u00e3o Europeia e o Mercosul, e, tamb\u00e9m, os impactos econ\u00f4micos que o acordo ter\u00e1 nas economias regionais.<\/p>\n\n\n\n<p class=\"wp-block-paragraph\"><\/p>\n\n\n\n<p class=\"wp-block-paragraph\"><\/p>\n\n\n\n<p class=\"wp-block-paragraph\"><\/p>\n\n\n\n<p class=\"wp-block-paragraph\"><strong>Epis\u00f3dio 02 (A invas\u00e3o russa \u00e0 Ucr\u00e2nia em fevereiro de 2022, e os impactos do conflito para a Uni\u00e3o Europeia)<\/strong><\/p>\n\n\n\n<figure class=\"wp-block-embed is-type-rich is-provider-spotify wp-block-embed-spotify wp-embed-aspect-21-9 wp-has-aspect-ratio\"><div class=\"wp-block-embed__wrapper\">\n<iframe title=\"Spotify Embed: Europa em Perspectiva #2: A invas\u00e3o russa \u00e0 Ucr\u00e2nia em fevereiro de 2022, e os impactos do conflito para a Uni\u00e3o Europeia.\" style=\"border-radius: 12px\" width=\"100%\" height=\"152\" frameborder=\"0\" allowfullscreen allow=\"autoplay; clipboard-write; encrypted-media; fullscreen; picture-in-picture\" loading=\"lazy\" src=\"https:\/\/open.spotify.com\/embed\/episode\/4XIZPyrD9R6Kg7sb1CfSVI?si=LuUHfn1sScGFbzRAzz5iXQ&#038;utm_source=oembed\"><\/iframe>\n<\/div><\/figure>\n\n\n\n<p class=\"wp-block-paragraph\">Para o segundo epis\u00f3dio, a tem\u00e1tica escolhida foi a invas\u00e3o russa \u00e0 Ucr\u00e2nia em fevereiro de 2022, e os impactos do conflito para a Uni\u00e3o Europeia. O especialista convidado para o epis\u00f3dio foi o Prof. Dr. Kai Enno Lehmann, que \u00e9 Professor Associado do Instituto de Rela\u00e7\u00f5es Internacionais da Universidade de S\u00e3o Paulo, e que possui, como \u00e1reas de atua\u00e7\u00e3o, os temas de pol\u00edticas externas, complexidade, Uni\u00e3o Europeia e integra\u00e7\u00e3o regional. Ao longo de quarenta e cinco minutos de conversa entre o estudante e o professor, foram tratados pontos espec\u00edficos dos dez anos do conflito russo-ucraniano, considerando seu in\u00edcio ap\u00f3s a anexa\u00e7\u00e3o russa da pen\u00ednsula da Crimeia, em mar\u00e7o de 2014. A \u00eanfase dada foi nas respostas da Uni\u00e3o Europeia, sobretudo no campo financeiro e militar, e em um aspecto comparativo, diferenciando as rea\u00e7\u00f5es tidas em 2014 e as do per\u00edodo posterior a fevereiro de 2022. Al\u00e9m disso, foi feita tamb\u00e9m uma an\u00e1lise mais ampla que considerou, por exemplo, a depend\u00eancia ucraniana do suporte de Washington, as consequ\u00eancias das elei\u00e7\u00f5es presidenciais dos Estados Unidos em 2024, assim como, os impactos, para a Uni\u00e3o Europeia, de uma eventual derrota de Kyiv contra Moscou no campo de batalha.<\/p>\n\n\n\n<p class=\"wp-block-paragraph\"><\/p>\n\n\n\n<p class=\"wp-block-paragraph\"><\/p>\n\n\n\n<p class=\"wp-block-paragraph\"><strong>Epis\u00f3dio 03 (The economics of the European Union integration project)<\/strong><\/p>\n\n\n\n<figure class=\"wp-block-embed is-type-rich is-provider-spotify wp-block-embed-spotify wp-embed-aspect-21-9 wp-has-aspect-ratio\"><div class=\"wp-block-embed__wrapper\">\n<iframe title=\"Spotify Embed: Europa em Perspectiva #3: The economics of the European Union integration project.\" style=\"border-radius: 12px\" width=\"100%\" height=\"152\" frameborder=\"0\" allowfullscreen allow=\"autoplay; clipboard-write; encrypted-media; fullscreen; picture-in-picture\" loading=\"lazy\" src=\"https:\/\/open.spotify.com\/embed\/episode\/0E8DgH1sz8bi7jKMGN5y7y?utm_source=oembed\"><\/iframe>\n<\/div><\/figure>\n\n\n\n<p class=\"wp-block-paragraph\">For this third episode, the chosen topic was the economics of the European Union integration project, with a focus on the contemporary economic challenges faced by the bloc. The specialist invited to the episode was Professor Fabio Masini, who is a Full Professor of the Department of Political Science at the Roma Tre University in Italy, and who is also a Jean Monnet Chair of European Economic Governance. Professor Masini\u2019s main fields of research include European and international economic and monetary integration, as well as economic policy and public intervention in the economy.<br>Over the course of around forty-five minutes of conversation, the student and the professor have talked about specific topics regarding the economic governance within the European Union, as well as its main contemporary challenges. The questions raised by the student have considered historical events in the almost 75-year long period of European integration, from the official launch of the common currency in Europe at the turn of the 21st century, to the most recent crises such as the COVID-19 pandemic, in 2020, and the Russian invasion of Ukraine, in 2022. In addition, Professor Masini has also brought interesting points to the conversation regarding the EU\u2019s strategies to navigate in the most urgent trends in geoeconomics.<\/p>\n\n\n\n<p class=\"wp-block-paragraph\"><\/p>\n\n\n\n<p class=\"wp-block-paragraph\"><strong>Epis\u00f3dio 04 (As elei\u00e7\u00f5es do Parlamento Europeu, e a nova configura\u00e7\u00e3o pol\u00edtica da Uni\u00e3o Europeia)<\/strong><\/p>\n\n\n\n<figure class=\"wp-block-embed is-type-rich is-provider-spotify wp-block-embed-spotify wp-embed-aspect-21-9 wp-has-aspect-ratio\"><div class=\"wp-block-embed__wrapper\">\n<iframe title=\"Spotify Embed: Europa em Perspectiva #4: As elei\u00e7\u00f5es do Parlamento Europeu, e a nova configura\u00e7\u00e3o pol\u00edtica da Uni\u00e3o Europeia.\" style=\"border-radius: 12px\" width=\"100%\" height=\"152\" frameborder=\"0\" allowfullscreen allow=\"autoplay; clipboard-write; encrypted-media; fullscreen; picture-in-picture\" loading=\"lazy\" src=\"https:\/\/open.spotify.com\/embed\/episode\/4CuVcQPCn8S5Mae8SUO3eb?si=08c5c0c28c6e429e&#038;utm_source=oembed\"><\/iframe>\n<\/div><\/figure>\n\n\n\n<p class=\"wp-block-paragraph\">Para o quarto epis\u00f3dio, a tem\u00e1tica escolhida foi uma discuss\u00e3o sobre as recentes elei\u00e7\u00f5es do Parlamento Europeu, de junho de 2024, e os impactos da nova configura\u00e7\u00e3o pol\u00edtica da Uni\u00e3o Europeia para os pr\u00f3ximos cinco anos. A especialista convidada para o epis\u00f3dio foi a Profa. Dra. Andrea Ribeiro Hoffmann, que \u00e9 Professor Associada do Instituto de Rela\u00e7\u00f5es Internacionais da Pontif\u00edcia Universidade Cat\u00f3lica do Rio de Janeiro (PUC Rio), e que possui, como \u00e1reas de atua\u00e7\u00e3o e pesquisa, os temas de legitimidade e democracia a pol\u00edtica internacional, organiza\u00e7\u00f5es internacionais, e integra\u00e7\u00e3o regional na Am\u00e9rica Latina e Europa. Ao longo de cinquenta minutos de conversa entre o estudante e a professora, foram tratados pontos espec\u00edficos das compet\u00eancias atuais do Parlamento Europeu, considerando. para isso, o desenvolvimento hist\u00f3rico da institui\u00e7\u00e3o da Uni\u00e3o Europeia. Al\u00e9m disso, foi feita tamb\u00e9m uma an\u00e1lise mais ampla sobre os principais resultados eleitorais observados em junho de 2024, abordando, sobretudo, o desempenho dos diferentes grupos e partidos pol\u00edticos. Por fim, o debate contemplou tamb\u00e9m os poss\u00edveis desdobramentos destas elei\u00e7\u00f5es parlamentares supranacionais para as negocia\u00e7\u00f5es em vigor entre o Mercosul e a Uni\u00e3o Europeia, assim como as implica\u00e7\u00f5es desta nova configura\u00e7\u00e3o pol\u00edtica do bloco para as futuras rela\u00e7\u00f5es com o Brasil.<\/p>\n\n\n\n<p class=\"wp-block-paragraph\">Refer\u00eancias utilizadas:<br>BBC NEWS. Ursula von der Leyen secures five more years in top EU job. Disponivel em:<br><a href=\"https:\/\/www.bbc.com\/news\/articles\/cw5yg6dpOgxo\">https:\/\/www.bbc.com\/news\/articles\/cw5yg6dpOgxo<\/a>.<\/p>\n\n\n\n<p class=\"wp-block-paragraph\">DEUTSCHE WELLE. EU-Mercosur: Will the trade negotiation saga ever end? Dispon\u00edvel em: <a href=\"https:\/\/www.dw.com\/en\/eu-mercosur-will-the-trade-negotiation-saga-ever-end\/a-68432918\">https:\/\/www.dw.com\/en\/eu-mercosur-will-the-trade-negotiation-saga-ever-end\/a-68432918<\/a><\/p>\n\n\n\n<p class=\"wp-block-paragraph\">EUROPEAN COMMISSION. Towards a New Commission (2024-2029). Dispon\u00edvel em:<br><a href=\"https:\/\/commission.europa.eu\/about-european-commission\/towards-new-commission-2024-2029_en\">https:\/\/commission.europa.eu\/about-european-commission\/towards-new-commission-2024-2029_en<\/a><\/p>\n\n\n\n<p class=\"wp-block-paragraph\">EUROPEAN PARLIAMENT THINK TANK. Timeline to new EU institutional leadership. Dispon\u00edvel em: <a href=\"https:\/\/www.europarl.europa.eu\/thinktank\/en\/document\/EPRS_ATA(2024)76229\">https:\/\/www.europarl.europa.eu\/thinktank\/en\/document\/EPRS_ATA(2024)76229<\/a><\/p>\n\n\n\n<p class=\"wp-block-paragraph\">EUROPEAN PARLIAMENT. Results by national party. France- Official Results. Dispon\u00edvel em: <a href=\"https:\/\/results.elections.europa.eu\/en\/france\/\">https:\/\/results.elections.europa.eu\/en\/france\/<\/a><\/p>\n\n\n\n<p class=\"wp-block-paragraph\">EUROPEAN PARLIAMENT. Results by national party. Germany &#8211; Official Results. Dispon\u00edvel em: <a href=\"https:\/\/results.elections.europa.eu\/en\/germany\/\">https:\/\/results.elections.europa.eu\/en\/germany\/<\/a><\/p>\n\n\n\n<p class=\"wp-block-paragraph\">EUROPEAN PARLIAMENT. Results by national party. Italy Official Results. Dispon\u00edvel em: <a href=\"https:\/\/results.elections.europa.eu\/en\/italy\/\">https:\/\/results.elections.europa.eu\/en\/italy\/<\/a><\/p>\n\n\n\n<p class=\"wp-block-paragraph\">EUROPEAN UNION. EP Spring 2024 Survey: Use your vote Countdown to the European elections. Dispon\u00edvel em: <a href=\"https:\/\/europa.eu\/eurobarometer\/surveys\/detail\/3272\">https:\/\/europa.eu\/eurobarometer\/surveys\/detail\/3272<\/a><\/p>\n\n\n\n<p class=\"wp-block-paragraph\">UNI\u00c3O EUROPEIA. Tipos de institui\u00e7\u00f5es e organismos Dispon\u00edvel em: <a href=\"https:\/\/european-union.europa.eu\/institutions-law-budget\/institutions-and-bodies\/types-institutions-and-bodies_pt\">https:\/\/european-union.europa.eu\/institutions-law-budget\/institutions-and-bodies\/types-institutions-and-bodies_pt<\/a><\/p>\n\n\n\n<p class=\"wp-block-paragraph\"><\/p>\n","protected":false},"excerpt":{"rendered":"<p>Podcast Europa em Perspectiva O podcast&nbsp;Europa em Perspectiva&nbsp;\u00e9 resultado de um projeto de inicia\u00e7\u00e3o cient\u00edfica orientado pelo Prof. Alexandre Mendes Cunha, e desenvolvido no \u00e2mbito da C\u00e1tedra Jean Monnet de [&hellip;]<\/p>\n","protected":false},"author":25,"featured_media":0,"parent":0,"menu_order":0,"comment_status":"closed","ping_status":"closed","template":"","meta":{"_crdt_document":"","_exactmetrics_skip_tracking":false,"_exactmetrics_sitenote_active":false,"_exactmetrics_sitenote_note":"","_exactmetrics_sitenote_category":0,"footnotes":""},"class_list":["post-294","page","type-page","status-publish","hentry"],"_links":{"self":[{"href":"https:\/\/pesquisas.face.ufmg.br\/jeanmonnet\/wp-json\/wp\/v2\/pages\/294","targetHints":{"allow":["GET"]}}],"collection":[{"href":"https:\/\/pesquisas.face.ufmg.br\/jeanmonnet\/wp-json\/wp\/v2\/pages"}],"about":[{"href":"https:\/\/pesquisas.face.ufmg.br\/jeanmonnet\/wp-json\/wp\/v2\/types\/page"}],"author":[{"embeddable":true,"href":"https:\/\/pesquisas.face.ufmg.br\/jeanmonnet\/wp-json\/wp\/v2\/users\/25"}],"replies":[{"embeddable":true,"href":"https:\/\/pesquisas.face.ufmg.br\/jeanmonnet\/wp-json\/wp\/v2\/comments?post=294"}],"version-history":[{"count":8,"href":"https:\/\/pesquisas.face.ufmg.br\/jeanmonnet\/wp-json\/wp\/v2\/pages\/294\/revisions"}],"predecessor-version":[{"id":383,"href":"https:\/\/pesquisas.face.ufmg.br\/jeanmonnet\/wp-json\/wp\/v2\/pages\/294\/revisions\/383"}],"wp:attachment":[{"href":"https:\/\/pesquisas.face.ufmg.br\/jeanmonnet\/wp-json\/wp\/v2\/media?parent=294"}],"curies":[{"name":"wp","href":"https:\/\/api.w.org\/{rel}","templated":true}]}}