{"id":88,"date":"2018-08-28T18:05:47","date_gmt":"2018-08-28T21:05:47","guid":{"rendered":"http:\/\/pesquisas.face.ufmg.br\/gppd\/?page_id=88"},"modified":"2019-01-24T09:27:36","modified_gmt":"2019-01-24T11:27:36","slug":"mudanca-estrutural-e-crescimento","status":"publish","type":"page","link":"https:\/\/pesquisas.face.ufmg.br\/gppd\/projetos\/mudanca-estrutural-e-crescimento\/","title":{"rendered":"Estrutura Produtiva, Com\u00e9rcio e Crescimento"},"content":{"rendered":"\n<p class=\"has-text-color has-normal-font-size has-very-dark-gray-color wp-block-paragraph\">A mudan\u00e7a da estrutura produtiva ocupa lugar central na teoria do desenvolvimento econ\u00f4mico. Embora m\u00faltiplas abordagens identifiquem diferentes entraves ao desenvolvimento, e ressaltem diferentes estrat\u00e9gias para superar a condi\u00e7\u00e3o de subdesenvolvimento, h\u00e1 um consider\u00e1vel consenso a respeito da import\u00e2ncia de transformar a estrutura produtiva da economia, aumentando a produ\u00e7\u00e3o de bens manufaturados de maior conte\u00fado tecnol\u00f3gico e reduzindo a produ\u00e7\u00e3o de bens prim\u00e1rios e manufaturas de baixa tecnologia.<\/p>\n\n\n\n<p class=\"has-text-color has-normal-font-size has-very-dark-gray-color wp-block-paragraph\">A linha de pesquisa em <em>Estrutura Produtiva, Com\u00e9rcio e Crescimento<\/em>&nbsp;busca investigar as diferentes formas como a mudan\u00e7a da estrutura produtiva dos pa\u00edses pode afetar sua taxa de crescimento e outras vari\u00e1veis econ\u00f4micas do pa\u00eds.&nbsp;<\/p>\n\n\n\n<p class=\"has-text-color has-very-dark-gray-color wp-block-paragraph\">A linha de pesquisa em\u00a0<em>Estrutura Produtiva, Com\u00e9rcio e Crescimento<\/em>\u00a0\u00e9 composta pelos professores <em>Jo\u00e3o Romero<\/em> (Coordenador), <em>Fabr\u00edcio Missio<\/em>, <em>Frederico\u00a0Gonzaga, Gustavo Britto\u00a0<\/em>e <em>Rafael Ribeiro<\/em>, e pelo doutorando <em>Fabr\u00edcio Silveira<\/em>.<\/p>\n\n\n\n<p class=\"has-text-color has-very-dark-gray-color wp-block-paragraph\"><strong>TEMAS ABORDADOS&nbsp;<\/strong><\/p>\n\n\n\n<ul class=\"wp-block-list\"><li><span style=\"color: #000000\">Taxa de c\u00e2mbio, distribui\u00e7\u00e3o, com\u00e9rcio e crescimento;<\/span><\/li><\/ul>\n\n\n\n<ul class=\"wp-block-list\"><li><span style=\"color: #000000\">Mudan\u00e7a estrutural, com\u00e9rcio e crescimento com restri\u00e7\u00e3o do balan\u00e7o-de-pagamentos;<\/span><\/li><\/ul>\n\n\n\n<ul class=\"wp-block-list\"><li><span style=\"color: #000000\">Diferen\u00e7as de produtividade setorial e seus determinantes.<\/span><\/li><\/ul>\n\n\n\n<p class=\"wp-block-paragraph\"><\/p>\n","protected":false},"excerpt":{"rendered":"<p>A mudan\u00e7a da estrutura produtiva ocupa lugar central na teoria do desenvolvimento econ\u00f4mico. Embora m\u00faltiplas abordagens identifiquem diferentes entraves ao desenvolvimento, e ressaltem diferentes estrat\u00e9gias para superar a condi\u00e7\u00e3o de&hellip; <br \/> <a class=\"read-more\" href=\"https:\/\/pesquisas.face.ufmg.br\/gppd\/projetos\/mudanca-estrutural-e-crescimento\/\">Leia mais<\/a><\/p>\n","protected":false},"author":24,"featured_media":0,"parent":19,"menu_order":0,"comment_status":"closed","ping_status":"closed","template":"","meta":{"_crdt_document":"","_exactmetrics_skip_tracking":false,"_exactmetrics_sitenote_active":false,"_exactmetrics_sitenote_note":"","_exactmetrics_sitenote_category":0,"footnotes":""},"class_list":["post-88","page","type-page","status-publish","hentry"],"_links":{"self":[{"href":"https:\/\/pesquisas.face.ufmg.br\/gppd\/wp-json\/wp\/v2\/pages\/88","targetHints":{"allow":["GET"]}}],"collection":[{"href":"https:\/\/pesquisas.face.ufmg.br\/gppd\/wp-json\/wp\/v2\/pages"}],"about":[{"href":"https:\/\/pesquisas.face.ufmg.br\/gppd\/wp-json\/wp\/v2\/types\/page"}],"author":[{"embeddable":true,"href":"https:\/\/pesquisas.face.ufmg.br\/gppd\/wp-json\/wp\/v2\/users\/24"}],"replies":[{"embeddable":true,"href":"https:\/\/pesquisas.face.ufmg.br\/gppd\/wp-json\/wp\/v2\/comments?post=88"}],"version-history":[{"count":44,"href":"https:\/\/pesquisas.face.ufmg.br\/gppd\/wp-json\/wp\/v2\/pages\/88\/revisions"}],"predecessor-version":[{"id":2394,"href":"https:\/\/pesquisas.face.ufmg.br\/gppd\/wp-json\/wp\/v2\/pages\/88\/revisions\/2394"}],"up":[{"embeddable":true,"href":"https:\/\/pesquisas.face.ufmg.br\/gppd\/wp-json\/wp\/v2\/pages\/19"}],"wp:attachment":[{"href":"https:\/\/pesquisas.face.ufmg.br\/gppd\/wp-json\/wp\/v2\/media?parent=88"}],"curies":[{"name":"wp","href":"https:\/\/api.w.org\/{rel}","templated":true}]}}

Estrutura Produtiva, Comércio e Crescimento

<p class="has-text-color has-normal-font-size has-very-dark-gray-color wp-block-paragraph">A mudança da estrutura produtiva ocupa lugar central na teoria do desenvolvimento econômico. Embora múltiplas abordagens identifiquem diferentes entraves ao desenvolvimento, e ressaltem diferentes estratégias para superar a condição de subdesenvolvimento, há um considerável consenso a respeito da importância de transformar a estrutura produtiva da economia, aumentando a produção de bens manufaturados de maior conteúdo tecnológico e reduzindo a produção de bens primários e manufaturas de baixa tecnologia.</p>



<p class="has-text-color has-normal-font-size has-very-dark-gray-color wp-block-paragraph">A linha de pesquisa em <em>Estrutura Produtiva, Comércio e Crescimento</em>&nbsp;busca investigar as diferentes formas como a mudança da estrutura produtiva dos países pode afetar sua taxa de crescimento e outras variáveis econômicas do país.&nbsp;</p>



<p class="has-text-color has-very-dark-gray-color wp-block-paragraph">A linha de pesquisa em <em>Estrutura Produtiva, Comércio e Crescimento</em> é composta pelos professores <em>João Romero</em> (Coordenador), <em>Fabrício Missio</em>, <em>Frederico Gonzaga, Gustavo Britto </em>e <em>Rafael Ribeiro</em>, e pelo doutorando <em>Fabrício Silveira</em>.</p>



<p class="has-text-color has-very-dark-gray-color wp-block-paragraph"><strong>TEMAS ABORDADOS&nbsp;</strong></p>



<ul class="wp-block-list"><li><span style="color: #000000">Taxa de câmbio, distribuição, comércio e crescimento;</span></li></ul>



<ul class="wp-block-list"><li><span style="color: #000000">Mudança estrutural, comércio e crescimento com restrição do balanço-de-pagamentos;</span></li></ul>



<ul class="wp-block-list"><li><span style="color: #000000">Diferenças de produtividade setorial e seus determinantes.</span></li></ul>



<p class="wp-block-paragraph"></p>

<p>A mudança da estrutura produtiva ocupa lugar central na teoria do desenvolvimento econômico. Embora múltiplas abordagens identifiquem diferentes entraves ao desenvolvimento, e ressaltem diferentes estratégias para superar a condição de&hellip; <br /> <a class="read-more" href="https://pesquisas.face.ufmg.br/gppd/projetos/mudanca-estrutural-e-crescimento/">Leia mais</a></p>
