{"id":2997,"date":"2019-05-31T16:56:36","date_gmt":"2019-05-31T19:56:36","guid":{"rendered":"http:\/\/pesquisas.face.ufmg.br\/gppd\/?page_id=2997"},"modified":"2019-06-04T15:13:06","modified_gmt":"2019-06-04T18:13:06","slug":"publicacoes-2","status":"publish","type":"page","link":"https:\/\/pesquisas.face.ufmg.br\/gppd\/publicacoes-2\/","title":{"rendered":"Publica\u00e7\u00f5es"},"content":{"rendered":"<p><span style=\"color: #000000\">A<\/span><span style=\"color: #000000\">l\u00e9m de <a href=\"https:\/\/pesquisas.face.ufmg.br\/gppd\/publicacoes-2\/publicacoes\/\" rel=\"noopener noreferrer\">artigos cient\u00edficos<\/a>, confira <a href=\"https:\/\/pesquisas.face.ufmg.br\/gppd\/publicacoes-2\/artigos-de-jornal\/\" rel=\"noopener noreferrer\">artigos de jornal<\/a>, <a href=\"https:\/\/pesquisas.face.ufmg.br\/gppd\/publicacoes-2\/notas-tecnicas\/\" rel=\"noopener noreferrer\">notas t\u00e9cnicas<\/a> e <a href=\"https:\/\/pesquisas.face.ufmg.br\/gppd\/publicacoes-2\/cartas-de-conjuntura\/\" rel=\"noopener noreferrer\">boletins de conjuntura<\/a>.<\/span><\/p>\n\n\n<p class=\"wp-block-paragraph\"><\/p>\n","protected":false},"excerpt":{"rendered":"<p>Al\u00e9m de artigos cient\u00edficos, confira artigos de jornal, notas t\u00e9cnicas e boletins de conjuntura.<\/p>\n","protected":false},"author":24,"featured_media":0,"parent":0,"menu_order":3,"comment_status":"closed","ping_status":"closed","template":"","meta":{"_crdt_document":"","_exactmetrics_skip_tracking":false,"_exactmetrics_sitenote_active":false,"_exactmetrics_sitenote_note":"","_exactmetrics_sitenote_category":0,"footnotes":""},"class_list":["post-2997","page","type-page","status-publish","hentry"],"_links":{"self":[{"href":"https:\/\/pesquisas.face.ufmg.br\/gppd\/wp-json\/wp\/v2\/pages\/2997","targetHints":{"allow":["GET"]}}],"collection":[{"href":"https:\/\/pesquisas.face.ufmg.br\/gppd\/wp-json\/wp\/v2\/pages"}],"about":[{"href":"https:\/\/pesquisas.face.ufmg.br\/gppd\/wp-json\/wp\/v2\/types\/page"}],"author":[{"embeddable":true,"href":"https:\/\/pesquisas.face.ufmg.br\/gppd\/wp-json\/wp\/v2\/users\/24"}],"replies":[{"embeddable":true,"href":"https:\/\/pesquisas.face.ufmg.br\/gppd\/wp-json\/wp\/v2\/comments?post=2997"}],"version-history":[{"count":6,"href":"https:\/\/pesquisas.face.ufmg.br\/gppd\/wp-json\/wp\/v2\/pages\/2997\/revisions"}],"predecessor-version":[{"id":3114,"href":"https:\/\/pesquisas.face.ufmg.br\/gppd\/wp-json\/wp\/v2\/pages\/2997\/revisions\/3114"}],"wp:attachment":[{"href":"https:\/\/pesquisas.face.ufmg.br\/gppd\/wp-json\/wp\/v2\/media?parent=2997"}],"curies":[{"name":"wp","href":"https:\/\/api.w.org\/{rel}","templated":true}]}}