{"id":29,"date":"2018-06-13T16:42:57","date_gmt":"2018-06-13T19:42:57","guid":{"rendered":"http:\/\/pesquisas.face.ufmg.br\/gems\/?page_id=29"},"modified":"2018-06-23T12:43:50","modified_gmt":"2018-06-23T15:43:50","slug":"membros","status":"publish","type":"page","link":"https:\/\/pesquisas.face.ufmg.br\/gems\/membros\/","title":{"rendered":"Membros"},"content":{"rendered":"<h3>UNIVERSIDADE FEDERAL DE MINAS GERAIS (UFMG)<\/h3>\n<p><strong>Professores e Pesquisadores<\/strong><\/p>\n<ul>\n<li>Bernardo Lanza Queiroz (<a href=\"http:\/\/lattes.cnpq.br\/7581282834093314\">Curr\u00edculo Lattes<\/a>) &#8211; Departamento de Demografia<\/li>\n<li>Cassio Maldonado Turra (<a href=\"http:\/\/lattes.cnpq.br\/3731419801596355\">Curr\u00edculo Lattes<\/a>) &#8211; Departamento de Demografia<\/li>\n<li>Daisy Maria Xavier de Abreu (<a href=\"http:\/\/lattes.cnpq.br\/4373323577617220\">Curr\u00edculo Lattes<\/a>) &#8211; Departamento de Medicina<\/li>\n<li>Elisabeth Barboza Fran\u00e7a\u00a0(<a href=\"http:\/\/lattes.cnpq.br\/7527639560141499\">Curr\u00edculo Lattes<\/a>) &#8211; Departamento de Medicina<\/li>\n<li>Fl\u00e1vio Chaimowicz\u00a0(<a href=\"http:\/\/lattes.cnpq.br\/2715866314558632\">Curr\u00edculo Lattes<\/a>) &#8211; Departamento de Medicina<\/li>\n<\/ul>\n<p><strong>Alunos de p\u00f3s-gradua\u00e7\u00e3o<\/strong><\/p>\n<ul>\n<li>Fabiano Neves Alves Pereira (<a href=\"http:\/\/lattes.cnpq.br\/4472846538647208\">Curr\u00edculo Lattes<\/a>) &#8211; Departamento de Demografia<\/li>\n<li>J\u00falia Almeida Calazans (<a href=\"http:\/\/lattes.cnpq.br\/2483151820225289\">Curr\u00edculo Lattes<\/a>) &#8211; Departamento de Demografia<\/li>\n<li>Pedro Cisalpino Pinheiro\u00a0(<a href=\"http:\/\/lattes.cnpq.br\/4112941966532902\">Curr\u00edculo Lattes<\/a>) &#8211; Departamento de Demografia<\/li>\n<li>Rafaella de Oliveira Carnevali\u00a0(<a href=\"http:\/\/lattes.cnpq.br\/0402761394597210\">Curr\u00edculo Lattes<\/a>) &#8211; Departamento de Demografia<\/li>\n<\/ul>\n<h3>PESQUISADORES AFILIADOS<\/h3>\n<p><strong>Am\u00e9rica Latina<\/strong><\/p>\n<ul>\n<li>Ana Maria Nogales Vasconcelos<\/li>\n<li>Antonio Benedito Marangone Camargo<\/li>\n<li>Everton Emanuel Campos de Lima<\/li>\n<li>Marcos Roberto Gonzaga<\/li>\n<li>Marilia Miranda Forte Gomes<\/li>\n<li>Moema Gon\u00e7alves Bueno F\u00edgoli<\/li>\n<li>Neir Antunes Paes<\/li>\n<li>Pamila Cristina Lima Siviero<\/li>\n<li>Paulo S\u00e9rgio Lucio<\/li>\n<li>Roberto do Nascimento Rodrigues<\/li>\n<li>Rodrigo Caetano Arantes<\/li>\n<\/ul>\n<p><strong>Am\u00e9rica do Norte<\/strong><\/p>\n<ul>\n<li>Carla Jorge Machado<\/li>\n<\/ul>\n<p><strong>Europa<\/strong><\/p>\n<ul>\n<li>Marilia Regina Nepomuceno<\/li>\n<li>Vanessa Gabrielle Di Lego Gon\u00e7alves<\/li>\n<\/ul>\n<p><strong>\u00c1sia<\/strong><\/p>\n","protected":false},"excerpt":{"rendered":"<p>UNIVERSIDADE FEDERAL DE MINAS GERAIS (UFMG) Professores e Pesquisadores Bernardo Lanza Queiroz (Curr\u00edculo Lattes) &#8211; Departamento de Demografia Cassio Maldonado Turra (Curr\u00edculo Lattes) &#8211; Departamento de Demografia Daisy Maria Xavier [&hellip;]<\/p>\n","protected":false},"author":22,"featured_media":0,"parent":0,"menu_order":0,"comment_status":"closed","ping_status":"closed","template":"","meta":{"_crdt_document":"","_exactmetrics_skip_tracking":false,"_exactmetrics_sitenote_active":false,"_exactmetrics_sitenote_note":"","_exactmetrics_sitenote_category":0,"footnotes":""},"class_list":["post-29","page","type-page","status-publish","hentry"],"_links":{"self":[{"href":"https:\/\/pesquisas.face.ufmg.br\/gems\/wp-json\/wp\/v2\/pages\/29","targetHints":{"allow":["GET"]}}],"collection":[{"href":"https:\/\/pesquisas.face.ufmg.br\/gems\/wp-json\/wp\/v2\/pages"}],"about":[{"href":"https:\/\/pesquisas.face.ufmg.br\/gems\/wp-json\/wp\/v2\/types\/page"}],"author":[{"embeddable":true,"href":"https:\/\/pesquisas.face.ufmg.br\/gems\/wp-json\/wp\/v2\/users\/22"}],"replies":[{"embeddable":true,"href":"https:\/\/pesquisas.face.ufmg.br\/gems\/wp-json\/wp\/v2\/comments?post=29"}],"version-history":[{"count":6,"href":"https:\/\/pesquisas.face.ufmg.br\/gems\/wp-json\/wp\/v2\/pages\/29\/revisions"}],"predecessor-version":[{"id":91,"href":"https:\/\/pesquisas.face.ufmg.br\/gems\/wp-json\/wp\/v2\/pages\/29\/revisions\/91"}],"wp:attachment":[{"href":"https:\/\/pesquisas.face.ufmg.br\/gems\/wp-json\/wp\/v2\/media?parent=29"}],"curies":[{"name":"wp","href":"https:\/\/api.w.org\/{rel}","templated":true}]}}