{"id":19,"date":"2018-06-13T13:48:11","date_gmt":"2018-06-13T16:48:11","guid":{"rendered":"http:\/\/pesquisas.face.ufmg.br\/gems\/?page_id=19"},"modified":"2018-06-23T17:33:42","modified_gmt":"2018-06-23T20:33:42","slug":"pesquisas","status":"publish","type":"page","link":"https:\/\/pesquisas.face.ufmg.br\/gems\/pesquisas\/","title":{"rendered":"Pesquisas"},"content":{"rendered":"<p><strong>Os principais interesses de pesquisa s\u00e3o:<\/strong><\/p>\n<ul>\n<li>Mortalidade neonatal e infantil;<\/li>\n<li>N\u00edveis e diferenciais da mortalidade adulta e mortalidade geral;<\/li>\n<li>Morbidade e sa\u00fade da popula\u00e7\u00e3o idosa, considerando tamb\u00e9m aspectos biodemogr\u00e1ficos relacionados com o aumento da esperan\u00e7a de vida (total e saud\u00e1vel);<\/li>\n<li>Sobreviv\u00eancia nas idades avan\u00e7adas;<\/li>\n<li>Avalia\u00e7\u00e3o da qualidade de dados de mortalidade e sa\u00fade, desenvolvimento de alternativas metodol\u00f3gicas e de bases de dados para o estudo do problema;<\/li>\n<li>Combina\u00e7\u00e3o de t\u00e9cnicas demogr\u00e1ficas e estat\u00edsticas;<\/li>\n<\/ul>\n","protected":false},"excerpt":{"rendered":"<p>Os principais interesses de pesquisa s\u00e3o: Mortalidade neonatal e infantil; N\u00edveis e diferenciais da mortalidade adulta e mortalidade geral; Morbidade e sa\u00fade da popula\u00e7\u00e3o idosa, considerando tamb\u00e9m aspectos biodemogr\u00e1ficos relacionados [&hellip;]<\/p>\n","protected":false},"author":22,"featured_media":0,"parent":0,"menu_order":0,"comment_status":"closed","ping_status":"closed","template":"","meta":{"_crdt_document":"","_exactmetrics_skip_tracking":false,"_exactmetrics_sitenote_active":false,"_exactmetrics_sitenote_note":"","_exactmetrics_sitenote_category":0,"footnotes":""},"class_list":["post-19","page","type-page","status-publish","hentry"],"_links":{"self":[{"href":"https:\/\/pesquisas.face.ufmg.br\/gems\/wp-json\/wp\/v2\/pages\/19","targetHints":{"allow":["GET"]}}],"collection":[{"href":"https:\/\/pesquisas.face.ufmg.br\/gems\/wp-json\/wp\/v2\/pages"}],"about":[{"href":"https:\/\/pesquisas.face.ufmg.br\/gems\/wp-json\/wp\/v2\/types\/page"}],"author":[{"embeddable":true,"href":"https:\/\/pesquisas.face.ufmg.br\/gems\/wp-json\/wp\/v2\/users\/22"}],"replies":[{"embeddable":true,"href":"https:\/\/pesquisas.face.ufmg.br\/gems\/wp-json\/wp\/v2\/comments?post=19"}],"version-history":[{"count":7,"href":"https:\/\/pesquisas.face.ufmg.br\/gems\/wp-json\/wp\/v2\/pages\/19\/revisions"}],"predecessor-version":[{"id":98,"href":"https:\/\/pesquisas.face.ufmg.br\/gems\/wp-json\/wp\/v2\/pages\/19\/revisions\/98"}],"wp:attachment":[{"href":"https:\/\/pesquisas.face.ufmg.br\/gems\/wp-json\/wp\/v2\/media?parent=19"}],"curies":[{"name":"wp","href":"https:\/\/api.w.org\/{rel}","templated":true}]}}