{"id":564,"date":"2022-03-25T17:35:47","date_gmt":"2022-03-25T20:35:47","guid":{"rendered":"https:\/\/pesquisas.face.ufmg.br\/ecult\/?page_id=564"},"modified":"2022-06-15T14:13:56","modified_gmt":"2022-06-15T17:13:56","slug":"inscricoes","status":"publish","type":"page","link":"https:\/\/pesquisas.face.ufmg.br\/ecult\/siec2022\/inscricoes\/","title":{"rendered":"Inscri\u00e7\u00f5es"},"content":{"rendered":"<div class=\"wp-block-image\">\n<figure class=\"aligncenter size-medium\"><img loading=\"lazy\" decoding=\"async\" width=\"300\" height=\"186\" src=\"https:\/\/pesquisas.face.ufmg.br\/ecult\/wp-content\/uploads\/sites\/32\/2022\/06\/marca-completa-final-1_siec-2022_colorida-300x186.png\" alt=\"logo_siec_oficial\" class=\"wp-image-798\" srcset=\"https:\/\/pesquisas.face.ufmg.br\/ecult\/wp-content\/uploads\/sites\/32\/2022\/06\/marca-completa-final-1_siec-2022_colorida-300x186.png 300w, https:\/\/pesquisas.face.ufmg.br\/ecult\/wp-content\/uploads\/sites\/32\/2022\/06\/marca-completa-final-1_siec-2022_colorida-1024x636.png 1024w, https:\/\/pesquisas.face.ufmg.br\/ecult\/wp-content\/uploads\/sites\/32\/2022\/06\/marca-completa-final-1_siec-2022_colorida-768x477.png 768w, https:\/\/pesquisas.face.ufmg.br\/ecult\/wp-content\/uploads\/sites\/32\/2022\/06\/marca-completa-final-1_siec-2022_colorida-1536x954.png 1536w, https:\/\/pesquisas.face.ufmg.br\/ecult\/wp-content\/uploads\/sites\/32\/2022\/06\/marca-completa-final-1_siec-2022_colorida-2048x1273.png 2048w\" sizes=\"auto, (max-width: 300px) 100vw, 300px\" \/><\/figure>\n<\/div>\n\n<div class=\"wp-block-image\">\n<figure class=\"aligncenter size-large\"><img loading=\"lazy\" decoding=\"async\" width=\"1024\" height=\"130\" src=\"https:\/\/pesquisas.face.ufmg.br\/ecult\/wp-content\/uploads\/sites\/32\/2022\/06\/barra-de-logos_SIEC22_PNG-1024x130.png\" alt=\"\" class=\"wp-image-796\" srcset=\"https:\/\/pesquisas.face.ufmg.br\/ecult\/wp-content\/uploads\/sites\/32\/2022\/06\/barra-de-logos_SIEC22_PNG-1024x130.png 1024w, https:\/\/pesquisas.face.ufmg.br\/ecult\/wp-content\/uploads\/sites\/32\/2022\/06\/barra-de-logos_SIEC22_PNG-300x38.png 300w, https:\/\/pesquisas.face.ufmg.br\/ecult\/wp-content\/uploads\/sites\/32\/2022\/06\/barra-de-logos_SIEC22_PNG-768x97.png 768w, https:\/\/pesquisas.face.ufmg.br\/ecult\/wp-content\/uploads\/sites\/32\/2022\/06\/barra-de-logos_SIEC22_PNG-1536x194.png 1536w, https:\/\/pesquisas.face.ufmg.br\/ecult\/wp-content\/uploads\/sites\/32\/2022\/06\/barra-de-logos_SIEC22_PNG.png 1754w\" sizes=\"auto, (max-width: 1024px) 100vw, 1024px\" \/><\/figure>\n<\/div>\n\n\n<div class=\"wp-block-columns is-layout-flex wp-container-core-columns-is-layout-7387b849 wp-block-columns-is-layout-flex\">\n<div class=\"wp-block-column is-layout-flow wp-block-column-is-layout-flow\">\n<p class=\"wp-block-paragraph\"><strong>Portugu\u00eas:<\/strong><\/p>\n\n\n\n<ul class=\"wp-block-list\"><li>Inscri\u00e7\u00f5es at\u00e9 <strong>30\/04\/2022<\/strong>: <ul><li>Estudantes de gradua\u00e7\u00e3o: R$ 25,00 (U$ 5,00)<\/li><li>Estudantes de p\u00f3s-gradua\u00e7\u00e3o: R$ 50,00 (U$ 10,00)<\/li><li>Professores\/profissionais: R$ 175,00 (U$ 35,00) <\/li><\/ul><\/li><li>Inscri\u00e7\u00f5es de <strong>01\/05\/2022 at\u00e9 22\/06\/2022<\/strong>: <ul><li>Estudantes de gradua\u00e7\u00e3o: R$ 75,00 (U$ 15,00)<\/li><li>Estudantes de p\u00f3s-gradua\u00e7\u00e3o: R$ 100,00 (U$ 20,00)<\/li><li>Professores\/profissionais: R$ 300,00 (U$ 60,00) <\/li><\/ul><\/li><li>M\u00e9todos de pagamentos: Cr\u00e9dito ou Boleto<\/li><li>Por favor, leia o passo a passo (abaixo) para se inscrever<\/li><\/ul>\n<\/div>\n\n\n\n<div class=\"wp-block-column is-layout-flow wp-block-column-is-layout-flow\">\n<p class=\"wp-block-paragraph\"><strong>Espa\u00f1ol:<\/strong><\/p>\n\n\n\n<ul class=\"wp-block-list\"><li>Registro hasta el <strong>30\/04\/2022<\/strong>:<ul><li>Estudiantes de grado: R$ 25,00 (U$ 5,00)<\/li><li>Estudiantes de posgrado: R$ 50,00 (U$ 10,00)<\/li><li>Profesores\/Profesionales: R$ 175,00 (U$ 35,00)<\/li><\/ul><\/li><li>Registro del <strong>01\/05\/2022 al 22\/06\/2022<\/strong>:<ul><li>Estudiantes de grado: R$ 75,00 (U$ 15,00)<\/li><li>Estudiantes de posgrado: R$ 100,00 (U$ 20,00)<\/li><li>Profesores\/Profesionales: R$ 300,00 (U$ 60,00)<\/li><\/ul><\/li><li>Formas de pago: Cr\u00e9dito o Boleto<\/li><li>Por favor, lea el paso a paso (abajo) para registrarse<\/li><\/ul>\n\n\n\n<div class=\"wp-block-buttons is-layout-flex wp-block-buttons-is-layout-flex\"><\/div>\n<\/div>\n<\/div>\n\n\n\n<div class=\"wp-block-buttons is-content-justification-center is-layout-flex wp-container-core-buttons-is-layout-3e41869c wp-block-buttons-is-layout-flex\">\n<div class=\"wp-block-button has-custom-width wp-block-button__width-50 has-custom-font-size is-style-fill has-medium-font-size\"><a class=\"wp-block-button__link has-background\" href=\"https:\/\/ipead.conveniar.com.br\/Eventos\/Forms\/Servicos\/LoginInterno.aspx?action=181\" style=\"border-radius:100px;background:linear-gradient(90deg,rgb(14,63,0) 0%,rgb(254,45,45) 50%,rgb(107,0,62) 100%)\" target=\"_blank\" rel=\"noreferrer noopener\"><strong>Inscrever \/ Registrar<\/strong><\/a><\/div>\n<\/div>\n\n\n\n<p class=\"wp-block-paragraph\"><\/p>\n\n\n\n<hr class=\"wp-block-separator has-text-color has-accent-color has-alpha-channel-opacity has-accent-background-color has-background is-style-default\" \/>\n\n\n\n<p class=\"wp-block-paragraph\"><\/p>\n\n\n\n<div class=\"wp-block-columns is-layout-flex wp-container-core-columns-is-layout-7387b849 wp-block-columns-is-layout-flex\">\n<div class=\"wp-block-column is-layout-flow wp-block-column-is-layout-flow\">\n<div class=\"wp-block-buttons is-content-justification-center is-layout-flex wp-container-core-buttons-is-layout-3e41869c wp-block-buttons-is-layout-flex\">\n<div class=\"wp-block-button has-custom-width wp-block-button__width-50 is-style-fill\"><a class=\"wp-block-button__link has-background\" href=\"https:\/\/pesquisas.face.ufmg.br\/ecult\/wp-content\/uploads\/sites\/32\/2022\/03\/SIEC_2022_Guia-de-inscricoes_PT.pdf\" style=\"background-color:#0b3700\" target=\"_blank\" rel=\"noreferrer noopener\"><strong>Passo a Passo (Portugu\u00eas)<\/strong><\/a><\/div>\n\n\n\n<div class=\"wp-block-button has-custom-width wp-block-button__width-50 is-style-fill\"><a class=\"wp-block-button__link has-background\" href=\"https:\/\/pesquisas.face.ufmg.br\/ecult\/wp-content\/uploads\/sites\/32\/2022\/03\/SIEC_2022_Directrices_de_registro_internacional_ES.pdf\" style=\"background-color:#0b3700\" target=\"_blank\" rel=\"noreferrer noopener\"><strong>Paso a Paso (Espa\u00f1ol)<\/strong><\/a><\/div>\n<\/div>\n<\/div>\n<\/div>\n\n\n\n<p class=\"has-text-align-center wp-block-paragraph\"><strong>ATENCI\u00d3N<\/strong><\/p>\n\n\n\n<p class=\"wp-block-paragraph\" style=\"font-size:15px\">Se ruega a los <strong>solicitantes extranjeros<\/strong> que se pongan en contacto con la compa\u00f1\u00eda de su tarjeta de cr\u00e9dito para asegurarse de que est\u00e1n al tanto de cualquier bloqueo de pagos internacionales.<\/p>\n\n\n\n<p class=\"wp-block-paragraph\" style=\"font-size:15px\">Insistimos en que la Fundaci\u00f3n IPEAD no tiene autonom\u00eda para resolver los bloqueos con el operador de cr\u00e9dito, y los solicitantes deben ponerse en contacto con el operador.<\/p>\n\n\n\n<p class=\"wp-block-paragraph\" style=\"font-size:15px\">Informamos que por parte del IPEAD, se tomaron las medidas oportunas con Cielo de comunicaci\u00f3n de estas transacciones internacionales.<\/p>\n","protected":false},"excerpt":{"rendered":"<p>Portugu\u00eas: Inscri\u00e7\u00f5es at\u00e9 30\/04\/2022: Estudantes de gradua\u00e7\u00e3o: R$ 25,00 (U$ 5,00) Estudantes de p\u00f3s-gradua\u00e7\u00e3o: R$ 50,00 (U$ 10,00) Professores\/profissionais: R$ 175,00 (U$ 35,00) Inscri\u00e7\u00f5es de 01\/05\/2022 at\u00e9 22\/06\/2022: Estudantes de gradua\u00e7\u00e3o: R$ 75,00 (U$ 15,00) Estudantes de p\u00f3s-gradua\u00e7\u00e3o: R$ 100,00 (U$ 20,00) Professores\/profissionais: R$ 300,00 (U$ 60,00) M\u00e9todos de pagamentos: [&hellip;]<\/p>\n","protected":false},"author":33,"featured_media":0,"parent":41,"menu_order":0,"comment_status":"closed","ping_status":"closed","template":"","meta":{"_crdt_document":"","content-type":"","_exactmetrics_skip_tracking":false,"_exactmetrics_sitenote_active":false,"_exactmetrics_sitenote_note":"","_exactmetrics_sitenote_category":0,"footnotes":""},"class_list":["post-564","page","type-page","status-publish","hentry"],"_links":{"self":[{"href":"https:\/\/pesquisas.face.ufmg.br\/ecult\/wp-json\/wp\/v2\/pages\/564","targetHints":{"allow":["GET"]}}],"collection":[{"href":"https:\/\/pesquisas.face.ufmg.br\/ecult\/wp-json\/wp\/v2\/pages"}],"about":[{"href":"https:\/\/pesquisas.face.ufmg.br\/ecult\/wp-json\/wp\/v2\/types\/page"}],"author":[{"embeddable":true,"href":"https:\/\/pesquisas.face.ufmg.br\/ecult\/wp-json\/wp\/v2\/users\/33"}],"replies":[{"embeddable":true,"href":"https:\/\/pesquisas.face.ufmg.br\/ecult\/wp-json\/wp\/v2\/comments?post=564"}],"version-history":[{"count":23,"href":"https:\/\/pesquisas.face.ufmg.br\/ecult\/wp-json\/wp\/v2\/pages\/564\/revisions"}],"predecessor-version":[{"id":867,"href":"https:\/\/pesquisas.face.ufmg.br\/ecult\/wp-json\/wp\/v2\/pages\/564\/revisions\/867"}],"up":[{"embeddable":true,"href":"https:\/\/pesquisas.face.ufmg.br\/ecult\/wp-json\/wp\/v2\/pages\/41"}],"wp:attachment":[{"href":"https:\/\/pesquisas.face.ufmg.br\/ecult\/wp-json\/wp\/v2\/media?parent=564"}],"curies":[{"name":"wp","href":"https:\/\/api.w.org\/{rel}","templated":true}]}}