{"id":26,"date":"2018-07-13T18:37:33","date_gmt":"2018-07-13T21:37:33","guid":{"rendered":"http:\/\/pesquisas.face.ufmg.br\/economiasemlimites\/?page_id=26"},"modified":"2019-05-14T14:51:35","modified_gmt":"2019-05-14T17:51:35","slug":"escolas-participantes","status":"publish","type":"page","link":"https:\/\/pesquisas.face.ufmg.br\/economiasemlimites\/escolas-participantes\/","title":{"rendered":"Escolas Participantes"},"content":{"rendered":"<p><span style=\"color: #000000\">O Economia sem Limites possui acordo de colabora\u00e7\u00e3o com as seguintes institui\u00e7\u00f5es de ensino:<\/span><\/p>\n<ul>\n<li><span style=\"color: #000000\">Escola Estadual Professor Affonso Neves.<\/span><\/li>\n<li><span style=\"color: #000000\">Escola Estadual Tr\u00eas Poderes.<\/span><\/li>\n<\/ul>\n<p><span style=\"color: #000000\">Quer levar o Economia Sem Limites para a sua escola?<\/span><\/p>\n<p><span style=\"color: #000000\">Que tal organizar uma aula teste com a gente?<\/span><\/p>\n<p><span style=\"color: #000000\">Mande um e-mail para ecnsemlimites@gmail.com com o assunto &#8220;Quero o Economia Sem Limites na minha escola&#8221;.<\/span><\/p>\n","protected":false},"excerpt":{"rendered":"<p>O Economia sem Limites possui acordo de colabora\u00e7\u00e3o com as seguintes institui\u00e7\u00f5es de ensino: Escola Estadual Professor Affonso Neves. Escola Estadual Tr\u00eas Poderes. Quer levar o Economia Sem Limites para&hellip; <br \/> <a class=\"read-more\" href=\"https:\/\/pesquisas.face.ufmg.br\/economiasemlimites\/escolas-participantes\/\">Leia mais<\/a><\/p>\n","protected":false},"author":24,"featured_media":0,"parent":0,"menu_order":0,"comment_status":"closed","ping_status":"closed","template":"","meta":{"_crdt_document":"","_exactmetrics_skip_tracking":false,"_exactmetrics_sitenote_active":false,"_exactmetrics_sitenote_note":"","_exactmetrics_sitenote_category":0,"footnotes":""},"class_list":["post-26","page","type-page","status-publish","hentry"],"_links":{"self":[{"href":"https:\/\/pesquisas.face.ufmg.br\/economiasemlimites\/wp-json\/wp\/v2\/pages\/26","targetHints":{"allow":["GET"]}}],"collection":[{"href":"https:\/\/pesquisas.face.ufmg.br\/economiasemlimites\/wp-json\/wp\/v2\/pages"}],"about":[{"href":"https:\/\/pesquisas.face.ufmg.br\/economiasemlimites\/wp-json\/wp\/v2\/types\/page"}],"author":[{"embeddable":true,"href":"https:\/\/pesquisas.face.ufmg.br\/economiasemlimites\/wp-json\/wp\/v2\/users\/24"}],"replies":[{"embeddable":true,"href":"https:\/\/pesquisas.face.ufmg.br\/economiasemlimites\/wp-json\/wp\/v2\/comments?post=26"}],"version-history":[{"count":4,"href":"https:\/\/pesquisas.face.ufmg.br\/economiasemlimites\/wp-json\/wp\/v2\/pages\/26\/revisions"}],"predecessor-version":[{"id":146,"href":"https:\/\/pesquisas.face.ufmg.br\/economiasemlimites\/wp-json\/wp\/v2\/pages\/26\/revisions\/146"}],"wp:attachment":[{"href":"https:\/\/pesquisas.face.ufmg.br\/economiasemlimites\/wp-json\/wp\/v2\/media?parent=26"}],"curies":[{"name":"wp","href":"https:\/\/api.w.org\/{rel}","templated":true}]}}